{"id":1519,"date":"2020-11-12T17:23:02","date_gmt":"2020-11-12T20:23:02","guid":{"rendered":"https:\/\/ambipar.com\/latam\/?page_id=1519"},"modified":"2021-10-13T09:48:22","modified_gmt":"2021-10-13T12:48:22","slug":"residuos-con-poder-calorifico","status":"publish","type":"page","link":"https:\/\/ambipar.com\/latam\/ambipar-environment-2\/coprocesamiento\/residuos-con-poder-calorifico\/","title":{"rendered":"Residuos con poder calor\u00edfico"},"content":{"rendered":"\n<p>Sustitutos del Combustible (residuos con poder calor\u00edfico):<\/p>\n\n\n\n<ul><li>Disolventes, residuos aceitosos y residuos textiles<\/li><li>Aceites usados \u200b\u200b(autom\u00f3vil y f\u00e1bricas)<\/li><li>Neum\u00e1ticos usados \u200b\u200by residuos de astillado de veh\u00edculos<\/li><li>Grasas, lodos de procesos qu\u00edmicos y de destilaci\u00f3n<\/li><li>Embalajes y residuos de caucho<\/li><li>Residuos de pl\u00e1stico, serr\u00edn y papel<\/li><li>Lodos de depuradora, huesos de animales y granos caducados<\/li><li>Residuos de la agroindustria<\/li><li>Combustibles derivados de residuos urbanos<\/li><\/ul>\n\n\n\n<p>Vea tambi\u00e9n:<\/p>\n\n\n\n<ul id=\"block-95e5864b-8f4b-4d86-9ab5-628d26af1769\"><li><a href=\"https:\/\/ambipar.com\/latam\/ambipar-environment\/gestao-e-valorizacao-de-residuos\/pesquisa-desenvolvimento-inovacao-pdi\/\"><\/a><a href=\"https:\/\/ambipar.com\/latam\/ambipar-environment-2\/coprocesamiento\/residuos-sin-poder-calorifico\/\">Residuos sin poder calor\u00edfico (Sustitutos de Materias Primas)<\/a><\/li><\/ul>\n\n\n\n<p><\/p>\n","protected":false},"excerpt":{"rendered":"Sustitutos del Combustible (residuos con poder calor\u00edfico): Disolventes, residuos aceitosos y residuos textiles Aceites usados \u200b\u200b(autom\u00f3vil y f\u00e1bricas) Neum\u00e1ticos usados \u200b\u200by residuos de astillado de veh\u00edculos Grasas, lodos de procesos qu\u00edmicos y de destilaci\u00f3n Embalajes y residuos de caucho Residuos de pl\u00e1stico, serr\u00edn y papel Lodos de depuradora, huesos de animales y granos caducados Residuos&#8230; <a class=\"view-article\" href=\"https:\/\/ambipar.com\/latam\/ambipar-environment-2\/coprocesamiento\/residuos-con-poder-calorifico\/\">Ver art\u00edculo<\/a>","protected":false},"author":1,"featured_media":246,"parent":1513,"menu_order":0,"comment_status":"closed","ping_status":"closed","template":"single-servicos.php","meta":[],"yoast_head":"<!-- This site is optimized with the Yoast SEO plugin v17.6 - https:\/\/yoast.com\/wordpress\/plugins\/seo\/ -->\n<title>Residuos con poder calor\u00edfico (Sustitutos de Combustibles)<\/title>\n<meta name=\"description\" content=\"Sustitutos de combustibles (residuos con poder calor\u00edfico): Disolventes, residuos aceitosos y residuos textiles, Aceites usados \u200b\u200b(autom\u00f3vil y f\u00e1bricas)\" \/>\n<meta name=\"robots\" content=\"index, follow, max-snippet:-1, max-image-preview:large, max-video-preview:-1\" \/>\n<link rel=\"canonical\" href=\"https:\/\/ambipar.com\/latam\/ambipar-environment-2\/coprocesamiento\/residuos-con-poder-calorifico\/\" \/>\n<meta property=\"og:locale\" content=\"es_ES\" \/>\n<meta property=\"og:type\" content=\"article\" \/>\n<meta property=\"og:title\" content=\"Residuos con poder calor\u00edfico (Sustitutos de Combustibles)\" \/>\n<meta property=\"og:description\" content=\"Sustitutos de combustibles (residuos con poder calor\u00edfico): Disolventes, residuos aceitosos y residuos textiles, Aceites usados \u200b\u200b(autom\u00f3vil y f\u00e1bricas)\" \/>\n<meta property=\"og:url\" content=\"https:\/\/ambipar.com\/latam\/ambipar-environment-2\/coprocesamiento\/residuos-con-poder-calorifico\/\" \/>\n<meta property=\"og:site_name\" content=\"Ambipar. A l\u00edder em gest\u00e3o ambiental.\" \/>\n<meta property=\"article:modified_time\" content=\"2021-10-13T12:48:22+00:00\" \/>\n<meta property=\"og:image\" content=\"https:\/\/ambipar.com\/latam\/wp-content\/uploads\/2020\/10\/reclagem.jpg\" \/>\n\t<meta property=\"og:image:width\" content=\"1010\" \/>\n\t<meta property=\"og:image:height\" content=\"804\" \/>\n<meta name=\"twitter:card\" content=\"summary_large_image\" \/>\n<meta name=\"twitter:label1\" content=\"Est. reading time\" \/>\n\t<meta name=\"twitter:data1\" content=\"1 minuto\" \/>\n<script type=\"application\/ld+json\" class=\"yoast-schema-graph\">{\"@context\":\"https:\/\/schema.org\",\"@graph\":[{\"@type\":\"Organization\",\"@id\":\"https:\/\/ambipar.com\/latam\/#organization\",\"name\":\"Ambipar\",\"url\":\"https:\/\/ambipar.com\/latam\/\",\"sameAs\":[],\"logo\":{\"@type\":\"ImageObject\",\"@id\":\"https:\/\/ambipar.com\/latam\/#logo\",\"inLanguage\":\"es-CL\",\"url\":\"https:\/\/ambipar.com\/latam\/wp-content\/uploads\/2020\/10\/ambipar_color.png\",\"contentUrl\":\"https:\/\/ambipar.com\/latam\/wp-content\/uploads\/2020\/10\/ambipar_color.png\",\"width\":174,\"height\":107,\"caption\":\"Ambipar\"},\"image\":{\"@id\":\"https:\/\/ambipar.com\/latam\/#logo\"}},{\"@type\":\"WebSite\",\"@id\":\"https:\/\/ambipar.com\/latam\/#website\",\"url\":\"https:\/\/ambipar.com\/latam\/\",\"name\":\"Ambipar. A l\\u00edder em gest\\u00e3o ambiental.\",\"description\":\"Pioneira em solu\\u00e7\\u00f5es ambientais, a Ambipar atua em todo o territ\\u00f3rio nacional oferecendo solu\\u00e7\\u00f5es integradas para toda a cadeia de neg\\u00f3cio.\",\"publisher\":{\"@id\":\"https:\/\/ambipar.com\/latam\/#organization\"},\"potentialAction\":[{\"@type\":\"SearchAction\",\"target\":{\"@type\":\"EntryPoint\",\"urlTemplate\":\"https:\/\/ambipar.com\/latam\/?s={search_term_string}\"},\"query-input\":\"required name=search_term_string\"}],\"inLanguage\":\"es-CL\"},{\"@type\":\"ImageObject\",\"@id\":\"https:\/\/ambipar.com\/latam\/ambipar-environment-2\/coprocesamiento\/residuos-con-poder-calorifico\/#primaryimage\",\"inLanguage\":\"es-CL\",\"url\":\"https:\/\/ambipar.com\/latam\/wp-content\/uploads\/2020\/10\/reclagem.jpg\",\"contentUrl\":\"https:\/\/ambipar.com\/latam\/wp-content\/uploads\/2020\/10\/reclagem.jpg\",\"width\":1010,\"height\":804,\"caption\":\"reciclagem\"},{\"@type\":\"WebPage\",\"@id\":\"https:\/\/ambipar.com\/latam\/ambipar-environment-2\/coprocesamiento\/residuos-con-poder-calorifico\/#webpage\",\"url\":\"https:\/\/ambipar.com\/latam\/ambipar-environment-2\/coprocesamiento\/residuos-con-poder-calorifico\/\",\"name\":\"Residuos con poder calor\\u00edfico (Sustitutos de Combustibles)\",\"isPartOf\":{\"@id\":\"https:\/\/ambipar.com\/latam\/#website\"},\"primaryImageOfPage\":{\"@id\":\"https:\/\/ambipar.com\/latam\/ambipar-environment-2\/coprocesamiento\/residuos-con-poder-calorifico\/#primaryimage\"},\"datePublished\":\"2020-11-12T20:23:02+00:00\",\"dateModified\":\"2021-10-13T12:48:22+00:00\",\"description\":\"Sustitutos de combustibles (residuos con poder calor\\u00edfico): Disolventes, residuos aceitosos y residuos textiles, Aceites usados \\u200b\\u200b(autom\\u00f3vil y f\\u00e1bricas)\",\"breadcrumb\":{\"@id\":\"https:\/\/ambipar.com\/latam\/ambipar-environment-2\/coprocesamiento\/residuos-con-poder-calorifico\/#breadcrumb\"},\"inLanguage\":\"es-CL\",\"potentialAction\":[{\"@type\":\"ReadAction\",\"target\":[\"https:\/\/ambipar.com\/latam\/ambipar-environment-2\/coprocesamiento\/residuos-con-poder-calorifico\/\"]}]},{\"@type\":\"BreadcrumbList\",\"@id\":\"https:\/\/ambipar.com\/latam\/ambipar-environment-2\/coprocesamiento\/residuos-con-poder-calorifico\/#breadcrumb\",\"itemListElement\":[{\"@type\":\"ListItem\",\"position\":1,\"name\":\"Home\",\"item\":\"https:\/\/ambipar.com\/latam\/\"},{\"@type\":\"ListItem\",\"position\":2,\"name\":\"Ambipar Environment\",\"item\":\"https:\/\/ambipar.com\/latam\/ambipar-environment-2\/\"},{\"@type\":\"ListItem\",\"position\":3,\"name\":\"Coprocesamiento\",\"item\":\"https:\/\/ambipar.com\/latam\/ambipar-environment-2\/coprocesamiento\/\"},{\"@type\":\"ListItem\",\"position\":4,\"name\":\"Residuos con poder calor\\u00edfico\"}]}]}<\/script>\n<!-- \/ Yoast SEO plugin. -->","yoast_head_json":{"title":"Residuos con poder calor\u00edfico (Sustitutos de Combustibles)","description":"Sustitutos de combustibles (residuos con poder calor\u00edfico): Disolventes, residuos aceitosos y residuos textiles, Aceites usados \u200b\u200b(autom\u00f3vil y f\u00e1bricas)","robots":{"index":"index","follow":"follow","max-snippet":"max-snippet:-1","max-image-preview":"max-image-preview:large","max-video-preview":"max-video-preview:-1"},"canonical":"https:\/\/ambipar.com\/latam\/ambipar-environment-2\/coprocesamiento\/residuos-con-poder-calorifico\/","og_locale":"es_ES","og_type":"article","og_title":"Residuos con poder calor\u00edfico (Sustitutos de Combustibles)","og_description":"Sustitutos de combustibles (residuos con poder calor\u00edfico): Disolventes, residuos aceitosos y residuos textiles, Aceites usados \u200b\u200b(autom\u00f3vil y f\u00e1bricas)","og_url":"https:\/\/ambipar.com\/latam\/ambipar-environment-2\/coprocesamiento\/residuos-con-poder-calorifico\/","og_site_name":"Ambipar. A l\u00edder em gest\u00e3o ambiental.","article_modified_time":"2021-10-13T12:48:22+00:00","og_image":[{"width":1010,"height":804,"url":"https:\/\/ambipar.com\/latam\/wp-content\/uploads\/2020\/10\/reclagem.jpg","type":"image\/jpeg"}],"twitter_card":"summary_large_image","twitter_misc":{"Est. reading time":"1 minuto"},"schema":{"@context":"https:\/\/schema.org","@graph":[{"@type":"Organization","@id":"https:\/\/ambipar.com\/latam\/#organization","name":"Ambipar","url":"https:\/\/ambipar.com\/latam\/","sameAs":[],"logo":{"@type":"ImageObject","@id":"https:\/\/ambipar.com\/latam\/#logo","inLanguage":"es-CL","url":"https:\/\/ambipar.com\/latam\/wp-content\/uploads\/2020\/10\/ambipar_color.png","contentUrl":"https:\/\/ambipar.com\/latam\/wp-content\/uploads\/2020\/10\/ambipar_color.png","width":174,"height":107,"caption":"Ambipar"},"image":{"@id":"https:\/\/ambipar.com\/latam\/#logo"}},{"@type":"WebSite","@id":"https:\/\/ambipar.com\/latam\/#website","url":"https:\/\/ambipar.com\/latam\/","name":"Ambipar. A l\u00edder em gest\u00e3o ambiental.","description":"Pioneira em solu\u00e7\u00f5es ambientais, a Ambipar atua em todo o territ\u00f3rio nacional oferecendo solu\u00e7\u00f5es integradas para toda a cadeia de neg\u00f3cio.","publisher":{"@id":"https:\/\/ambipar.com\/latam\/#organization"},"potentialAction":[{"@type":"SearchAction","target":{"@type":"EntryPoint","urlTemplate":"https:\/\/ambipar.com\/latam\/?s={search_term_string}"},"query-input":"required name=search_term_string"}],"inLanguage":"es-CL"},{"@type":"ImageObject","@id":"https:\/\/ambipar.com\/latam\/ambipar-environment-2\/coprocesamiento\/residuos-con-poder-calorifico\/#primaryimage","inLanguage":"es-CL","url":"https:\/\/ambipar.com\/latam\/wp-content\/uploads\/2020\/10\/reclagem.jpg","contentUrl":"https:\/\/ambipar.com\/latam\/wp-content\/uploads\/2020\/10\/reclagem.jpg","width":1010,"height":804,"caption":"reciclagem"},{"@type":"WebPage","@id":"https:\/\/ambipar.com\/latam\/ambipar-environment-2\/coprocesamiento\/residuos-con-poder-calorifico\/#webpage","url":"https:\/\/ambipar.com\/latam\/ambipar-environment-2\/coprocesamiento\/residuos-con-poder-calorifico\/","name":"Residuos con poder calor\u00edfico (Sustitutos de Combustibles)","isPartOf":{"@id":"https:\/\/ambipar.com\/latam\/#website"},"primaryImageOfPage":{"@id":"https:\/\/ambipar.com\/latam\/ambipar-environment-2\/coprocesamiento\/residuos-con-poder-calorifico\/#primaryimage"},"datePublished":"2020-11-12T20:23:02+00:00","dateModified":"2021-10-13T12:48:22+00:00","description":"Sustitutos de combustibles (residuos con poder calor\u00edfico): Disolventes, residuos aceitosos y residuos textiles, Aceites usados \u200b\u200b(autom\u00f3vil y f\u00e1bricas)","breadcrumb":{"@id":"https:\/\/ambipar.com\/latam\/ambipar-environment-2\/coprocesamiento\/residuos-con-poder-calorifico\/#breadcrumb"},"inLanguage":"es-CL","potentialAction":[{"@type":"ReadAction","target":["https:\/\/ambipar.com\/latam\/ambipar-environment-2\/coprocesamiento\/residuos-con-poder-calorifico\/"]}]},{"@type":"BreadcrumbList","@id":"https:\/\/ambipar.com\/latam\/ambipar-environment-2\/coprocesamiento\/residuos-con-poder-calorifico\/#breadcrumb","itemListElement":[{"@type":"ListItem","position":1,"name":"Home","item":"https:\/\/ambipar.com\/latam\/"},{"@type":"ListItem","position":2,"name":"Ambipar Environment","item":"https:\/\/ambipar.com\/latam\/ambipar-environment-2\/"},{"@type":"ListItem","position":3,"name":"Coprocesamiento","item":"https:\/\/ambipar.com\/latam\/ambipar-environment-2\/coprocesamiento\/"},{"@type":"ListItem","position":4,"name":"Residuos con poder calor\u00edfico"}]}]}},"_links":{"self":[{"href":"https:\/\/ambipar.com\/latam\/wp-json\/wp\/v2\/pages\/1519"}],"collection":[{"href":"https:\/\/ambipar.com\/latam\/wp-json\/wp\/v2\/pages"}],"about":[{"href":"https:\/\/ambipar.com\/latam\/wp-json\/wp\/v2\/types\/page"}],"author":[{"embeddable":true,"href":"https:\/\/ambipar.com\/latam\/wp-json\/wp\/v2\/users\/1"}],"replies":[{"embeddable":true,"href":"https:\/\/ambipar.com\/latam\/wp-json\/wp\/v2\/comments?post=1519"}],"version-history":[{"count":5,"href":"https:\/\/ambipar.com\/latam\/wp-json\/wp\/v2\/pages\/1519\/revisions"}],"predecessor-version":[{"id":4131,"href":"https:\/\/ambipar.com\/latam\/wp-json\/wp\/v2\/pages\/1519\/revisions\/4131"}],"up":[{"embeddable":true,"href":"https:\/\/ambipar.com\/latam\/wp-json\/wp\/v2\/pages\/1513"}],"wp:featuredmedia":[{"embeddable":true,"href":"https:\/\/ambipar.com\/latam\/wp-json\/wp\/v2\/media\/246"}],"wp:attachment":[{"href":"https:\/\/ambipar.com\/latam\/wp-json\/wp\/v2\/media?parent=1519"}],"curies":[{"name":"wp","href":"https:\/\/api.w.org\/{rel}","templated":true}]}}