{"id":1522,"date":"2020-11-12T17:22:20","date_gmt":"2020-11-12T20:22:20","guid":{"rendered":"https:\/\/ambipar.com\/latam\/?page_id=1522"},"modified":"2021-10-11T12:20:16","modified_gmt":"2021-10-11T15:20:16","slug":"wastes-without-calorific-value","status":"publish","type":"page","link":"https:\/\/ambipar.com\/latam\/en\/ambipar-environment\/co-processing\/wastes-without-calorific-value\/","title":{"rendered":"Wastes without calorific value"},"content":{"rendered":"\n<p>Substitute for Raw Materials (wastes without calorific value):<\/p>\n\n\n\n<ul><li>Mud with alumina (aluminum)<\/li><li>Steel sludge (iron)<\/li><li>Foundry sand (silica)<\/li><li>Filtration grounds (silica)<\/li><li>Used refractories (aluminum)<\/li><li>Wastes from the manufacture of glass (fluorine)<\/li><li>Plaster, Ashes and Slag<\/li><li>Waste from oil well drilling<\/li><li>Contaminated soils from gas stations<\/li><\/ul>\n\n\n\n<p>See too:<\/p>\n\n\n\n<ul><li><a href=\"\/coprocessamento\/residuos-com-poder-calorifico\/\">Wastes with calorific value (Substitute for Fuel)<\/a><\/li><\/ul>\n","protected":false},"excerpt":{"rendered":"Substitute for Raw Materials (wastes without calorific value): Mud with alumina (aluminum) Steel sludge (iron) Foundry sand (silica) Filtration grounds (silica) Used refractories (aluminum) Wastes from the manufacture of glass (fluorine) Plaster, Ashes and Slag Waste from oil well drilling Contaminated soils from gas stations See too: Wastes with calorific value (Substitute for Fuel)","protected":false},"author":1,"featured_media":215,"parent":1510,"menu_order":0,"comment_status":"closed","ping_status":"closed","template":"single-servicos.php","meta":[],"yoast_head":"<!-- This site is optimized with the Yoast SEO plugin v17.6 - https:\/\/yoast.com\/wordpress\/plugins\/seo\/ -->\n<title>Waste without calorific value (Substitutes of Raw Materials)<\/title>\n<meta name=\"description\" content=\"Substitutes for Raw Materials (waste without calorific value): Mud with alumina (aluminum), Steel sludge (iron)\" \/>\n<meta name=\"robots\" content=\"index, follow, max-snippet:-1, max-image-preview:large, max-video-preview:-1\" \/>\n<link rel=\"canonical\" href=\"https:\/\/ambipar.com\/latam\/en\/ambipar-environment\/co-processing\/wastes-without-calorific-value\/\" \/>\n<meta property=\"og:locale\" content=\"es_ES\" \/>\n<meta property=\"og:type\" content=\"article\" \/>\n<meta property=\"og:title\" content=\"Waste without calorific value (Substitutes of Raw Materials)\" \/>\n<meta property=\"og:description\" content=\"Substitutes for Raw Materials (waste without calorific value): Mud with alumina (aluminum), Steel sludge (iron)\" \/>\n<meta property=\"og:url\" content=\"https:\/\/ambipar.com\/latam\/en\/ambipar-environment\/co-processing\/wastes-without-calorific-value\/\" \/>\n<meta property=\"og:site_name\" content=\"Ambipar. A l\u00edder em gest\u00e3o ambiental.\" \/>\n<meta property=\"article:modified_time\" content=\"2021-10-11T15:20:16+00:00\" \/>\n<meta property=\"og:image\" content=\"https:\/\/ambipar.com\/latam\/wp-content\/uploads\/2020\/10\/BA_ES_BLENDAGEM_005.jpg\" \/>\n\t<meta property=\"og:image:width\" content=\"994\" \/>\n\t<meta property=\"og:image:height\" content=\"936\" \/>\n<meta name=\"twitter:card\" content=\"summary_large_image\" \/>\n<script type=\"application\/ld+json\" class=\"yoast-schema-graph\">{\"@context\":\"https:\/\/schema.org\",\"@graph\":[{\"@type\":\"Organization\",\"@id\":\"https:\/\/ambipar.com\/latam\/#organization\",\"name\":\"Ambipar\",\"url\":\"https:\/\/ambipar.com\/latam\/\",\"sameAs\":[],\"logo\":{\"@type\":\"ImageObject\",\"@id\":\"https:\/\/ambipar.com\/latam\/#logo\",\"inLanguage\":\"es-CL\",\"url\":\"https:\/\/ambipar.com\/latam\/wp-content\/uploads\/2020\/10\/ambipar_color.png\",\"contentUrl\":\"https:\/\/ambipar.com\/latam\/wp-content\/uploads\/2020\/10\/ambipar_color.png\",\"width\":174,\"height\":107,\"caption\":\"Ambipar\"},\"image\":{\"@id\":\"https:\/\/ambipar.com\/latam\/#logo\"}},{\"@type\":\"WebSite\",\"@id\":\"https:\/\/ambipar.com\/latam\/#website\",\"url\":\"https:\/\/ambipar.com\/latam\/\",\"name\":\"Ambipar. A l\\u00edder em gest\\u00e3o ambiental.\",\"description\":\"Pioneira em solu\\u00e7\\u00f5es ambientais, a Ambipar atua em todo o territ\\u00f3rio nacional oferecendo solu\\u00e7\\u00f5es integradas para toda a cadeia de neg\\u00f3cio.\",\"publisher\":{\"@id\":\"https:\/\/ambipar.com\/latam\/#organization\"},\"potentialAction\":[{\"@type\":\"SearchAction\",\"target\":{\"@type\":\"EntryPoint\",\"urlTemplate\":\"https:\/\/ambipar.com\/latam\/?s={search_term_string}\"},\"query-input\":\"required name=search_term_string\"}],\"inLanguage\":\"es-CL\"},{\"@type\":\"ImageObject\",\"@id\":\"https:\/\/ambipar.com\/latam\/en\/ambipar-environment\/co-processing\/wastes-without-calorific-value\/#primaryimage\",\"inLanguage\":\"es-CL\",\"url\":\"https:\/\/ambipar.com\/latam\/wp-content\/uploads\/2020\/10\/BA_ES_BLENDAGEM_005.jpg\",\"contentUrl\":\"https:\/\/ambipar.com\/latam\/wp-content\/uploads\/2020\/10\/BA_ES_BLENDAGEM_005.jpg\",\"width\":994,\"height\":936,\"caption\":\"BLENDAGEM\"},{\"@type\":\"WebPage\",\"@id\":\"https:\/\/ambipar.com\/latam\/en\/ambipar-environment\/co-processing\/wastes-without-calorific-value\/#webpage\",\"url\":\"https:\/\/ambipar.com\/latam\/en\/ambipar-environment\/co-processing\/wastes-without-calorific-value\/\",\"name\":\"Waste without calorific value (Substitutes of Raw Materials)\",\"isPartOf\":{\"@id\":\"https:\/\/ambipar.com\/latam\/#website\"},\"primaryImageOfPage\":{\"@id\":\"https:\/\/ambipar.com\/latam\/en\/ambipar-environment\/co-processing\/wastes-without-calorific-value\/#primaryimage\"},\"datePublished\":\"2020-11-12T20:22:20+00:00\",\"dateModified\":\"2021-10-11T15:20:16+00:00\",\"description\":\"Substitutes for Raw Materials (waste without calorific value): Mud with alumina (aluminum), Steel sludge (iron)\",\"breadcrumb\":{\"@id\":\"https:\/\/ambipar.com\/latam\/en\/ambipar-environment\/co-processing\/wastes-without-calorific-value\/#breadcrumb\"},\"inLanguage\":\"es-CL\",\"potentialAction\":[{\"@type\":\"ReadAction\",\"target\":[\"https:\/\/ambipar.com\/latam\/en\/ambipar-environment\/co-processing\/wastes-without-calorific-value\/\"]}]},{\"@type\":\"BreadcrumbList\",\"@id\":\"https:\/\/ambipar.com\/latam\/en\/ambipar-environment\/co-processing\/wastes-without-calorific-value\/#breadcrumb\",\"itemListElement\":[{\"@type\":\"ListItem\",\"position\":1,\"name\":\"Home\",\"item\":\"https:\/\/ambipar.com\/latam\/\"},{\"@type\":\"ListItem\",\"position\":2,\"name\":\"Ambipar Environment\",\"item\":\"https:\/\/ambipar.com\/latam\/pt\/ambipar-environment\/\"},{\"@type\":\"ListItem\",\"position\":3,\"name\":\"Co-processing\",\"item\":\"https:\/\/ambipar.com\/latam\/en\/ambipar-environment\/co-processing\/\"},{\"@type\":\"ListItem\",\"position\":4,\"name\":\"Wastes without calorific value\"}]}]}<\/script>\n<!-- \/ Yoast SEO plugin. -->","yoast_head_json":{"title":"Waste without calorific value (Substitutes of Raw Materials)","description":"Substitutes for Raw Materials (waste without calorific value): Mud with alumina (aluminum), Steel sludge (iron)","robots":{"index":"index","follow":"follow","max-snippet":"max-snippet:-1","max-image-preview":"max-image-preview:large","max-video-preview":"max-video-preview:-1"},"canonical":"https:\/\/ambipar.com\/latam\/en\/ambipar-environment\/co-processing\/wastes-without-calorific-value\/","og_locale":"es_ES","og_type":"article","og_title":"Waste without calorific value (Substitutes of Raw Materials)","og_description":"Substitutes for Raw Materials (waste without calorific value): Mud with alumina (aluminum), Steel sludge (iron)","og_url":"https:\/\/ambipar.com\/latam\/en\/ambipar-environment\/co-processing\/wastes-without-calorific-value\/","og_site_name":"Ambipar. A l\u00edder em gest\u00e3o ambiental.","article_modified_time":"2021-10-11T15:20:16+00:00","og_image":[{"width":994,"height":936,"url":"https:\/\/ambipar.com\/latam\/wp-content\/uploads\/2020\/10\/BA_ES_BLENDAGEM_005.jpg","type":"image\/jpeg"}],"twitter_card":"summary_large_image","schema":{"@context":"https:\/\/schema.org","@graph":[{"@type":"Organization","@id":"https:\/\/ambipar.com\/latam\/#organization","name":"Ambipar","url":"https:\/\/ambipar.com\/latam\/","sameAs":[],"logo":{"@type":"ImageObject","@id":"https:\/\/ambipar.com\/latam\/#logo","inLanguage":"es-CL","url":"https:\/\/ambipar.com\/latam\/wp-content\/uploads\/2020\/10\/ambipar_color.png","contentUrl":"https:\/\/ambipar.com\/latam\/wp-content\/uploads\/2020\/10\/ambipar_color.png","width":174,"height":107,"caption":"Ambipar"},"image":{"@id":"https:\/\/ambipar.com\/latam\/#logo"}},{"@type":"WebSite","@id":"https:\/\/ambipar.com\/latam\/#website","url":"https:\/\/ambipar.com\/latam\/","name":"Ambipar. A l\u00edder em gest\u00e3o ambiental.","description":"Pioneira em solu\u00e7\u00f5es ambientais, a Ambipar atua em todo o territ\u00f3rio nacional oferecendo solu\u00e7\u00f5es integradas para toda a cadeia de neg\u00f3cio.","publisher":{"@id":"https:\/\/ambipar.com\/latam\/#organization"},"potentialAction":[{"@type":"SearchAction","target":{"@type":"EntryPoint","urlTemplate":"https:\/\/ambipar.com\/latam\/?s={search_term_string}"},"query-input":"required name=search_term_string"}],"inLanguage":"es-CL"},{"@type":"ImageObject","@id":"https:\/\/ambipar.com\/latam\/en\/ambipar-environment\/co-processing\/wastes-without-calorific-value\/#primaryimage","inLanguage":"es-CL","url":"https:\/\/ambipar.com\/latam\/wp-content\/uploads\/2020\/10\/BA_ES_BLENDAGEM_005.jpg","contentUrl":"https:\/\/ambipar.com\/latam\/wp-content\/uploads\/2020\/10\/BA_ES_BLENDAGEM_005.jpg","width":994,"height":936,"caption":"BLENDAGEM"},{"@type":"WebPage","@id":"https:\/\/ambipar.com\/latam\/en\/ambipar-environment\/co-processing\/wastes-without-calorific-value\/#webpage","url":"https:\/\/ambipar.com\/latam\/en\/ambipar-environment\/co-processing\/wastes-without-calorific-value\/","name":"Waste without calorific value (Substitutes of Raw Materials)","isPartOf":{"@id":"https:\/\/ambipar.com\/latam\/#website"},"primaryImageOfPage":{"@id":"https:\/\/ambipar.com\/latam\/en\/ambipar-environment\/co-processing\/wastes-without-calorific-value\/#primaryimage"},"datePublished":"2020-11-12T20:22:20+00:00","dateModified":"2021-10-11T15:20:16+00:00","description":"Substitutes for Raw Materials (waste without calorific value): Mud with alumina (aluminum), Steel sludge (iron)","breadcrumb":{"@id":"https:\/\/ambipar.com\/latam\/en\/ambipar-environment\/co-processing\/wastes-without-calorific-value\/#breadcrumb"},"inLanguage":"es-CL","potentialAction":[{"@type":"ReadAction","target":["https:\/\/ambipar.com\/latam\/en\/ambipar-environment\/co-processing\/wastes-without-calorific-value\/"]}]},{"@type":"BreadcrumbList","@id":"https:\/\/ambipar.com\/latam\/en\/ambipar-environment\/co-processing\/wastes-without-calorific-value\/#breadcrumb","itemListElement":[{"@type":"ListItem","position":1,"name":"Home","item":"https:\/\/ambipar.com\/latam\/"},{"@type":"ListItem","position":2,"name":"Ambipar Environment","item":"https:\/\/ambipar.com\/latam\/pt\/ambipar-environment\/"},{"@type":"ListItem","position":3,"name":"Co-processing","item":"https:\/\/ambipar.com\/latam\/en\/ambipar-environment\/co-processing\/"},{"@type":"ListItem","position":4,"name":"Wastes without calorific value"}]}]}},"_links":{"self":[{"href":"https:\/\/ambipar.com\/latam\/wp-json\/wp\/v2\/pages\/1522"}],"collection":[{"href":"https:\/\/ambipar.com\/latam\/wp-json\/wp\/v2\/pages"}],"about":[{"href":"https:\/\/ambipar.com\/latam\/wp-json\/wp\/v2\/types\/page"}],"author":[{"embeddable":true,"href":"https:\/\/ambipar.com\/latam\/wp-json\/wp\/v2\/users\/1"}],"replies":[{"embeddable":true,"href":"https:\/\/ambipar.com\/latam\/wp-json\/wp\/v2\/comments?post=1522"}],"version-history":[{"count":3,"href":"https:\/\/ambipar.com\/latam\/wp-json\/wp\/v2\/pages\/1522\/revisions"}],"predecessor-version":[{"id":1538,"href":"https:\/\/ambipar.com\/latam\/wp-json\/wp\/v2\/pages\/1522\/revisions\/1538"}],"up":[{"embeddable":true,"href":"https:\/\/ambipar.com\/latam\/wp-json\/wp\/v2\/pages\/1510"}],"wp:featuredmedia":[{"embeddable":true,"href":"https:\/\/ambipar.com\/latam\/wp-json\/wp\/v2\/media\/215"}],"wp:attachment":[{"href":"https:\/\/ambipar.com\/latam\/wp-json\/wp\/v2\/media?parent=1522"}],"curies":[{"name":"wp","href":"https:\/\/api.w.org\/{rel}","templated":true}]}}