{"id":1539,"date":"2020-11-12T17:33:25","date_gmt":"2020-11-12T20:33:25","guid":{"rendered":"https:\/\/ambipar.com\/latam\/?page_id=1539"},"modified":"2021-10-13T10:38:38","modified_gmt":"2021-10-13T13:38:38","slug":"cosmeticos-farmacos-y-bebidas","status":"publish","type":"page","link":"https:\/\/ambipar.com\/latam\/ambipar-environment-2\/logistica-y-manufactura-revertida\/cosmeticos-farmacos-y-bebidas\/","title":{"rendered":"Cosm\u00e9ticos, F\u00e1rmacos y Bebidas"},"content":{"rendered":"\n<p>Ambipar cuenta con soluciones de recuperaci\u00f3n patentadas por PD &amp; amp; I para empresas y su contenido (producto in\u00fatil) y su empaque sufre procesos de destrucci\u00f3n, segregaci\u00f3n, trituraci\u00f3n y reciclaje.<\/p>\n\n\n\n<p>Contamos con equipos espec\u00edficos, dedicados y exclusivos para la destrucci\u00f3n, protecci\u00f3n de marca y producto, asegurando que no se vendan en el mercado paralelo.<\/p>\n\n\n\n<p>Con un parque industrial 100% monitoreado por c\u00e1maras, nuestro sector para la destrucci\u00f3n de inservibles o vencidos se puede monitorear de forma remota o presencial.<\/p>\n\n\n\n<p>Vea tambi\u00e9n:<\/p>\n\n\n\n<ul id=\"block-aab80e36-8746-4c57-8ca2-c117b21c94cc\"><li><a href=\"https:\/\/ambipar.com\/latam\/es\/ambipar-environment\/logistica-e-manufatura-reversa\/manufactura-revertida\/\"><a href=\"https:\/\/ambipar.com\/latam\/ambipar-environment-2\/logistica-y-manufactura-revertida\/manufactura-revertida\/\">Manufactura Revertida<\/a><\/a><\/li><li><a href=\"https:\/\/ambipar.com\/latam\/es\/ambipar-environment\/logistica-e-manufatura-reversa\/manufactura-revertida\/\"><a href=\"https:\/\/ambipar.com\/latam\/ambipar-environment-2\/logistica-y-manufactura-revertida\/electro-electronicos\/\">Electro electr\u00f3nicos<\/a><\/a><\/li><li><a href=\"https:\/\/ambipar.com\/latam\/es\/ambipar-environment\/logistica-e-manufatura-reversa\/manufactura-revertida\/\"><a href=\"https:\/\/ambipar.com\/latam\/ambipar-environment-2\/logistica-y-manufactura-revertida\/piezas-automotrices\/\">Piezas Automotrices<\/a><\/a><\/li><\/ul>\n\n\n\n<p><\/p>\n","protected":false},"excerpt":{"rendered":"Ambipar cuenta con soluciones de recuperaci\u00f3n patentadas por PD &amp; amp; I para empresas y su contenido (producto in\u00fatil) y su empaque sufre procesos de destrucci\u00f3n, segregaci\u00f3n, trituraci\u00f3n y reciclaje. Contamos con equipos espec\u00edficos, dedicados y exclusivos para la destrucci\u00f3n, protecci\u00f3n de marca y producto, asegurando que no se vendan en el mercado paralelo. Con&#8230; <a class=\"view-article\" href=\"https:\/\/ambipar.com\/latam\/ambipar-environment-2\/logistica-y-manufactura-revertida\/cosmeticos-farmacos-y-bebidas\/\">Ver art\u00edculo<\/a>","protected":false},"author":1,"featured_media":370,"parent":1531,"menu_order":0,"comment_status":"closed","ping_status":"closed","template":"single-servicos.php","meta":[],"yoast_head":"<!-- This site is optimized with the Yoast SEO plugin v17.6 - https:\/\/yoast.com\/wordpress\/plugins\/seo\/ -->\n<title>Descubra las soluciones de Cosm\u00e9ticos, F\u00e1rmacos y Bebidas de Ambipar<\/title>\n<meta name=\"description\" content=\"Ambipar cuenta con soluciones de valoraci\u00f3n patentadas por PD&amp;I para empresas y sus contenidos (producto in\u00fatil).\" \/>\n<meta name=\"robots\" content=\"index, follow, max-snippet:-1, max-image-preview:large, max-video-preview:-1\" \/>\n<link rel=\"canonical\" href=\"https:\/\/ambipar.com\/latam\/ambipar-environment-2\/logistica-y-manufactura-revertida\/cosmeticos-farmacos-y-bebidas\/\" \/>\n<meta property=\"og:locale\" content=\"es_ES\" \/>\n<meta property=\"og:type\" content=\"article\" \/>\n<meta property=\"og:title\" content=\"Descubra las soluciones de Cosm\u00e9ticos, F\u00e1rmacos y Bebidas de Ambipar\" \/>\n<meta property=\"og:description\" content=\"Ambipar cuenta con soluciones de valoraci\u00f3n patentadas por PD&amp;I para empresas y sus contenidos (producto in\u00fatil).\" \/>\n<meta property=\"og:url\" content=\"https:\/\/ambipar.com\/latam\/ambipar-environment-2\/logistica-y-manufactura-revertida\/cosmeticos-farmacos-y-bebidas\/\" \/>\n<meta property=\"og:site_name\" content=\"Ambipar. A l\u00edder em gest\u00e3o ambiental.\" \/>\n<meta property=\"article:modified_time\" content=\"2021-10-13T13:38:38+00:00\" \/>\n<meta property=\"og:image\" content=\"https:\/\/ambipar.com\/latam\/wp-content\/uploads\/2020\/10\/farmaco.jpg\" \/>\n\t<meta property=\"og:image:width\" content=\"995\" \/>\n\t<meta property=\"og:image:height\" content=\"1004\" \/>\n<meta name=\"twitter:card\" content=\"summary_large_image\" \/>\n<meta name=\"twitter:label1\" content=\"Est. reading time\" \/>\n\t<meta name=\"twitter:data1\" content=\"1 minuto\" \/>\n<script type=\"application\/ld+json\" class=\"yoast-schema-graph\">{\"@context\":\"https:\/\/schema.org\",\"@graph\":[{\"@type\":\"Organization\",\"@id\":\"https:\/\/ambipar.com\/latam\/#organization\",\"name\":\"Ambipar\",\"url\":\"https:\/\/ambipar.com\/latam\/\",\"sameAs\":[],\"logo\":{\"@type\":\"ImageObject\",\"@id\":\"https:\/\/ambipar.com\/latam\/#logo\",\"inLanguage\":\"es-CL\",\"url\":\"https:\/\/ambipar.com\/latam\/wp-content\/uploads\/2020\/10\/ambipar_color.png\",\"contentUrl\":\"https:\/\/ambipar.com\/latam\/wp-content\/uploads\/2020\/10\/ambipar_color.png\",\"width\":174,\"height\":107,\"caption\":\"Ambipar\"},\"image\":{\"@id\":\"https:\/\/ambipar.com\/latam\/#logo\"}},{\"@type\":\"WebSite\",\"@id\":\"https:\/\/ambipar.com\/latam\/#website\",\"url\":\"https:\/\/ambipar.com\/latam\/\",\"name\":\"Ambipar. A l\\u00edder em gest\\u00e3o ambiental.\",\"description\":\"Pioneira em solu\\u00e7\\u00f5es ambientais, a Ambipar atua em todo o territ\\u00f3rio nacional oferecendo solu\\u00e7\\u00f5es integradas para toda a cadeia de neg\\u00f3cio.\",\"publisher\":{\"@id\":\"https:\/\/ambipar.com\/latam\/#organization\"},\"potentialAction\":[{\"@type\":\"SearchAction\",\"target\":{\"@type\":\"EntryPoint\",\"urlTemplate\":\"https:\/\/ambipar.com\/latam\/?s={search_term_string}\"},\"query-input\":\"required name=search_term_string\"}],\"inLanguage\":\"es-CL\"},{\"@type\":\"ImageObject\",\"@id\":\"https:\/\/ambipar.com\/latam\/ambipar-environment-2\/logistica-y-manufactura-revertida\/cosmeticos-farmacos-y-bebidas\/#primaryimage\",\"inLanguage\":\"es-CL\",\"url\":\"https:\/\/ambipar.com\/latam\/wp-content\/uploads\/2020\/10\/farmaco.jpg\",\"contentUrl\":\"https:\/\/ambipar.com\/latam\/wp-content\/uploads\/2020\/10\/farmaco.jpg\",\"width\":995,\"height\":1004,\"caption\":\"f\\u00e1rmaco\"},{\"@type\":\"WebPage\",\"@id\":\"https:\/\/ambipar.com\/latam\/ambipar-environment-2\/logistica-y-manufactura-revertida\/cosmeticos-farmacos-y-bebidas\/#webpage\",\"url\":\"https:\/\/ambipar.com\/latam\/ambipar-environment-2\/logistica-y-manufactura-revertida\/cosmeticos-farmacos-y-bebidas\/\",\"name\":\"Descubra las soluciones de Cosm\\u00e9ticos, F\\u00e1rmacos y Bebidas de Ambipar\",\"isPartOf\":{\"@id\":\"https:\/\/ambipar.com\/latam\/#website\"},\"primaryImageOfPage\":{\"@id\":\"https:\/\/ambipar.com\/latam\/ambipar-environment-2\/logistica-y-manufactura-revertida\/cosmeticos-farmacos-y-bebidas\/#primaryimage\"},\"datePublished\":\"2020-11-12T20:33:25+00:00\",\"dateModified\":\"2021-10-13T13:38:38+00:00\",\"description\":\"Ambipar cuenta con soluciones de valoraci\\u00f3n patentadas por PD&I para empresas y sus contenidos (producto in\\u00fatil).\",\"breadcrumb\":{\"@id\":\"https:\/\/ambipar.com\/latam\/ambipar-environment-2\/logistica-y-manufactura-revertida\/cosmeticos-farmacos-y-bebidas\/#breadcrumb\"},\"inLanguage\":\"es-CL\",\"potentialAction\":[{\"@type\":\"ReadAction\",\"target\":[\"https:\/\/ambipar.com\/latam\/ambipar-environment-2\/logistica-y-manufactura-revertida\/cosmeticos-farmacos-y-bebidas\/\"]}]},{\"@type\":\"BreadcrumbList\",\"@id\":\"https:\/\/ambipar.com\/latam\/ambipar-environment-2\/logistica-y-manufactura-revertida\/cosmeticos-farmacos-y-bebidas\/#breadcrumb\",\"itemListElement\":[{\"@type\":\"ListItem\",\"position\":1,\"name\":\"Home\",\"item\":\"https:\/\/ambipar.com\/latam\/\"},{\"@type\":\"ListItem\",\"position\":2,\"name\":\"Ambipar Environment\",\"item\":\"https:\/\/ambipar.com\/latam\/ambipar-environment-2\/\"},{\"@type\":\"ListItem\",\"position\":3,\"name\":\"Log\\u00edstica y Manufactura Revertida\",\"item\":\"https:\/\/ambipar.com\/latam\/ambipar-environment-2\/logistica-y-manufactura-revertida\/\"},{\"@type\":\"ListItem\",\"position\":4,\"name\":\"Cosm\\u00e9ticos, F\\u00e1rmacos y Bebidas\"}]}]}<\/script>\n<!-- \/ Yoast SEO plugin. -->","yoast_head_json":{"title":"Descubra las soluciones de Cosm\u00e9ticos, F\u00e1rmacos y Bebidas de Ambipar","description":"Ambipar cuenta con soluciones de valoraci\u00f3n patentadas por PD&I para empresas y sus contenidos (producto in\u00fatil).","robots":{"index":"index","follow":"follow","max-snippet":"max-snippet:-1","max-image-preview":"max-image-preview:large","max-video-preview":"max-video-preview:-1"},"canonical":"https:\/\/ambipar.com\/latam\/ambipar-environment-2\/logistica-y-manufactura-revertida\/cosmeticos-farmacos-y-bebidas\/","og_locale":"es_ES","og_type":"article","og_title":"Descubra las soluciones de Cosm\u00e9ticos, F\u00e1rmacos y Bebidas de Ambipar","og_description":"Ambipar cuenta con soluciones de valoraci\u00f3n patentadas por PD&I para empresas y sus contenidos (producto in\u00fatil).","og_url":"https:\/\/ambipar.com\/latam\/ambipar-environment-2\/logistica-y-manufactura-revertida\/cosmeticos-farmacos-y-bebidas\/","og_site_name":"Ambipar. A l\u00edder em gest\u00e3o ambiental.","article_modified_time":"2021-10-13T13:38:38+00:00","og_image":[{"width":995,"height":1004,"url":"https:\/\/ambipar.com\/latam\/wp-content\/uploads\/2020\/10\/farmaco.jpg","type":"image\/jpeg"}],"twitter_card":"summary_large_image","twitter_misc":{"Est. reading time":"1 minuto"},"schema":{"@context":"https:\/\/schema.org","@graph":[{"@type":"Organization","@id":"https:\/\/ambipar.com\/latam\/#organization","name":"Ambipar","url":"https:\/\/ambipar.com\/latam\/","sameAs":[],"logo":{"@type":"ImageObject","@id":"https:\/\/ambipar.com\/latam\/#logo","inLanguage":"es-CL","url":"https:\/\/ambipar.com\/latam\/wp-content\/uploads\/2020\/10\/ambipar_color.png","contentUrl":"https:\/\/ambipar.com\/latam\/wp-content\/uploads\/2020\/10\/ambipar_color.png","width":174,"height":107,"caption":"Ambipar"},"image":{"@id":"https:\/\/ambipar.com\/latam\/#logo"}},{"@type":"WebSite","@id":"https:\/\/ambipar.com\/latam\/#website","url":"https:\/\/ambipar.com\/latam\/","name":"Ambipar. A l\u00edder em gest\u00e3o ambiental.","description":"Pioneira em solu\u00e7\u00f5es ambientais, a Ambipar atua em todo o territ\u00f3rio nacional oferecendo solu\u00e7\u00f5es integradas para toda a cadeia de neg\u00f3cio.","publisher":{"@id":"https:\/\/ambipar.com\/latam\/#organization"},"potentialAction":[{"@type":"SearchAction","target":{"@type":"EntryPoint","urlTemplate":"https:\/\/ambipar.com\/latam\/?s={search_term_string}"},"query-input":"required name=search_term_string"}],"inLanguage":"es-CL"},{"@type":"ImageObject","@id":"https:\/\/ambipar.com\/latam\/ambipar-environment-2\/logistica-y-manufactura-revertida\/cosmeticos-farmacos-y-bebidas\/#primaryimage","inLanguage":"es-CL","url":"https:\/\/ambipar.com\/latam\/wp-content\/uploads\/2020\/10\/farmaco.jpg","contentUrl":"https:\/\/ambipar.com\/latam\/wp-content\/uploads\/2020\/10\/farmaco.jpg","width":995,"height":1004,"caption":"f\u00e1rmaco"},{"@type":"WebPage","@id":"https:\/\/ambipar.com\/latam\/ambipar-environment-2\/logistica-y-manufactura-revertida\/cosmeticos-farmacos-y-bebidas\/#webpage","url":"https:\/\/ambipar.com\/latam\/ambipar-environment-2\/logistica-y-manufactura-revertida\/cosmeticos-farmacos-y-bebidas\/","name":"Descubra las soluciones de Cosm\u00e9ticos, F\u00e1rmacos y Bebidas de Ambipar","isPartOf":{"@id":"https:\/\/ambipar.com\/latam\/#website"},"primaryImageOfPage":{"@id":"https:\/\/ambipar.com\/latam\/ambipar-environment-2\/logistica-y-manufactura-revertida\/cosmeticos-farmacos-y-bebidas\/#primaryimage"},"datePublished":"2020-11-12T20:33:25+00:00","dateModified":"2021-10-13T13:38:38+00:00","description":"Ambipar cuenta con soluciones de valoraci\u00f3n patentadas por PD&I para empresas y sus contenidos (producto in\u00fatil).","breadcrumb":{"@id":"https:\/\/ambipar.com\/latam\/ambipar-environment-2\/logistica-y-manufactura-revertida\/cosmeticos-farmacos-y-bebidas\/#breadcrumb"},"inLanguage":"es-CL","potentialAction":[{"@type":"ReadAction","target":["https:\/\/ambipar.com\/latam\/ambipar-environment-2\/logistica-y-manufactura-revertida\/cosmeticos-farmacos-y-bebidas\/"]}]},{"@type":"BreadcrumbList","@id":"https:\/\/ambipar.com\/latam\/ambipar-environment-2\/logistica-y-manufactura-revertida\/cosmeticos-farmacos-y-bebidas\/#breadcrumb","itemListElement":[{"@type":"ListItem","position":1,"name":"Home","item":"https:\/\/ambipar.com\/latam\/"},{"@type":"ListItem","position":2,"name":"Ambipar Environment","item":"https:\/\/ambipar.com\/latam\/ambipar-environment-2\/"},{"@type":"ListItem","position":3,"name":"Log\u00edstica y Manufactura Revertida","item":"https:\/\/ambipar.com\/latam\/ambipar-environment-2\/logistica-y-manufactura-revertida\/"},{"@type":"ListItem","position":4,"name":"Cosm\u00e9ticos, F\u00e1rmacos y Bebidas"}]}]}},"_links":{"self":[{"href":"https:\/\/ambipar.com\/latam\/wp-json\/wp\/v2\/pages\/1539"}],"collection":[{"href":"https:\/\/ambipar.com\/latam\/wp-json\/wp\/v2\/pages"}],"about":[{"href":"https:\/\/ambipar.com\/latam\/wp-json\/wp\/v2\/types\/page"}],"author":[{"embeddable":true,"href":"https:\/\/ambipar.com\/latam\/wp-json\/wp\/v2\/users\/1"}],"replies":[{"embeddable":true,"href":"https:\/\/ambipar.com\/latam\/wp-json\/wp\/v2\/comments?post=1539"}],"version-history":[{"count":4,"href":"https:\/\/ambipar.com\/latam\/wp-json\/wp\/v2\/pages\/1539\/revisions"}],"predecessor-version":[{"id":4149,"href":"https:\/\/ambipar.com\/latam\/wp-json\/wp\/v2\/pages\/1539\/revisions\/4149"}],"up":[{"embeddable":true,"href":"https:\/\/ambipar.com\/latam\/wp-json\/wp\/v2\/pages\/1531"}],"wp:featuredmedia":[{"embeddable":true,"href":"https:\/\/ambipar.com\/latam\/wp-json\/wp\/v2\/media\/370"}],"wp:attachment":[{"href":"https:\/\/ambipar.com\/latam\/wp-json\/wp\/v2\/media?parent=1539"}],"curies":[{"name":"wp","href":"https:\/\/api.w.org\/{rel}","templated":true}]}}