{"id":1578,"date":"2020-11-12T17:40:49","date_gmt":"2020-11-12T20:40:49","guid":{"rendered":"https:\/\/ambipar.com\/latam\/?page_id=1578"},"modified":"2021-01-05T20:17:27","modified_gmt":"2021-01-05T23:17:27","slug":"agriculture-line","status":"publish","type":"page","link":"https:\/\/ambipar.com\/latam\/en\/ambipar-environment\/produtos-ambientais\/agriculture-line\/","title":{"rendered":"Agriculture Line"},"content":{"rendered":"\n<p>Developed to amplify the organic matter of the soil, ECOSOLO is a conditioner certified by IBD (Instituto Biodin\u00e2mico) and ECOCERT, intended for planting and maintenance in all crops. The agriculture line is products designed with raw materials from the pulp and paper industry, standardized and guaranteed by analyzes carried out by laboratories accredited by M.A.P.A. (Ministry of Agriculture, Livestock and Supply).<\/p>\n\n\n\n<figure class=\"wp-block-image size-large\"><img width=\"585\" height=\"145\" src=\"https:\/\/ambipar.com\/latam\/wp-content\/uploads\/2020\/11\/linhaagricultura_en.png\" alt=\"\" class=\"wp-image-2661\" srcset=\"https:\/\/ambipar.com\/latam\/wp-content\/uploads\/2020\/11\/linhaagricultura_en.png 585w, https:\/\/ambipar.com\/latam\/wp-content\/uploads\/2020\/11\/linhaagricultura_en-250x62.png 250w, https:\/\/ambipar.com\/latam\/wp-content\/uploads\/2020\/11\/linhaagricultura_en-120x30.png 120w\" sizes=\"(max-width: 585px) 100vw, 585px\" \/><\/figure>\n\n\n\n<figure class=\"wp-block-image size-large\"><img width=\"700\" height=\"570\" src=\"https:\/\/ambipar.com\/latam\/wp-content\/uploads\/2020\/10\/Ecosolo_mkp_sacarias_ecosolo1-700x570.png\" alt=\"\" class=\"wp-image-176\" srcset=\"https:\/\/ambipar.com\/latam\/wp-content\/uploads\/2020\/10\/Ecosolo_mkp_sacarias_ecosolo1-700x570.png 700w, https:\/\/ambipar.com\/latam\/wp-content\/uploads\/2020\/10\/Ecosolo_mkp_sacarias_ecosolo1-250x204.png 250w, https:\/\/ambipar.com\/latam\/wp-content\/uploads\/2020\/10\/Ecosolo_mkp_sacarias_ecosolo1-768x625.png 768w, https:\/\/ambipar.com\/latam\/wp-content\/uploads\/2020\/10\/Ecosolo_mkp_sacarias_ecosolo1-120x98.png 120w, https:\/\/ambipar.com\/latam\/wp-content\/uploads\/2020\/10\/Ecosolo_mkp_sacarias_ecosolo1.png 1200w\" sizes=\"(max-width: 700px) 100vw, 700px\" \/><\/figure>\n\n\n\n<p>See too:<\/p>\n\n\n\n<ul id=\"block-c1455604-4fff-4023-a8f8-cde70aef5c33\"><li><a href=\"https:\/\/ambipar.com\/latam\/en\/ambipar-environment\/produtos-ambientais\/absorbent-line\/\">Absorbent Line<\/a><\/li><li><a href=\"https:\/\/ambipar.com\/latam\/en\/ambipar-environment\/produtos-ambientais\/contention-line\/\">Contention Line<\/a><\/li><li><a href=\"https:\/\/ambipar.com\/latam\/en\/ambipar-environment\/produtos-ambientais\/environmental-sets\/\">Environmental Sets<\/a><\/li><li><a href=\"https:\/\/ambipar.com\/latam\/en\/ambipar-environment\/produtos-ambientais\/individual-protection-line\/\">Individual Protection Line<\/a><\/li><li><a href=\"https:\/\/ambipar.com\/latam\/en\/ambipar-environment\/produtos-ambientais\/sanitizer-line\/\">Sanitizer Line<\/a><\/li><li><a href=\"https:\/\/ambipar.com\/latam\/en\/ambipar-environment\/produtos-ambientais\/building-industry-line\/\">Building Industry Line<\/a><\/li><\/ul>\n\n\n\n<p><\/p>\n","protected":false},"excerpt":{"rendered":"Developed to amplify the organic matter of the soil, ECOSOLO is a conditioner certified by IBD (Instituto Biodin\u00e2mico) and ECOCERT, intended for planting and maintenance in all crops. The agriculture line is products designed with raw materials from the pulp and paper industry, standardized and guaranteed by analyzes carried out by laboratories accredited by M.A.P.A&#8230;. <a class=\"view-article\" href=\"https:\/\/ambipar.com\/latam\/en\/ambipar-environment\/produtos-ambientais\/agriculture-line\/\">Ver art\u00edculo<\/a>","protected":false},"author":1,"featured_media":180,"parent":255,"menu_order":0,"comment_status":"closed","ping_status":"closed","template":"single-servicos.php","meta":[],"yoast_head":"<!-- This site is optimized with the Yoast SEO plugin v17.6 - https:\/\/yoast.com\/wordpress\/plugins\/seo\/ -->\n<title>Get to know the Agriculture Line of Ambipar Environment<\/title>\n<meta name=\"description\" content=\"ECOSOLO is a conditioner certified by IBD (Instituto Biodin\u00e2mico) and ECOCERT, intended for planting and maintenance in all crops.\" \/>\n<meta name=\"robots\" content=\"index, follow, max-snippet:-1, max-image-preview:large, max-video-preview:-1\" \/>\n<link rel=\"canonical\" href=\"https:\/\/ambipar.com\/latam\/en\/ambipar-environment\/produtos-ambientais\/agriculture-line\/\" \/>\n<meta property=\"og:locale\" content=\"es_ES\" \/>\n<meta property=\"og:type\" content=\"article\" \/>\n<meta property=\"og:title\" content=\"Get to know the Agriculture Line of Ambipar Environment\" \/>\n<meta property=\"og:description\" content=\"ECOSOLO is a conditioner certified by IBD (Instituto Biodin\u00e2mico) and ECOCERT, intended for planting and maintenance in all crops.\" \/>\n<meta property=\"og:url\" content=\"https:\/\/ambipar.com\/latam\/en\/ambipar-environment\/produtos-ambientais\/agriculture-line\/\" \/>\n<meta property=\"og:site_name\" content=\"Ambipar. A l\u00edder em gest\u00e3o ambiental.\" \/>\n<meta property=\"article:modified_time\" content=\"2021-01-05T23:17:27+00:00\" \/>\n<meta property=\"og:image\" content=\"https:\/\/ambipar.com\/latam\/wp-content\/uploads\/2020\/10\/isas.jpg\" \/>\n\t<meta property=\"og:image:width\" content=\"1000\" \/>\n\t<meta property=\"og:image:height\" content=\"1000\" \/>\n<meta name=\"twitter:card\" content=\"summary_large_image\" \/>\n<script type=\"application\/ld+json\" class=\"yoast-schema-graph\">{\"@context\":\"https:\/\/schema.org\",\"@graph\":[{\"@type\":\"Organization\",\"@id\":\"https:\/\/ambipar.com\/latam\/#organization\",\"name\":\"Ambipar\",\"url\":\"https:\/\/ambipar.com\/latam\/\",\"sameAs\":[],\"logo\":{\"@type\":\"ImageObject\",\"@id\":\"https:\/\/ambipar.com\/latam\/#logo\",\"inLanguage\":\"es-CL\",\"url\":\"https:\/\/ambipar.com\/latam\/wp-content\/uploads\/2020\/10\/ambipar_color.png\",\"contentUrl\":\"https:\/\/ambipar.com\/latam\/wp-content\/uploads\/2020\/10\/ambipar_color.png\",\"width\":174,\"height\":107,\"caption\":\"Ambipar\"},\"image\":{\"@id\":\"https:\/\/ambipar.com\/latam\/#logo\"}},{\"@type\":\"WebSite\",\"@id\":\"https:\/\/ambipar.com\/latam\/#website\",\"url\":\"https:\/\/ambipar.com\/latam\/\",\"name\":\"Ambipar. A l\\u00edder em gest\\u00e3o ambiental.\",\"description\":\"Pioneira em solu\\u00e7\\u00f5es ambientais, a Ambipar atua em todo o territ\\u00f3rio nacional oferecendo solu\\u00e7\\u00f5es integradas para toda a cadeia de neg\\u00f3cio.\",\"publisher\":{\"@id\":\"https:\/\/ambipar.com\/latam\/#organization\"},\"potentialAction\":[{\"@type\":\"SearchAction\",\"target\":{\"@type\":\"EntryPoint\",\"urlTemplate\":\"https:\/\/ambipar.com\/latam\/?s={search_term_string}\"},\"query-input\":\"required name=search_term_string\"}],\"inLanguage\":\"es-CL\"},{\"@type\":\"ImageObject\",\"@id\":\"https:\/\/ambipar.com\/latam\/en\/ambipar-environment\/produtos-ambientais\/agriculture-line\/#primaryimage\",\"inLanguage\":\"es-CL\",\"url\":\"https:\/\/ambipar.com\/latam\/wp-content\/uploads\/2020\/10\/isas.jpg\",\"contentUrl\":\"https:\/\/ambipar.com\/latam\/wp-content\/uploads\/2020\/10\/isas.jpg\",\"width\":1000,\"height\":1000,\"caption\":\"isas\"},{\"@type\":\"WebPage\",\"@id\":\"https:\/\/ambipar.com\/latam\/en\/ambipar-environment\/produtos-ambientais\/agriculture-line\/#webpage\",\"url\":\"https:\/\/ambipar.com\/latam\/en\/ambipar-environment\/produtos-ambientais\/agriculture-line\/\",\"name\":\"Get to know the Agriculture Line of Ambipar Environment\",\"isPartOf\":{\"@id\":\"https:\/\/ambipar.com\/latam\/#website\"},\"primaryImageOfPage\":{\"@id\":\"https:\/\/ambipar.com\/latam\/en\/ambipar-environment\/produtos-ambientais\/agriculture-line\/#primaryimage\"},\"datePublished\":\"2020-11-12T20:40:49+00:00\",\"dateModified\":\"2021-01-05T23:17:27+00:00\",\"description\":\"ECOSOLO is a conditioner certified by IBD (Instituto Biodin\\u00e2mico) and ECOCERT, intended for planting and maintenance in all crops.\",\"breadcrumb\":{\"@id\":\"https:\/\/ambipar.com\/latam\/en\/ambipar-environment\/produtos-ambientais\/agriculture-line\/#breadcrumb\"},\"inLanguage\":\"es-CL\",\"potentialAction\":[{\"@type\":\"ReadAction\",\"target\":[\"https:\/\/ambipar.com\/latam\/en\/ambipar-environment\/produtos-ambientais\/agriculture-line\/\"]}]},{\"@type\":\"BreadcrumbList\",\"@id\":\"https:\/\/ambipar.com\/latam\/en\/ambipar-environment\/produtos-ambientais\/agriculture-line\/#breadcrumb\",\"itemListElement\":[{\"@type\":\"ListItem\",\"position\":1,\"name\":\"Home\",\"item\":\"https:\/\/ambipar.com\/latam\/\"},{\"@type\":\"ListItem\",\"position\":2,\"name\":\"Ambipar Environment\",\"item\":\"https:\/\/ambipar.com\/latam\/pt\/ambipar-environment\/\"},{\"@type\":\"ListItem\",\"position\":3,\"name\":\"Produtos Ambientais\",\"item\":\"https:\/\/ambipar.com\/latam\/pt\/ambipar-environment\/produtos-ambientais\/\"},{\"@type\":\"ListItem\",\"position\":4,\"name\":\"Agriculture Line\"}]}]}<\/script>\n<!-- \/ Yoast SEO plugin. -->","yoast_head_json":{"title":"Get to know the Agriculture Line of Ambipar Environment","description":"ECOSOLO is a conditioner certified by IBD (Instituto Biodin\u00e2mico) and ECOCERT, intended for planting and maintenance in all crops.","robots":{"index":"index","follow":"follow","max-snippet":"max-snippet:-1","max-image-preview":"max-image-preview:large","max-video-preview":"max-video-preview:-1"},"canonical":"https:\/\/ambipar.com\/latam\/en\/ambipar-environment\/produtos-ambientais\/agriculture-line\/","og_locale":"es_ES","og_type":"article","og_title":"Get to know the Agriculture Line of Ambipar Environment","og_description":"ECOSOLO is a conditioner certified by IBD (Instituto Biodin\u00e2mico) and ECOCERT, intended for planting and maintenance in all crops.","og_url":"https:\/\/ambipar.com\/latam\/en\/ambipar-environment\/produtos-ambientais\/agriculture-line\/","og_site_name":"Ambipar. A l\u00edder em gest\u00e3o ambiental.","article_modified_time":"2021-01-05T23:17:27+00:00","og_image":[{"width":1000,"height":1000,"url":"https:\/\/ambipar.com\/latam\/wp-content\/uploads\/2020\/10\/isas.jpg","type":"image\/jpeg"}],"twitter_card":"summary_large_image","schema":{"@context":"https:\/\/schema.org","@graph":[{"@type":"Organization","@id":"https:\/\/ambipar.com\/latam\/#organization","name":"Ambipar","url":"https:\/\/ambipar.com\/latam\/","sameAs":[],"logo":{"@type":"ImageObject","@id":"https:\/\/ambipar.com\/latam\/#logo","inLanguage":"es-CL","url":"https:\/\/ambipar.com\/latam\/wp-content\/uploads\/2020\/10\/ambipar_color.png","contentUrl":"https:\/\/ambipar.com\/latam\/wp-content\/uploads\/2020\/10\/ambipar_color.png","width":174,"height":107,"caption":"Ambipar"},"image":{"@id":"https:\/\/ambipar.com\/latam\/#logo"}},{"@type":"WebSite","@id":"https:\/\/ambipar.com\/latam\/#website","url":"https:\/\/ambipar.com\/latam\/","name":"Ambipar. A l\u00edder em gest\u00e3o ambiental.","description":"Pioneira em solu\u00e7\u00f5es ambientais, a Ambipar atua em todo o territ\u00f3rio nacional oferecendo solu\u00e7\u00f5es integradas para toda a cadeia de neg\u00f3cio.","publisher":{"@id":"https:\/\/ambipar.com\/latam\/#organization"},"potentialAction":[{"@type":"SearchAction","target":{"@type":"EntryPoint","urlTemplate":"https:\/\/ambipar.com\/latam\/?s={search_term_string}"},"query-input":"required name=search_term_string"}],"inLanguage":"es-CL"},{"@type":"ImageObject","@id":"https:\/\/ambipar.com\/latam\/en\/ambipar-environment\/produtos-ambientais\/agriculture-line\/#primaryimage","inLanguage":"es-CL","url":"https:\/\/ambipar.com\/latam\/wp-content\/uploads\/2020\/10\/isas.jpg","contentUrl":"https:\/\/ambipar.com\/latam\/wp-content\/uploads\/2020\/10\/isas.jpg","width":1000,"height":1000,"caption":"isas"},{"@type":"WebPage","@id":"https:\/\/ambipar.com\/latam\/en\/ambipar-environment\/produtos-ambientais\/agriculture-line\/#webpage","url":"https:\/\/ambipar.com\/latam\/en\/ambipar-environment\/produtos-ambientais\/agriculture-line\/","name":"Get to know the Agriculture Line of Ambipar Environment","isPartOf":{"@id":"https:\/\/ambipar.com\/latam\/#website"},"primaryImageOfPage":{"@id":"https:\/\/ambipar.com\/latam\/en\/ambipar-environment\/produtos-ambientais\/agriculture-line\/#primaryimage"},"datePublished":"2020-11-12T20:40:49+00:00","dateModified":"2021-01-05T23:17:27+00:00","description":"ECOSOLO is a conditioner certified by IBD (Instituto Biodin\u00e2mico) and ECOCERT, intended for planting and maintenance in all crops.","breadcrumb":{"@id":"https:\/\/ambipar.com\/latam\/en\/ambipar-environment\/produtos-ambientais\/agriculture-line\/#breadcrumb"},"inLanguage":"es-CL","potentialAction":[{"@type":"ReadAction","target":["https:\/\/ambipar.com\/latam\/en\/ambipar-environment\/produtos-ambientais\/agriculture-line\/"]}]},{"@type":"BreadcrumbList","@id":"https:\/\/ambipar.com\/latam\/en\/ambipar-environment\/produtos-ambientais\/agriculture-line\/#breadcrumb","itemListElement":[{"@type":"ListItem","position":1,"name":"Home","item":"https:\/\/ambipar.com\/latam\/"},{"@type":"ListItem","position":2,"name":"Ambipar Environment","item":"https:\/\/ambipar.com\/latam\/pt\/ambipar-environment\/"},{"@type":"ListItem","position":3,"name":"Produtos Ambientais","item":"https:\/\/ambipar.com\/latam\/pt\/ambipar-environment\/produtos-ambientais\/"},{"@type":"ListItem","position":4,"name":"Agriculture Line"}]}]}},"_links":{"self":[{"href":"https:\/\/ambipar.com\/latam\/wp-json\/wp\/v2\/pages\/1578"}],"collection":[{"href":"https:\/\/ambipar.com\/latam\/wp-json\/wp\/v2\/pages"}],"about":[{"href":"https:\/\/ambipar.com\/latam\/wp-json\/wp\/v2\/types\/page"}],"author":[{"embeddable":true,"href":"https:\/\/ambipar.com\/latam\/wp-json\/wp\/v2\/users\/1"}],"replies":[{"embeddable":true,"href":"https:\/\/ambipar.com\/latam\/wp-json\/wp\/v2\/comments?post=1578"}],"version-history":[{"count":4,"href":"https:\/\/ambipar.com\/latam\/wp-json\/wp\/v2\/pages\/1578\/revisions"}],"predecessor-version":[{"id":2662,"href":"https:\/\/ambipar.com\/latam\/wp-json\/wp\/v2\/pages\/1578\/revisions\/2662"}],"up":[{"embeddable":true,"href":"https:\/\/ambipar.com\/latam\/wp-json\/wp\/v2\/pages\/255"}],"wp:featuredmedia":[{"embeddable":true,"href":"https:\/\/ambipar.com\/latam\/wp-json\/wp\/v2\/media\/180"}],"wp:attachment":[{"href":"https:\/\/ambipar.com\/latam\/wp-json\/wp\/v2\/media?parent=1578"}],"curies":[{"name":"wp","href":"https:\/\/api.w.org\/{rel}","templated":true}]}}