{"id":1636,"date":"2020-11-12T19:19:13","date_gmt":"2020-11-12T22:19:13","guid":{"rendered":"https:\/\/ambipar.com\/latam\/?page_id=1636"},"modified":"2021-10-13T12:04:49","modified_gmt":"2021-10-13T15:04:49","slug":"gestion-de-los-residuos","status":"publish","type":"page","link":"https:\/\/ambipar.com\/latam\/ambipar-environment-2\/softwares-de-gestion\/gestion-de-los-residuos\/","title":{"rendered":"Gesti\u00f3n de los residuos"},"content":{"rendered":"\n<p>Proporciona la gesti\u00f3n estricta de los residuos generados por la empresa, desde su generaci\u00f3n, hasta el control sobre la empresa responsable del transporte y disposici\u00f3n de los residuos.<\/p>\n\n\n\n<p>El sistema contiene herramientas para ayudar a su empresa en la gesti\u00f3n de las normas ambientales y las agencias reguladoras, a nivel federal o estatal.<\/p>\n\n\n\n<p>Puede integrarse con otros sistemas ya utilizados en la empresa (SAP, entre otros)<\/p>\n\n\n\n<p>Principales beneficios:<\/p>\n\n\n\n<ul><li>Centraliza y estandariza la informaci\u00f3n sobre la ubicaci\u00f3n, movimiento y destino de los residuos<\/li><li>Genera informes de gesti\u00f3n (vol\u00famenes, ventas, destino) e inventarios solicitados por las agencias ambientales<\/li><li>Define documentos e identificaci\u00f3n requerida para los desechos y su transporte<\/li><\/ul>\n\n\n\n<p>Vea tambi\u00e9n:<\/p>\n\n\n\n<ul id=\"block-dc8e3340-cf7e-4418-97cf-9b70f5359851\"><li><a href=\"https:\/\/ambipar.com\/latam\/es\/ambipar-environment\/softwares-de-gestao\/plataforma-de-gestion-y-homologacion-de-proveedores\/\"><a href=\"https:\/\/ambipar.com\/latam\/ambipar-environment-2\/softwares-de-gestion\/plataforma-de-gestion-y-homologacion-de-proveedores\/\">Plataforma de Gesti\u00f3n y Homologaci\u00f3n de Proveedores<\/a><\/a><\/li><li><a href=\"https:\/\/ambipar.com\/latam\/es\/ambipar-environment\/softwares-de-gestao\/plataforma-de-gestion-y-homologacion-de-proveedores\/\"><a href=\"https:\/\/ambipar.com\/latam\/ambipar-environment-2\/softwares-de-gestion\/gestion-y-tratamiento-de-las-no-conformidades\/\">Gesti\u00f3n y tratamiento de las No Conformidades<\/a><\/a><\/li><li><a href=\"https:\/\/ambipar.com\/latam\/es\/ambipar-environment\/softwares-de-gestao\/plataforma-de-gestion-y-homologacion-de-proveedores\/\"><a href=\"https:\/\/ambipar.com\/latam\/ambipar-environment-2\/softwares-de-gestion\/levantamiento-y-monitoreo-de-los-requisitos-legales-aplicables\/\">Levantamiento y Monitoreo de los Requisitos Legales Aplicables<\/a><\/a><\/li><li><a href=\"https:\/\/ambipar.com\/latam\/es\/ambipar-environment\/softwares-de-gestao\/plataforma-de-gestion-y-homologacion-de-proveedores\/\"><a href=\"https:\/\/ambipar.com\/latam\/ambipar-environment-2\/softwares-de-gestion\/gestion-y-analisis-de-riesgos-ocupacionales-y-ambientales\/\">Gesti\u00f3n y An\u00e1lisis de Riesgos Ocupacionales y Ambientales<\/a><\/a><\/li><li><a href=\"https:\/\/ambipar.com\/latam\/es\/ambipar-environment\/softwares-de-gestao\/plataforma-de-gestion-y-homologacion-de-proveedores\/\"><a href=\"https:\/\/ambipar.com\/latam\/ambipar-environment-2\/softwares-de-gestion\/gestion-y-control-de-documentos\/\">Gesti\u00f3n y control de documentos<\/a><\/a><\/li><\/ul>\n\n\n\n<p><\/p>\n","protected":false},"excerpt":{"rendered":"Proporciona la gesti\u00f3n estricta de los residuos generados por la empresa, desde su generaci\u00f3n, hasta el control sobre la empresa responsable del transporte y disposici\u00f3n de los residuos. El sistema contiene herramientas para ayudar a su empresa en la gesti\u00f3n de las normas ambientales y las agencias reguladoras, a nivel federal o estatal. Puede integrarse&#8230; <a class=\"view-article\" href=\"https:\/\/ambipar.com\/latam\/ambipar-environment-2\/softwares-de-gestion\/gestion-de-los-residuos\/\">Ver art\u00edculo<\/a>","protected":false},"author":1,"featured_media":336,"parent":1612,"menu_order":0,"comment_status":"closed","ping_status":"closed","template":"single-servicos.php","meta":[],"yoast_head":"<!-- This site is optimized with the Yoast SEO plugin v17.6 - https:\/\/yoast.com\/wordpress\/plugins\/seo\/ -->\n<title>Descubra los servicios de Gesti\u00f3n de los residuos de Ambipar Environment<\/title>\n<meta name=\"description\" content=\"Proporciona la gesti\u00f3n de los residuos generados, desde su generaci\u00f3n, hasta el control sobre la empresa responsable de su transporte y disposici\u00f3n.\" \/>\n<meta name=\"robots\" content=\"index, follow, max-snippet:-1, max-image-preview:large, max-video-preview:-1\" \/>\n<link rel=\"canonical\" href=\"https:\/\/ambipar.com\/latam\/ambipar-environment-2\/softwares-de-gestion\/gestion-de-los-residuos\/\" \/>\n<meta property=\"og:locale\" content=\"es_ES\" \/>\n<meta property=\"og:type\" content=\"article\" \/>\n<meta property=\"og:title\" content=\"Descubra los servicios de Gesti\u00f3n de los residuos de Ambipar Environment\" \/>\n<meta property=\"og:description\" content=\"Proporciona la gesti\u00f3n de los residuos generados, desde su generaci\u00f3n, hasta el control sobre la empresa responsable de su transporte y disposici\u00f3n.\" \/>\n<meta property=\"og:url\" content=\"https:\/\/ambipar.com\/latam\/ambipar-environment-2\/softwares-de-gestion\/gestion-de-los-residuos\/\" \/>\n<meta property=\"og:site_name\" content=\"Ambipar. A l\u00edder em gest\u00e3o ambiental.\" \/>\n<meta property=\"article:modified_time\" content=\"2021-10-13T15:04:49+00:00\" \/>\n<meta property=\"og:image\" content=\"https:\/\/ambipar.com\/latam\/wp-content\/uploads\/2020\/10\/gestao2b.jpg\" \/>\n\t<meta property=\"og:image:width\" content=\"1000\" \/>\n\t<meta property=\"og:image:height\" content=\"1002\" \/>\n<meta name=\"twitter:card\" content=\"summary_large_image\" \/>\n<meta name=\"twitter:label1\" content=\"Est. reading time\" \/>\n\t<meta name=\"twitter:data1\" content=\"1 minuto\" \/>\n<script type=\"application\/ld+json\" class=\"yoast-schema-graph\">{\"@context\":\"https:\/\/schema.org\",\"@graph\":[{\"@type\":\"Organization\",\"@id\":\"https:\/\/ambipar.com\/latam\/#organization\",\"name\":\"Ambipar\",\"url\":\"https:\/\/ambipar.com\/latam\/\",\"sameAs\":[],\"logo\":{\"@type\":\"ImageObject\",\"@id\":\"https:\/\/ambipar.com\/latam\/#logo\",\"inLanguage\":\"es-CL\",\"url\":\"https:\/\/ambipar.com\/latam\/wp-content\/uploads\/2020\/10\/ambipar_color.png\",\"contentUrl\":\"https:\/\/ambipar.com\/latam\/wp-content\/uploads\/2020\/10\/ambipar_color.png\",\"width\":174,\"height\":107,\"caption\":\"Ambipar\"},\"image\":{\"@id\":\"https:\/\/ambipar.com\/latam\/#logo\"}},{\"@type\":\"WebSite\",\"@id\":\"https:\/\/ambipar.com\/latam\/#website\",\"url\":\"https:\/\/ambipar.com\/latam\/\",\"name\":\"Ambipar. A l\\u00edder em gest\\u00e3o ambiental.\",\"description\":\"Pioneira em solu\\u00e7\\u00f5es ambientais, a Ambipar atua em todo o territ\\u00f3rio nacional oferecendo solu\\u00e7\\u00f5es integradas para toda a cadeia de neg\\u00f3cio.\",\"publisher\":{\"@id\":\"https:\/\/ambipar.com\/latam\/#organization\"},\"potentialAction\":[{\"@type\":\"SearchAction\",\"target\":{\"@type\":\"EntryPoint\",\"urlTemplate\":\"https:\/\/ambipar.com\/latam\/?s={search_term_string}\"},\"query-input\":\"required name=search_term_string\"}],\"inLanguage\":\"es-CL\"},{\"@type\":\"ImageObject\",\"@id\":\"https:\/\/ambipar.com\/latam\/ambipar-environment-2\/softwares-de-gestion\/gestion-de-los-residuos\/#primaryimage\",\"inLanguage\":\"es-CL\",\"url\":\"https:\/\/ambipar.com\/latam\/wp-content\/uploads\/2020\/10\/gestao2b.jpg\",\"contentUrl\":\"https:\/\/ambipar.com\/latam\/wp-content\/uploads\/2020\/10\/gestao2b.jpg\",\"width\":1000,\"height\":1002,\"caption\":\"gest\\u00e3o\"},{\"@type\":\"WebPage\",\"@id\":\"https:\/\/ambipar.com\/latam\/ambipar-environment-2\/softwares-de-gestion\/gestion-de-los-residuos\/#webpage\",\"url\":\"https:\/\/ambipar.com\/latam\/ambipar-environment-2\/softwares-de-gestion\/gestion-de-los-residuos\/\",\"name\":\"Descubra los servicios de Gesti\\u00f3n de los residuos de Ambipar Environment\",\"isPartOf\":{\"@id\":\"https:\/\/ambipar.com\/latam\/#website\"},\"primaryImageOfPage\":{\"@id\":\"https:\/\/ambipar.com\/latam\/ambipar-environment-2\/softwares-de-gestion\/gestion-de-los-residuos\/#primaryimage\"},\"datePublished\":\"2020-11-12T22:19:13+00:00\",\"dateModified\":\"2021-10-13T15:04:49+00:00\",\"description\":\"Proporciona la gesti\\u00f3n de los residuos generados, desde su generaci\\u00f3n, hasta el control sobre la empresa responsable de su transporte y disposici\\u00f3n.\",\"breadcrumb\":{\"@id\":\"https:\/\/ambipar.com\/latam\/ambipar-environment-2\/softwares-de-gestion\/gestion-de-los-residuos\/#breadcrumb\"},\"inLanguage\":\"es-CL\",\"potentialAction\":[{\"@type\":\"ReadAction\",\"target\":[\"https:\/\/ambipar.com\/latam\/ambipar-environment-2\/softwares-de-gestion\/gestion-de-los-residuos\/\"]}]},{\"@type\":\"BreadcrumbList\",\"@id\":\"https:\/\/ambipar.com\/latam\/ambipar-environment-2\/softwares-de-gestion\/gestion-de-los-residuos\/#breadcrumb\",\"itemListElement\":[{\"@type\":\"ListItem\",\"position\":1,\"name\":\"Home\",\"item\":\"https:\/\/ambipar.com\/latam\/\"},{\"@type\":\"ListItem\",\"position\":2,\"name\":\"Ambipar Environment\",\"item\":\"https:\/\/ambipar.com\/latam\/ambipar-environment-2\/\"},{\"@type\":\"ListItem\",\"position\":3,\"name\":\"Softwares de Gesti\\u00f3n\",\"item\":\"https:\/\/ambipar.com\/latam\/ambipar-environment-2\/softwares-de-gestion\/\"},{\"@type\":\"ListItem\",\"position\":4,\"name\":\"Gesti\\u00f3n de los residuos\"}]}]}<\/script>\n<!-- \/ Yoast SEO plugin. -->","yoast_head_json":{"title":"Descubra los servicios de Gesti\u00f3n de los residuos de Ambipar Environment","description":"Proporciona la gesti\u00f3n de los residuos generados, desde su generaci\u00f3n, hasta el control sobre la empresa responsable de su transporte y disposici\u00f3n.","robots":{"index":"index","follow":"follow","max-snippet":"max-snippet:-1","max-image-preview":"max-image-preview:large","max-video-preview":"max-video-preview:-1"},"canonical":"https:\/\/ambipar.com\/latam\/ambipar-environment-2\/softwares-de-gestion\/gestion-de-los-residuos\/","og_locale":"es_ES","og_type":"article","og_title":"Descubra los servicios de Gesti\u00f3n de los residuos de Ambipar Environment","og_description":"Proporciona la gesti\u00f3n de los residuos generados, desde su generaci\u00f3n, hasta el control sobre la empresa responsable de su transporte y disposici\u00f3n.","og_url":"https:\/\/ambipar.com\/latam\/ambipar-environment-2\/softwares-de-gestion\/gestion-de-los-residuos\/","og_site_name":"Ambipar. A l\u00edder em gest\u00e3o ambiental.","article_modified_time":"2021-10-13T15:04:49+00:00","og_image":[{"width":1000,"height":1002,"url":"https:\/\/ambipar.com\/latam\/wp-content\/uploads\/2020\/10\/gestao2b.jpg","type":"image\/jpeg"}],"twitter_card":"summary_large_image","twitter_misc":{"Est. reading time":"1 minuto"},"schema":{"@context":"https:\/\/schema.org","@graph":[{"@type":"Organization","@id":"https:\/\/ambipar.com\/latam\/#organization","name":"Ambipar","url":"https:\/\/ambipar.com\/latam\/","sameAs":[],"logo":{"@type":"ImageObject","@id":"https:\/\/ambipar.com\/latam\/#logo","inLanguage":"es-CL","url":"https:\/\/ambipar.com\/latam\/wp-content\/uploads\/2020\/10\/ambipar_color.png","contentUrl":"https:\/\/ambipar.com\/latam\/wp-content\/uploads\/2020\/10\/ambipar_color.png","width":174,"height":107,"caption":"Ambipar"},"image":{"@id":"https:\/\/ambipar.com\/latam\/#logo"}},{"@type":"WebSite","@id":"https:\/\/ambipar.com\/latam\/#website","url":"https:\/\/ambipar.com\/latam\/","name":"Ambipar. A l\u00edder em gest\u00e3o ambiental.","description":"Pioneira em solu\u00e7\u00f5es ambientais, a Ambipar atua em todo o territ\u00f3rio nacional oferecendo solu\u00e7\u00f5es integradas para toda a cadeia de neg\u00f3cio.","publisher":{"@id":"https:\/\/ambipar.com\/latam\/#organization"},"potentialAction":[{"@type":"SearchAction","target":{"@type":"EntryPoint","urlTemplate":"https:\/\/ambipar.com\/latam\/?s={search_term_string}"},"query-input":"required name=search_term_string"}],"inLanguage":"es-CL"},{"@type":"ImageObject","@id":"https:\/\/ambipar.com\/latam\/ambipar-environment-2\/softwares-de-gestion\/gestion-de-los-residuos\/#primaryimage","inLanguage":"es-CL","url":"https:\/\/ambipar.com\/latam\/wp-content\/uploads\/2020\/10\/gestao2b.jpg","contentUrl":"https:\/\/ambipar.com\/latam\/wp-content\/uploads\/2020\/10\/gestao2b.jpg","width":1000,"height":1002,"caption":"gest\u00e3o"},{"@type":"WebPage","@id":"https:\/\/ambipar.com\/latam\/ambipar-environment-2\/softwares-de-gestion\/gestion-de-los-residuos\/#webpage","url":"https:\/\/ambipar.com\/latam\/ambipar-environment-2\/softwares-de-gestion\/gestion-de-los-residuos\/","name":"Descubra los servicios de Gesti\u00f3n de los residuos de Ambipar Environment","isPartOf":{"@id":"https:\/\/ambipar.com\/latam\/#website"},"primaryImageOfPage":{"@id":"https:\/\/ambipar.com\/latam\/ambipar-environment-2\/softwares-de-gestion\/gestion-de-los-residuos\/#primaryimage"},"datePublished":"2020-11-12T22:19:13+00:00","dateModified":"2021-10-13T15:04:49+00:00","description":"Proporciona la gesti\u00f3n de los residuos generados, desde su generaci\u00f3n, hasta el control sobre la empresa responsable de su transporte y disposici\u00f3n.","breadcrumb":{"@id":"https:\/\/ambipar.com\/latam\/ambipar-environment-2\/softwares-de-gestion\/gestion-de-los-residuos\/#breadcrumb"},"inLanguage":"es-CL","potentialAction":[{"@type":"ReadAction","target":["https:\/\/ambipar.com\/latam\/ambipar-environment-2\/softwares-de-gestion\/gestion-de-los-residuos\/"]}]},{"@type":"BreadcrumbList","@id":"https:\/\/ambipar.com\/latam\/ambipar-environment-2\/softwares-de-gestion\/gestion-de-los-residuos\/#breadcrumb","itemListElement":[{"@type":"ListItem","position":1,"name":"Home","item":"https:\/\/ambipar.com\/latam\/"},{"@type":"ListItem","position":2,"name":"Ambipar Environment","item":"https:\/\/ambipar.com\/latam\/ambipar-environment-2\/"},{"@type":"ListItem","position":3,"name":"Softwares de Gesti\u00f3n","item":"https:\/\/ambipar.com\/latam\/ambipar-environment-2\/softwares-de-gestion\/"},{"@type":"ListItem","position":4,"name":"Gesti\u00f3n de los residuos"}]}]}},"_links":{"self":[{"href":"https:\/\/ambipar.com\/latam\/wp-json\/wp\/v2\/pages\/1636"}],"collection":[{"href":"https:\/\/ambipar.com\/latam\/wp-json\/wp\/v2\/pages"}],"about":[{"href":"https:\/\/ambipar.com\/latam\/wp-json\/wp\/v2\/types\/page"}],"author":[{"embeddable":true,"href":"https:\/\/ambipar.com\/latam\/wp-json\/wp\/v2\/users\/1"}],"replies":[{"embeddable":true,"href":"https:\/\/ambipar.com\/latam\/wp-json\/wp\/v2\/comments?post=1636"}],"version-history":[{"count":4,"href":"https:\/\/ambipar.com\/latam\/wp-json\/wp\/v2\/pages\/1636\/revisions"}],"predecessor-version":[{"id":4163,"href":"https:\/\/ambipar.com\/latam\/wp-json\/wp\/v2\/pages\/1636\/revisions\/4163"}],"up":[{"embeddable":true,"href":"https:\/\/ambipar.com\/latam\/wp-json\/wp\/v2\/pages\/1612"}],"wp:featuredmedia":[{"embeddable":true,"href":"https:\/\/ambipar.com\/latam\/wp-json\/wp\/v2\/media\/336"}],"wp:attachment":[{"href":"https:\/\/ambipar.com\/latam\/wp-json\/wp\/v2\/media?parent=1636"}],"curies":[{"name":"wp","href":"https:\/\/api.w.org\/{rel}","templated":true}]}}