{"id":1755,"date":"2020-11-12T20:49:22","date_gmt":"2020-11-12T23:49:22","guid":{"rendered":"https:\/\/ambipar.com\/latam\/?page_id=1755"},"modified":"2021-10-13T10:29:53","modified_gmt":"2021-10-13T13:29:53","slug":"diseno-y-ejecucion-ete-plantas-de-tratamiento-patios-de-compostaje","status":"publish","type":"page","link":"https:\/\/ambipar.com\/latam\/ambipar-environment-2\/gestion-y-valoracion-de-residuos\/ingenieria-ambiental\/diseno-y-ejecucion-ete-plantas-de-tratamiento-patios-de-compostaje\/","title":{"rendered":"Dise\u00f1o y Ejecuci\u00f3n (ETE, Plantas de tratamiento, Patios de compostaje)"},"content":{"rendered":"\n<p>Integrado por especialistas con m\u00e1s de 20 a\u00f1os de experiencia, Ambipar est\u00e1 calificado para trabajar en Dimensionamiento, Ensayos de Tratabilidad, Dise\u00f1o B\u00e1sico y Dise\u00f1o Ejecutivo de estaciones de tratamiento de efluentes, plantas de tratamiento de residuos y patios de compostaje.<\/p>\n\n\n\n<p>Enfocada en garantizar el resultado, esta divisi\u00f3n garantiza un alto costo x beneficio, la eliminaci\u00f3n de involucramiento con pasivos ambientales y stock de residuos, apoyado por un equipo calificado en pruebas y estudios para el dimensionamiento e implementaci\u00f3n.<\/p>\n\n\n\n<p>Vea tambi\u00e9n: <\/p>\n\n\n\n<ul id=\"block-a09227fe-2846-4cd8-814e-ae901d5ee880\"><li><a href=\"https:\/\/ambipar.com\/latam\/ambipar-environment-2\/gestion-y-valoracion-de-residuos\/ingenieria-ambiental\/analisis-de-laboratorio\/\">An\u00e1lisis de laboratorio<\/a><\/li><li><a href=\"https:\/\/ambipar.com\/latam\/ambipar-environment-2\/gestion-y-valoracion-de-residuos\/ingenieria-ambiental\/caracterizacion-y-clasificacion-de-residuos\/\">Caracterizaci\u00f3n y Clasificaci\u00f3n de residuos<\/a><\/li><li><a href=\"https:\/\/ambipar.com\/latam\/ambipar-environment-2\/gestion-y-valoracion-de-residuos\/ingenieria-ambiental\/fdsr-ficha-de-datos-de-seguridad-de-residuos\/\">FDSR &#8211; Ficha de Datos de Seguridad de Residuos<\/a><\/li><li><a href=\"https:\/\/ambipar.com\/latam\/ambipar-environment-2\/gestion-y-valoracion-de-residuos\/ingenieria-ambiental\/pgrs-programa-de-manejo-de-residuos-solidos\/\">PGRS &#8211; Programa de Manejo de Residuos S\u00f3lidos<\/a><\/li><li><a href=\"https:\/\/ambipar.com\/latam\/ambipar-environment-2\/gestion-y-valoracion-de-residuos\/ingenieria-ambiental\/licencia-ambiental\/\">Licencias ambientales<\/a><\/li><li><a href=\"https:\/\/ambipar.com\/latam\/ambipar-environment-2\/gestion-y-valoracion-de-residuos\/ingenieria-ambiental\/dragado-y-eliminacion-de-sedimentos-de-cuerpos-de-agua\/\">Dragado y eliminaci\u00f3n de sedimentos de cuerpos de agua<\/a><\/li><\/ul>\n\n\n\n<p><\/p>\n","protected":false},"excerpt":{"rendered":"Integrado por especialistas con m\u00e1s de 20 a\u00f1os de experiencia, Ambipar est\u00e1 calificado para trabajar en Dimensionamiento, Ensayos de Tratabilidad, Dise\u00f1o B\u00e1sico y Dise\u00f1o Ejecutivo de estaciones de tratamiento de efluentes, plantas de tratamiento de residuos y patios de compostaje. Enfocada en garantizar el resultado, esta divisi\u00f3n garantiza un alto costo x beneficio, la eliminaci\u00f3n&#8230; <a class=\"view-article\" href=\"https:\/\/ambipar.com\/latam\/ambipar-environment-2\/gestion-y-valoracion-de-residuos\/ingenieria-ambiental\/diseno-y-ejecucion-ete-plantas-de-tratamiento-patios-de-compostaje\/\">Ver art\u00edculo<\/a>","protected":false},"author":1,"featured_media":1323,"parent":1506,"menu_order":0,"comment_status":"closed","ping_status":"closed","template":"single-servicos.php","meta":[],"yoast_head":"<!-- This site is optimized with the Yoast SEO plugin v17.6 - https:\/\/yoast.com\/wordpress\/plugins\/seo\/ -->\n<title>Descubra los servicios de Dise\u00f1o y Ejecuci\u00f3n de Ambipar Environment<\/title>\n<meta name=\"description\" content=\"Ambipar est\u00e1 capacitado para actuar en las pruebas de tratabilidad, Dise\u00f1o B\u00e1sico Dise\u00f1o Ejecutivo de estaciones ETE, plantas de tratamiento.\" \/>\n<meta name=\"robots\" content=\"index, follow, max-snippet:-1, max-image-preview:large, max-video-preview:-1\" \/>\n<link rel=\"canonical\" href=\"https:\/\/ambipar.com\/latam\/ambipar-environment-2\/gestion-y-valoracion-de-residuos\/ingenieria-ambiental\/diseno-y-ejecucion-ete-plantas-de-tratamiento-patios-de-compostaje\/\" \/>\n<meta property=\"og:locale\" content=\"es_ES\" \/>\n<meta property=\"og:type\" content=\"article\" \/>\n<meta property=\"og:title\" content=\"Descubra los servicios de Dise\u00f1o y Ejecuci\u00f3n de Ambipar Environment\" \/>\n<meta property=\"og:description\" content=\"Ambipar est\u00e1 capacitado para actuar en las pruebas de tratabilidad, Dise\u00f1o B\u00e1sico Dise\u00f1o Ejecutivo de estaciones ETE, plantas de tratamiento.\" \/>\n<meta property=\"og:url\" content=\"https:\/\/ambipar.com\/latam\/ambipar-environment-2\/gestion-y-valoracion-de-residuos\/ingenieria-ambiental\/diseno-y-ejecucion-ete-plantas-de-tratamiento-patios-de-compostaje\/\" \/>\n<meta property=\"og:site_name\" content=\"Ambipar. A l\u00edder em gest\u00e3o ambiental.\" \/>\n<meta property=\"article:modified_time\" content=\"2021-10-13T13:29:53+00:00\" \/>\n<meta property=\"og:image\" content=\"https:\/\/ambipar.com\/latam\/wp-content\/uploads\/2020\/11\/engenhariaprojeto.jpg\" \/>\n\t<meta property=\"og:image:width\" content=\"1000\" \/>\n\t<meta property=\"og:image:height\" content=\"1000\" \/>\n<meta name=\"twitter:card\" content=\"summary_large_image\" \/>\n<meta name=\"twitter:label1\" content=\"Est. reading time\" \/>\n\t<meta name=\"twitter:data1\" content=\"1 minuto\" \/>\n<script type=\"application\/ld+json\" class=\"yoast-schema-graph\">{\"@context\":\"https:\/\/schema.org\",\"@graph\":[{\"@type\":\"Organization\",\"@id\":\"https:\/\/ambipar.com\/latam\/#organization\",\"name\":\"Ambipar\",\"url\":\"https:\/\/ambipar.com\/latam\/\",\"sameAs\":[],\"logo\":{\"@type\":\"ImageObject\",\"@id\":\"https:\/\/ambipar.com\/latam\/#logo\",\"inLanguage\":\"es-CL\",\"url\":\"https:\/\/ambipar.com\/latam\/wp-content\/uploads\/2020\/10\/ambipar_color.png\",\"contentUrl\":\"https:\/\/ambipar.com\/latam\/wp-content\/uploads\/2020\/10\/ambipar_color.png\",\"width\":174,\"height\":107,\"caption\":\"Ambipar\"},\"image\":{\"@id\":\"https:\/\/ambipar.com\/latam\/#logo\"}},{\"@type\":\"WebSite\",\"@id\":\"https:\/\/ambipar.com\/latam\/#website\",\"url\":\"https:\/\/ambipar.com\/latam\/\",\"name\":\"Ambipar. A l\\u00edder em gest\\u00e3o ambiental.\",\"description\":\"Pioneira em solu\\u00e7\\u00f5es ambientais, a Ambipar atua em todo o territ\\u00f3rio nacional oferecendo solu\\u00e7\\u00f5es integradas para toda a cadeia de neg\\u00f3cio.\",\"publisher\":{\"@id\":\"https:\/\/ambipar.com\/latam\/#organization\"},\"potentialAction\":[{\"@type\":\"SearchAction\",\"target\":{\"@type\":\"EntryPoint\",\"urlTemplate\":\"https:\/\/ambipar.com\/latam\/?s={search_term_string}\"},\"query-input\":\"required name=search_term_string\"}],\"inLanguage\":\"es-CL\"},{\"@type\":\"ImageObject\",\"@id\":\"https:\/\/ambipar.com\/latam\/ambipar-environment-2\/gestion-y-valoracion-de-residuos\/ingenieria-ambiental\/diseno-y-ejecucion-ete-plantas-de-tratamiento-patios-de-compostaje\/#primaryimage\",\"inLanguage\":\"es-CL\",\"url\":\"https:\/\/ambipar.com\/latam\/wp-content\/uploads\/2020\/11\/engenhariaprojeto.jpg\",\"contentUrl\":\"https:\/\/ambipar.com\/latam\/wp-content\/uploads\/2020\/11\/engenhariaprojeto.jpg\",\"width\":1000,\"height\":1000,\"caption\":\"Projeto e execu\\u00e7\\u00e3o\"},{\"@type\":\"WebPage\",\"@id\":\"https:\/\/ambipar.com\/latam\/ambipar-environment-2\/gestion-y-valoracion-de-residuos\/ingenieria-ambiental\/diseno-y-ejecucion-ete-plantas-de-tratamiento-patios-de-compostaje\/#webpage\",\"url\":\"https:\/\/ambipar.com\/latam\/ambipar-environment-2\/gestion-y-valoracion-de-residuos\/ingenieria-ambiental\/diseno-y-ejecucion-ete-plantas-de-tratamiento-patios-de-compostaje\/\",\"name\":\"Descubra los servicios de Dise\\u00f1o y Ejecuci\\u00f3n de Ambipar Environment\",\"isPartOf\":{\"@id\":\"https:\/\/ambipar.com\/latam\/#website\"},\"primaryImageOfPage\":{\"@id\":\"https:\/\/ambipar.com\/latam\/ambipar-environment-2\/gestion-y-valoracion-de-residuos\/ingenieria-ambiental\/diseno-y-ejecucion-ete-plantas-de-tratamiento-patios-de-compostaje\/#primaryimage\"},\"datePublished\":\"2020-11-12T23:49:22+00:00\",\"dateModified\":\"2021-10-13T13:29:53+00:00\",\"description\":\"Ambipar est\\u00e1 capacitado para actuar en las pruebas de tratabilidad, Dise\\u00f1o B\\u00e1sico Dise\\u00f1o Ejecutivo de estaciones ETE, plantas de tratamiento.\",\"breadcrumb\":{\"@id\":\"https:\/\/ambipar.com\/latam\/ambipar-environment-2\/gestion-y-valoracion-de-residuos\/ingenieria-ambiental\/diseno-y-ejecucion-ete-plantas-de-tratamiento-patios-de-compostaje\/#breadcrumb\"},\"inLanguage\":\"es-CL\",\"potentialAction\":[{\"@type\":\"ReadAction\",\"target\":[\"https:\/\/ambipar.com\/latam\/ambipar-environment-2\/gestion-y-valoracion-de-residuos\/ingenieria-ambiental\/diseno-y-ejecucion-ete-plantas-de-tratamiento-patios-de-compostaje\/\"]}]},{\"@type\":\"BreadcrumbList\",\"@id\":\"https:\/\/ambipar.com\/latam\/ambipar-environment-2\/gestion-y-valoracion-de-residuos\/ingenieria-ambiental\/diseno-y-ejecucion-ete-plantas-de-tratamiento-patios-de-compostaje\/#breadcrumb\",\"itemListElement\":[{\"@type\":\"ListItem\",\"position\":1,\"name\":\"Home\",\"item\":\"https:\/\/ambipar.com\/latam\/\"},{\"@type\":\"ListItem\",\"position\":2,\"name\":\"Ambipar Environment\",\"item\":\"https:\/\/ambipar.com\/latam\/ambipar-environment-2\/\"},{\"@type\":\"ListItem\",\"position\":3,\"name\":\"Gesti\\u00f3n y Valoraci\\u00f3n de Residuos\",\"item\":\"https:\/\/ambipar.com\/latam\/ambipar-environment-2\/gestion-y-valoracion-de-residuos\/\"},{\"@type\":\"ListItem\",\"position\":4,\"name\":\"Ingenier\\u00eda Ambiental\",\"item\":\"https:\/\/ambipar.com\/latam\/ambipar-environment-2\/gestion-y-valoracion-de-residuos\/ingenieria-ambiental\/\"},{\"@type\":\"ListItem\",\"position\":5,\"name\":\"Dise\\u00f1o y Ejecuci\\u00f3n (ETE, Plantas de tratamiento, Patios de compostaje)\"}]}]}<\/script>\n<!-- \/ Yoast SEO plugin. -->","yoast_head_json":{"title":"Descubra los servicios de Dise\u00f1o y Ejecuci\u00f3n de Ambipar Environment","description":"Ambipar est\u00e1 capacitado para actuar en las pruebas de tratabilidad, Dise\u00f1o B\u00e1sico Dise\u00f1o Ejecutivo de estaciones ETE, plantas de tratamiento.","robots":{"index":"index","follow":"follow","max-snippet":"max-snippet:-1","max-image-preview":"max-image-preview:large","max-video-preview":"max-video-preview:-1"},"canonical":"https:\/\/ambipar.com\/latam\/ambipar-environment-2\/gestion-y-valoracion-de-residuos\/ingenieria-ambiental\/diseno-y-ejecucion-ete-plantas-de-tratamiento-patios-de-compostaje\/","og_locale":"es_ES","og_type":"article","og_title":"Descubra los servicios de Dise\u00f1o y Ejecuci\u00f3n de Ambipar Environment","og_description":"Ambipar est\u00e1 capacitado para actuar en las pruebas de tratabilidad, Dise\u00f1o B\u00e1sico Dise\u00f1o Ejecutivo de estaciones ETE, plantas de tratamiento.","og_url":"https:\/\/ambipar.com\/latam\/ambipar-environment-2\/gestion-y-valoracion-de-residuos\/ingenieria-ambiental\/diseno-y-ejecucion-ete-plantas-de-tratamiento-patios-de-compostaje\/","og_site_name":"Ambipar. A l\u00edder em gest\u00e3o ambiental.","article_modified_time":"2021-10-13T13:29:53+00:00","og_image":[{"width":1000,"height":1000,"url":"https:\/\/ambipar.com\/latam\/wp-content\/uploads\/2020\/11\/engenhariaprojeto.jpg","type":"image\/jpeg"}],"twitter_card":"summary_large_image","twitter_misc":{"Est. reading time":"1 minuto"},"schema":{"@context":"https:\/\/schema.org","@graph":[{"@type":"Organization","@id":"https:\/\/ambipar.com\/latam\/#organization","name":"Ambipar","url":"https:\/\/ambipar.com\/latam\/","sameAs":[],"logo":{"@type":"ImageObject","@id":"https:\/\/ambipar.com\/latam\/#logo","inLanguage":"es-CL","url":"https:\/\/ambipar.com\/latam\/wp-content\/uploads\/2020\/10\/ambipar_color.png","contentUrl":"https:\/\/ambipar.com\/latam\/wp-content\/uploads\/2020\/10\/ambipar_color.png","width":174,"height":107,"caption":"Ambipar"},"image":{"@id":"https:\/\/ambipar.com\/latam\/#logo"}},{"@type":"WebSite","@id":"https:\/\/ambipar.com\/latam\/#website","url":"https:\/\/ambipar.com\/latam\/","name":"Ambipar. A l\u00edder em gest\u00e3o ambiental.","description":"Pioneira em solu\u00e7\u00f5es ambientais, a Ambipar atua em todo o territ\u00f3rio nacional oferecendo solu\u00e7\u00f5es integradas para toda a cadeia de neg\u00f3cio.","publisher":{"@id":"https:\/\/ambipar.com\/latam\/#organization"},"potentialAction":[{"@type":"SearchAction","target":{"@type":"EntryPoint","urlTemplate":"https:\/\/ambipar.com\/latam\/?s={search_term_string}"},"query-input":"required name=search_term_string"}],"inLanguage":"es-CL"},{"@type":"ImageObject","@id":"https:\/\/ambipar.com\/latam\/ambipar-environment-2\/gestion-y-valoracion-de-residuos\/ingenieria-ambiental\/diseno-y-ejecucion-ete-plantas-de-tratamiento-patios-de-compostaje\/#primaryimage","inLanguage":"es-CL","url":"https:\/\/ambipar.com\/latam\/wp-content\/uploads\/2020\/11\/engenhariaprojeto.jpg","contentUrl":"https:\/\/ambipar.com\/latam\/wp-content\/uploads\/2020\/11\/engenhariaprojeto.jpg","width":1000,"height":1000,"caption":"Projeto e execu\u00e7\u00e3o"},{"@type":"WebPage","@id":"https:\/\/ambipar.com\/latam\/ambipar-environment-2\/gestion-y-valoracion-de-residuos\/ingenieria-ambiental\/diseno-y-ejecucion-ete-plantas-de-tratamiento-patios-de-compostaje\/#webpage","url":"https:\/\/ambipar.com\/latam\/ambipar-environment-2\/gestion-y-valoracion-de-residuos\/ingenieria-ambiental\/diseno-y-ejecucion-ete-plantas-de-tratamiento-patios-de-compostaje\/","name":"Descubra los servicios de Dise\u00f1o y Ejecuci\u00f3n de Ambipar Environment","isPartOf":{"@id":"https:\/\/ambipar.com\/latam\/#website"},"primaryImageOfPage":{"@id":"https:\/\/ambipar.com\/latam\/ambipar-environment-2\/gestion-y-valoracion-de-residuos\/ingenieria-ambiental\/diseno-y-ejecucion-ete-plantas-de-tratamiento-patios-de-compostaje\/#primaryimage"},"datePublished":"2020-11-12T23:49:22+00:00","dateModified":"2021-10-13T13:29:53+00:00","description":"Ambipar est\u00e1 capacitado para actuar en las pruebas de tratabilidad, Dise\u00f1o B\u00e1sico Dise\u00f1o Ejecutivo de estaciones ETE, plantas de tratamiento.","breadcrumb":{"@id":"https:\/\/ambipar.com\/latam\/ambipar-environment-2\/gestion-y-valoracion-de-residuos\/ingenieria-ambiental\/diseno-y-ejecucion-ete-plantas-de-tratamiento-patios-de-compostaje\/#breadcrumb"},"inLanguage":"es-CL","potentialAction":[{"@type":"ReadAction","target":["https:\/\/ambipar.com\/latam\/ambipar-environment-2\/gestion-y-valoracion-de-residuos\/ingenieria-ambiental\/diseno-y-ejecucion-ete-plantas-de-tratamiento-patios-de-compostaje\/"]}]},{"@type":"BreadcrumbList","@id":"https:\/\/ambipar.com\/latam\/ambipar-environment-2\/gestion-y-valoracion-de-residuos\/ingenieria-ambiental\/diseno-y-ejecucion-ete-plantas-de-tratamiento-patios-de-compostaje\/#breadcrumb","itemListElement":[{"@type":"ListItem","position":1,"name":"Home","item":"https:\/\/ambipar.com\/latam\/"},{"@type":"ListItem","position":2,"name":"Ambipar Environment","item":"https:\/\/ambipar.com\/latam\/ambipar-environment-2\/"},{"@type":"ListItem","position":3,"name":"Gesti\u00f3n y Valoraci\u00f3n de Residuos","item":"https:\/\/ambipar.com\/latam\/ambipar-environment-2\/gestion-y-valoracion-de-residuos\/"},{"@type":"ListItem","position":4,"name":"Ingenier\u00eda Ambiental","item":"https:\/\/ambipar.com\/latam\/ambipar-environment-2\/gestion-y-valoracion-de-residuos\/ingenieria-ambiental\/"},{"@type":"ListItem","position":5,"name":"Dise\u00f1o y Ejecuci\u00f3n (ETE, Plantas de tratamiento, Patios de compostaje)"}]}]}},"_links":{"self":[{"href":"https:\/\/ambipar.com\/latam\/wp-json\/wp\/v2\/pages\/1755"}],"collection":[{"href":"https:\/\/ambipar.com\/latam\/wp-json\/wp\/v2\/pages"}],"about":[{"href":"https:\/\/ambipar.com\/latam\/wp-json\/wp\/v2\/types\/page"}],"author":[{"embeddable":true,"href":"https:\/\/ambipar.com\/latam\/wp-json\/wp\/v2\/users\/1"}],"replies":[{"embeddable":true,"href":"https:\/\/ambipar.com\/latam\/wp-json\/wp\/v2\/comments?post=1755"}],"version-history":[{"count":5,"href":"https:\/\/ambipar.com\/latam\/wp-json\/wp\/v2\/pages\/1755\/revisions"}],"predecessor-version":[{"id":4138,"href":"https:\/\/ambipar.com\/latam\/wp-json\/wp\/v2\/pages\/1755\/revisions\/4138"}],"up":[{"embeddable":true,"href":"https:\/\/ambipar.com\/latam\/wp-json\/wp\/v2\/pages\/1506"}],"wp:featuredmedia":[{"embeddable":true,"href":"https:\/\/ambipar.com\/latam\/wp-json\/wp\/v2\/media\/1323"}],"wp:attachment":[{"href":"https:\/\/ambipar.com\/latam\/wp-json\/wp\/v2\/media?parent=1755"}],"curies":[{"name":"wp","href":"https:\/\/api.w.org\/{rel}","templated":true}]}}