{"id":1932,"date":"2020-11-15T23:01:54","date_gmt":"2020-11-16T02:01:54","guid":{"rendered":"https:\/\/ambipar.com\/latam\/?page_id=1932"},"modified":"2021-10-14T13:57:08","modified_gmt":"2021-10-14T16:57:08","slug":"quimicos-pkw-2","status":"publish","type":"page","link":"https:\/\/ambipar.com\/latam\/ambipar-response-3\/equipos-de-combate-a-incendios\/quimicos-pkw-2\/","title":{"rendered":"Qu\u00edmicos (PKW)"},"content":{"rendered":"\n<p>&#8220;PKW \u2122&#8221; de Williams es un Purple-K altamente especializado que es uno de los qu\u00edmicos secos m\u00e1s efectivos que se utilizan para extinguir incendios presurizados de l\u00edquidos inflamables y \/ o combustibles.<\/p>\n\n\n\n<p>Cuando se usa en conjunto con la tecnolog\u00eda Hydro-Chem \u2122 de manera efectiva, controla y extingue el fuego l\u00edquido presurizado o tridimensional &#8220;Clase B&#8221;. Su distintivo color morado oscuro le brinda al bombero la capacidad de permanecer EN EL OBJETIVO cuando est\u00e1 dise\u00f1ado para el fuego dentro de la espuma y \/ o el flujo de agua.<\/p>\n\n\n\n<p>El resultado, cuando se combina con la tecnolog\u00eda Hydro-Chem \u2122, es la capacidad de lograr una &#8220;ca\u00edda&#8221; y extinci\u00f3n m\u00e1s r\u00e1pida y eficiente.<\/p>\n\n\n\n<p>Vea tambi\u00e9n:<\/p>\n\n\n\n<ul><li><a href=\"https:\/\/ambipar.com\/latam\/ambipar-response-3\/equipos-de-combate-a-incendios\/equipos-de-alto-flujo\/\">Equipos de Alto Flujo<\/a><\/li><li><a href=\"https:\/\/ambipar.com\/latam\/ambipar-response-3\/equipos-de-combate-a-incendios\/espumas-lge-2\/\">Espumas (LGE)<\/a><\/li><li><a href=\"https:\/\/ambipar.com\/latam\/ambipar-response-3\/equipos-de-combate-a-incendios\/mangueras-y-boquillas-para-combate-a-incendio\/\">Mangueras y Boquillas para combate a incendio<\/a><\/li><\/ul>\n","protected":false},"excerpt":{"rendered":"&#8220;PKW \u2122&#8221; de Williams es un Purple-K altamente especializado que es uno de los qu\u00edmicos secos m\u00e1s efectivos que se utilizan para extinguir incendios presurizados de l\u00edquidos inflamables y \/ o combustibles. Cuando se usa en conjunto con la tecnolog\u00eda Hydro-Chem \u2122 de manera efectiva, controla y extingue el fuego l\u00edquido presurizado o tridimensional &#8220;Clase&#8230; <a class=\"view-article\" href=\"https:\/\/ambipar.com\/latam\/ambipar-response-3\/equipos-de-combate-a-incendios\/quimicos-pkw-2\/\">Ver art\u00edculo<\/a>","protected":false},"author":1,"featured_media":488,"parent":1884,"menu_order":0,"comment_status":"closed","ping_status":"closed","template":"single-servicos.php","meta":[],"yoast_head":"<!-- This site is optimized with the Yoast SEO plugin v17.6 - https:\/\/yoast.com\/wordpress\/plugins\/seo\/ -->\n<title>Conozca los Qu\u00edmicos (PKW) que ofrece Ambipar Response<\/title>\n<meta name=\"description\" content=\"Williams &quot;PKW \u2122&quot; es un Purple-K altamente especializado que es uno de los qu\u00edmicos secos m\u00e1s efectivos para extinguir incendios l\u00edquidos\" \/>\n<meta name=\"robots\" content=\"index, follow, max-snippet:-1, max-image-preview:large, max-video-preview:-1\" \/>\n<link rel=\"canonical\" href=\"https:\/\/ambipar.com\/latam\/ambipar-response-3\/equipos-de-combate-a-incendios\/quimicos-pkw-2\/\" \/>\n<meta property=\"og:locale\" content=\"es_ES\" \/>\n<meta property=\"og:type\" content=\"article\" \/>\n<meta property=\"og:title\" content=\"Conozca los Qu\u00edmicos (PKW) que ofrece Ambipar Response\" \/>\n<meta property=\"og:description\" content=\"Williams &quot;PKW \u2122&quot; es un Purple-K altamente especializado que es uno de los qu\u00edmicos secos m\u00e1s efectivos para extinguir incendios l\u00edquidos\" \/>\n<meta property=\"og:url\" content=\"https:\/\/ambipar.com\/latam\/ambipar-response-3\/equipos-de-combate-a-incendios\/quimicos-pkw-2\/\" \/>\n<meta property=\"og:site_name\" content=\"Ambipar. A l\u00edder em gest\u00e3o ambiental.\" \/>\n<meta property=\"article:modified_time\" content=\"2021-10-14T16:57:08+00:00\" \/>\n<meta property=\"og:image\" content=\"https:\/\/ambipar.com\/latam\/wp-content\/uploads\/2020\/10\/equipamentos_combate_incendio.jpg\" \/>\n\t<meta property=\"og:image:width\" content=\"463\" \/>\n\t<meta property=\"og:image:height\" content=\"627\" \/>\n<meta name=\"twitter:card\" content=\"summary_large_image\" \/>\n<meta name=\"twitter:label1\" content=\"Est. reading time\" \/>\n\t<meta name=\"twitter:data1\" content=\"1 minuto\" \/>\n<script type=\"application\/ld+json\" class=\"yoast-schema-graph\">{\"@context\":\"https:\/\/schema.org\",\"@graph\":[{\"@type\":\"Organization\",\"@id\":\"https:\/\/ambipar.com\/latam\/#organization\",\"name\":\"Ambipar\",\"url\":\"https:\/\/ambipar.com\/latam\/\",\"sameAs\":[],\"logo\":{\"@type\":\"ImageObject\",\"@id\":\"https:\/\/ambipar.com\/latam\/#logo\",\"inLanguage\":\"es-CL\",\"url\":\"https:\/\/ambipar.com\/latam\/wp-content\/uploads\/2020\/10\/ambipar_color.png\",\"contentUrl\":\"https:\/\/ambipar.com\/latam\/wp-content\/uploads\/2020\/10\/ambipar_color.png\",\"width\":174,\"height\":107,\"caption\":\"Ambipar\"},\"image\":{\"@id\":\"https:\/\/ambipar.com\/latam\/#logo\"}},{\"@type\":\"WebSite\",\"@id\":\"https:\/\/ambipar.com\/latam\/#website\",\"url\":\"https:\/\/ambipar.com\/latam\/\",\"name\":\"Ambipar. A l\\u00edder em gest\\u00e3o ambiental.\",\"description\":\"Pioneira em solu\\u00e7\\u00f5es ambientais, a Ambipar atua em todo o territ\\u00f3rio nacional oferecendo solu\\u00e7\\u00f5es integradas para toda a cadeia de neg\\u00f3cio.\",\"publisher\":{\"@id\":\"https:\/\/ambipar.com\/latam\/#organization\"},\"potentialAction\":[{\"@type\":\"SearchAction\",\"target\":{\"@type\":\"EntryPoint\",\"urlTemplate\":\"https:\/\/ambipar.com\/latam\/?s={search_term_string}\"},\"query-input\":\"required name=search_term_string\"}],\"inLanguage\":\"es-CL\"},{\"@type\":\"ImageObject\",\"@id\":\"https:\/\/ambipar.com\/latam\/ambipar-response-3\/equipos-de-combate-a-incendios\/quimicos-pkw-2\/#primaryimage\",\"inLanguage\":\"es-CL\",\"url\":\"https:\/\/ambipar.com\/latam\/wp-content\/uploads\/2020\/10\/equipamentos_combate_incendio.jpg\",\"contentUrl\":\"https:\/\/ambipar.com\/latam\/wp-content\/uploads\/2020\/10\/equipamentos_combate_incendio.jpg\",\"width\":463,\"height\":627,\"caption\":\"Imagem da equipe de combate a inc\\u00eandios em a\\u00e7\\u00e3o\"},{\"@type\":\"WebPage\",\"@id\":\"https:\/\/ambipar.com\/latam\/ambipar-response-3\/equipos-de-combate-a-incendios\/quimicos-pkw-2\/#webpage\",\"url\":\"https:\/\/ambipar.com\/latam\/ambipar-response-3\/equipos-de-combate-a-incendios\/quimicos-pkw-2\/\",\"name\":\"Conozca los Qu\\u00edmicos (PKW) que ofrece Ambipar Response\",\"isPartOf\":{\"@id\":\"https:\/\/ambipar.com\/latam\/#website\"},\"primaryImageOfPage\":{\"@id\":\"https:\/\/ambipar.com\/latam\/ambipar-response-3\/equipos-de-combate-a-incendios\/quimicos-pkw-2\/#primaryimage\"},\"datePublished\":\"2020-11-16T02:01:54+00:00\",\"dateModified\":\"2021-10-14T16:57:08+00:00\",\"description\":\"Williams \\\"PKW \\u2122\\\" es un Purple-K altamente especializado que es uno de los qu\\u00edmicos secos m\\u00e1s efectivos para extinguir incendios l\\u00edquidos\",\"breadcrumb\":{\"@id\":\"https:\/\/ambipar.com\/latam\/ambipar-response-3\/equipos-de-combate-a-incendios\/quimicos-pkw-2\/#breadcrumb\"},\"inLanguage\":\"es-CL\",\"potentialAction\":[{\"@type\":\"ReadAction\",\"target\":[\"https:\/\/ambipar.com\/latam\/ambipar-response-3\/equipos-de-combate-a-incendios\/quimicos-pkw-2\/\"]}]},{\"@type\":\"BreadcrumbList\",\"@id\":\"https:\/\/ambipar.com\/latam\/ambipar-response-3\/equipos-de-combate-a-incendios\/quimicos-pkw-2\/#breadcrumb\",\"itemListElement\":[{\"@type\":\"ListItem\",\"position\":1,\"name\":\"Home\",\"item\":\"https:\/\/ambipar.com\/latam\/\"},{\"@type\":\"ListItem\",\"position\":2,\"name\":\"Ambipar Response\",\"item\":\"https:\/\/ambipar.com\/latam\/ambipar-response-3\/\"},{\"@type\":\"ListItem\",\"position\":3,\"name\":\"Equipos de Combate a Incendios\",\"item\":\"https:\/\/ambipar.com\/latam\/ambipar-response-3\/equipos-de-combate-a-incendios\/\"},{\"@type\":\"ListItem\",\"position\":4,\"name\":\"Qu\\u00edmicos (PKW)\"}]}]}<\/script>\n<!-- \/ Yoast SEO plugin. -->","yoast_head_json":{"title":"Conozca los Qu\u00edmicos (PKW) que ofrece Ambipar Response","description":"Williams \"PKW \u2122\" es un Purple-K altamente especializado que es uno de los qu\u00edmicos secos m\u00e1s efectivos para extinguir incendios l\u00edquidos","robots":{"index":"index","follow":"follow","max-snippet":"max-snippet:-1","max-image-preview":"max-image-preview:large","max-video-preview":"max-video-preview:-1"},"canonical":"https:\/\/ambipar.com\/latam\/ambipar-response-3\/equipos-de-combate-a-incendios\/quimicos-pkw-2\/","og_locale":"es_ES","og_type":"article","og_title":"Conozca los Qu\u00edmicos (PKW) que ofrece Ambipar Response","og_description":"Williams \"PKW \u2122\" es un Purple-K altamente especializado que es uno de los qu\u00edmicos secos m\u00e1s efectivos para extinguir incendios l\u00edquidos","og_url":"https:\/\/ambipar.com\/latam\/ambipar-response-3\/equipos-de-combate-a-incendios\/quimicos-pkw-2\/","og_site_name":"Ambipar. A l\u00edder em gest\u00e3o ambiental.","article_modified_time":"2021-10-14T16:57:08+00:00","og_image":[{"width":463,"height":627,"url":"https:\/\/ambipar.com\/latam\/wp-content\/uploads\/2020\/10\/equipamentos_combate_incendio.jpg","type":"image\/jpeg"}],"twitter_card":"summary_large_image","twitter_misc":{"Est. reading time":"1 minuto"},"schema":{"@context":"https:\/\/schema.org","@graph":[{"@type":"Organization","@id":"https:\/\/ambipar.com\/latam\/#organization","name":"Ambipar","url":"https:\/\/ambipar.com\/latam\/","sameAs":[],"logo":{"@type":"ImageObject","@id":"https:\/\/ambipar.com\/latam\/#logo","inLanguage":"es-CL","url":"https:\/\/ambipar.com\/latam\/wp-content\/uploads\/2020\/10\/ambipar_color.png","contentUrl":"https:\/\/ambipar.com\/latam\/wp-content\/uploads\/2020\/10\/ambipar_color.png","width":174,"height":107,"caption":"Ambipar"},"image":{"@id":"https:\/\/ambipar.com\/latam\/#logo"}},{"@type":"WebSite","@id":"https:\/\/ambipar.com\/latam\/#website","url":"https:\/\/ambipar.com\/latam\/","name":"Ambipar. A l\u00edder em gest\u00e3o ambiental.","description":"Pioneira em solu\u00e7\u00f5es ambientais, a Ambipar atua em todo o territ\u00f3rio nacional oferecendo solu\u00e7\u00f5es integradas para toda a cadeia de neg\u00f3cio.","publisher":{"@id":"https:\/\/ambipar.com\/latam\/#organization"},"potentialAction":[{"@type":"SearchAction","target":{"@type":"EntryPoint","urlTemplate":"https:\/\/ambipar.com\/latam\/?s={search_term_string}"},"query-input":"required name=search_term_string"}],"inLanguage":"es-CL"},{"@type":"ImageObject","@id":"https:\/\/ambipar.com\/latam\/ambipar-response-3\/equipos-de-combate-a-incendios\/quimicos-pkw-2\/#primaryimage","inLanguage":"es-CL","url":"https:\/\/ambipar.com\/latam\/wp-content\/uploads\/2020\/10\/equipamentos_combate_incendio.jpg","contentUrl":"https:\/\/ambipar.com\/latam\/wp-content\/uploads\/2020\/10\/equipamentos_combate_incendio.jpg","width":463,"height":627,"caption":"Imagem da equipe de combate a inc\u00eandios em a\u00e7\u00e3o"},{"@type":"WebPage","@id":"https:\/\/ambipar.com\/latam\/ambipar-response-3\/equipos-de-combate-a-incendios\/quimicos-pkw-2\/#webpage","url":"https:\/\/ambipar.com\/latam\/ambipar-response-3\/equipos-de-combate-a-incendios\/quimicos-pkw-2\/","name":"Conozca los Qu\u00edmicos (PKW) que ofrece Ambipar Response","isPartOf":{"@id":"https:\/\/ambipar.com\/latam\/#website"},"primaryImageOfPage":{"@id":"https:\/\/ambipar.com\/latam\/ambipar-response-3\/equipos-de-combate-a-incendios\/quimicos-pkw-2\/#primaryimage"},"datePublished":"2020-11-16T02:01:54+00:00","dateModified":"2021-10-14T16:57:08+00:00","description":"Williams \"PKW \u2122\" es un Purple-K altamente especializado que es uno de los qu\u00edmicos secos m\u00e1s efectivos para extinguir incendios l\u00edquidos","breadcrumb":{"@id":"https:\/\/ambipar.com\/latam\/ambipar-response-3\/equipos-de-combate-a-incendios\/quimicos-pkw-2\/#breadcrumb"},"inLanguage":"es-CL","potentialAction":[{"@type":"ReadAction","target":["https:\/\/ambipar.com\/latam\/ambipar-response-3\/equipos-de-combate-a-incendios\/quimicos-pkw-2\/"]}]},{"@type":"BreadcrumbList","@id":"https:\/\/ambipar.com\/latam\/ambipar-response-3\/equipos-de-combate-a-incendios\/quimicos-pkw-2\/#breadcrumb","itemListElement":[{"@type":"ListItem","position":1,"name":"Home","item":"https:\/\/ambipar.com\/latam\/"},{"@type":"ListItem","position":2,"name":"Ambipar Response","item":"https:\/\/ambipar.com\/latam\/ambipar-response-3\/"},{"@type":"ListItem","position":3,"name":"Equipos de Combate a Incendios","item":"https:\/\/ambipar.com\/latam\/ambipar-response-3\/equipos-de-combate-a-incendios\/"},{"@type":"ListItem","position":4,"name":"Qu\u00edmicos (PKW)"}]}]}},"_links":{"self":[{"href":"https:\/\/ambipar.com\/latam\/wp-json\/wp\/v2\/pages\/1932"}],"collection":[{"href":"https:\/\/ambipar.com\/latam\/wp-json\/wp\/v2\/pages"}],"about":[{"href":"https:\/\/ambipar.com\/latam\/wp-json\/wp\/v2\/types\/page"}],"author":[{"embeddable":true,"href":"https:\/\/ambipar.com\/latam\/wp-json\/wp\/v2\/users\/1"}],"replies":[{"embeddable":true,"href":"https:\/\/ambipar.com\/latam\/wp-json\/wp\/v2\/comments?post=1932"}],"version-history":[{"count":4,"href":"https:\/\/ambipar.com\/latam\/wp-json\/wp\/v2\/pages\/1932\/revisions"}],"predecessor-version":[{"id":4302,"href":"https:\/\/ambipar.com\/latam\/wp-json\/wp\/v2\/pages\/1932\/revisions\/4302"}],"up":[{"embeddable":true,"href":"https:\/\/ambipar.com\/latam\/wp-json\/wp\/v2\/pages\/1884"}],"wp:featuredmedia":[{"embeddable":true,"href":"https:\/\/ambipar.com\/latam\/wp-json\/wp\/v2\/media\/488"}],"wp:attachment":[{"href":"https:\/\/ambipar.com\/latam\/wp-json\/wp\/v2\/media?parent=1932"}],"curies":[{"name":"wp","href":"https:\/\/api.w.org\/{rel}","templated":true}]}}