{"id":2005,"date":"2020-11-16T12:23:05","date_gmt":"2020-11-16T15:23:05","guid":{"rendered":"https:\/\/ambipar.com\/latam\/?page_id=2005"},"modified":"2021-10-20T10:05:30","modified_gmt":"2021-10-20T13:05:30","slug":"emergencias-maritimas-y-fluviales","status":"publish","type":"page","link":"https:\/\/ambipar.com\/latam\/ambipar-response-3\/repuesta-a-emergencias\/emergencias-maritimas-y-fluviales\/","title":{"rendered":"Emergencias Mar\u00edtimas y Fluviales"},"content":{"rendered":"\n<p>Marine, es una divisi\u00f3n especializada en prestar servicios de gesti\u00f3n del riesgo y servicios mar\u00edtimos, y de control de emergencias que involucren derrames de hidrocarburos al mar y aguas continentales, as\u00ed como aquellas producidas por incidentes con mercanc\u00edas peligrosas en contenedores dentro y fuera de los puertos.<\/p>\n\n\n\n<p>Ofreciendo un servicio con personal debidamente capacitado y equipamiento bajo los diferentes est\u00e1ndares operacionales y de calidad, recomendados por la Organizaci\u00f3n Mar\u00edtima Internacional e instituciones t\u00e9cnicas reconocidas a nivel mundial, logrando desde el a\u00f1o 2015 a la fecha, obtener como empresa la Acreditaci\u00f3n como Empresa Oil Spill Responder (OSR) por parte de la Autoridad Mar\u00edtima, la cual ha permitido establecer una l\u00ednea de servicios en Latinoam\u00e9rica.<\/p>\n\n\n\n<ul><li>T\u00e9cnicas de respuesta a derrames de hidrocarburos (IMO I e IMO II)<\/li><li>Operadores HAZMAT certificados internacionalmente <\/li><li>Equipos de contenci\u00f3n, contenci\u00f3n y absorci\u00f3n<\/li><li>Monitoreo ambiental<\/li><li>Estructura de respuesta nivel I, II y III<\/li><li>Elaboraci\u00f3n de PEI&#8217;s y documentos t\u00e9cnicos<\/li><li>Monitoreo de suministro de embarcaciones<\/li><li>Asedio preventivo<\/li><\/ul>\n\n\n\n<div class=\"wp-block-columns\">\n<div class=\"wp-block-column\">\n<figure class=\"wp-block-image size-full\"><img width=\"130\" height=\"130\" src=\"https:\/\/ambipar.com\/latam\/wp-content\/uploads\/2021\/10\/AM.png\" alt=\"icono marine\" class=\"wp-image-4379\" srcset=\"https:\/\/ambipar.com\/latam\/wp-content\/uploads\/2021\/10\/AM.png 130w, https:\/\/ambipar.com\/latam\/wp-content\/uploads\/2021\/10\/AM-120x120.png 120w\" sizes=\"(max-width: 130px) 100vw, 130px\" \/><figcaption>CURSOS DE OPERADOR CONTRA DERRAMES OMI<\/figcaption><\/figure>\n\n\n\n<figure class=\"wp-block-image size-full\"><img src=\"https:\/\/ambipar.com\/latam\/wp-content\/uploads\/2021\/10\/DM-1.png\" alt=\"\" class=\"wp-image-4386\"\/><figcaption>VENTA DE EQUIPOS PARA CONTROL DE DERRAMES DE HIDROCARBUROS AL MAR<\/figcaption><\/figure>\n<\/div>\n\n\n\n<div class=\"wp-block-column\">\n<figure class=\"wp-block-image size-full\"><img width=\"131\" height=\"130\" src=\"https:\/\/ambipar.com\/latam\/wp-content\/uploads\/2021\/10\/BM.png\" alt=\"\u00edcono marine 2\" class=\"wp-image-4381\" srcset=\"https:\/\/ambipar.com\/latam\/wp-content\/uploads\/2021\/10\/BM.png 131w, https:\/\/ambipar.com\/latam\/wp-content\/uploads\/2021\/10\/BM-120x119.png 120w\" sizes=\"(max-width: 131px) 100vw, 131px\" \/><figcaption>ATENCI\u00d3N DE EMERGENCIAS POR DERRAME DE HIDROCARBUROS <\/figcaption><\/figure>\n\n\n\n<figure class=\"wp-block-image size-full\"><img width=\"130\" height=\"131\" src=\"https:\/\/ambipar.com\/latam\/wp-content\/uploads\/2021\/10\/EM.png\" alt=\"icono marine 4\" class=\"wp-image-4384\" srcset=\"https:\/\/ambipar.com\/latam\/wp-content\/uploads\/2021\/10\/EM.png 130w, https:\/\/ambipar.com\/latam\/wp-content\/uploads\/2021\/10\/EM-120x121.png 120w\" sizes=\"(max-width: 130px) 100vw, 130px\" \/><figcaption>CONEXI\u00d3N Y DESCONEXI\u00d3N EN TERMINALES MAR\u00cdTIMOS<\/figcaption><\/figure>\n<\/div>\n\n\n\n<div class=\"wp-block-column\">\n<figure class=\"wp-block-image size-full\"><img width=\"130\" height=\"130\" src=\"https:\/\/ambipar.com\/latam\/wp-content\/uploads\/2021\/10\/CM.png\" alt=\"\" class=\"wp-image-4382\" srcset=\"https:\/\/ambipar.com\/latam\/wp-content\/uploads\/2021\/10\/CM.png 130w, https:\/\/ambipar.com\/latam\/wp-content\/uploads\/2021\/10\/CM-120x120.png 120w\" sizes=\"(max-width: 130px) 100vw, 130px\" \/><figcaption>PLANES DE CONTINGENCIA EN TERMINALES MAR\u00cdTIMOS<\/figcaption><\/figure>\n\n\n\n<figure class=\"wp-block-image size-full\"><img width=\"130\" height=\"130\" src=\"https:\/\/ambipar.com\/latam\/wp-content\/uploads\/2021\/10\/FM.png\" alt=\"icono marine 6\" class=\"wp-image-4385\" srcset=\"https:\/\/ambipar.com\/latam\/wp-content\/uploads\/2021\/10\/FM.png 130w, https:\/\/ambipar.com\/latam\/wp-content\/uploads\/2021\/10\/FM-120x120.png 120w\" sizes=\"(max-width: 130px) 100vw, 130px\" \/><figcaption>ATENCI\u00d3N A EMERGENCIA QU\u00cdMICA EN PUERTOS Y BUQUES<\/figcaption><\/figure>\n<\/div>\n<\/div>\n\n\n\n<p>Vea tambi\u00e9n:<\/p>\n\n\n\n<ul><li><a href=\"https:\/\/ambipar.com\/latam\/ambipar-response-3\/repuesta-a-emergencias\/atencion-de-emergencia\/\">Atenci\u00f3n de Emergencia<\/a><\/li><li><a href=\"https:\/\/ambipar.com\/latam\/ambipar-response-3\/repuesta-a-emergencias\/central-de-control-y-gestion-de-emergencias-cecoe\/\">Central de Control y Gesti\u00f3n de Emergencias (CECOE)<\/a><\/li><li><a href=\"https:\/\/ambipar.com\/latam\/ambipar-response-3\/repuesta-a-emergencias\/sistema-de-comando-de-incidentes-sci-sala-de-crisis\/\">Sistema de Comando de Incidentes (SCI)<\/a><\/li><li><a href=\"https:\/\/ambipar.com\/latam\/ambipar-response-3\/repuesta-a-emergencias\/emergencias-en-carreteras\/\">Emergencias en Carreteras<\/a><\/li><li><a href=\"https:\/\/ambipar.com\/latam\/ambipar-response-3\/repuesta-a-emergencias\/emergencias-en-ferrocarriles\/\">Emergencias en Ferrocarriles<\/a><\/li><li><a href=\"https:\/\/ambipar.com\/latam\/ambipar-response-3\/repuesta-a-emergencias\/emergencias-en-ductos\/\">Emergencias en Ductos<\/a><\/li><li><a href=\"https:\/\/ambipar.com\/latam\/ambipar-response-3\/repuesta-a-emergencias\/emergencias-en-aeropuertos\/\">Emergencias en Aeropuertos<\/a><\/li><li><a href=\"https:\/\/ambipar.com\/latam\/ambipar-response-3\/repuesta-a-emergencias\/emergencias-industriales\/\">Emergencias Industriales<\/a><\/li><li><a href=\"https:\/\/ambipar.com\/latam\/ambipar-response-3\/repuesta-a-emergencias\/emergencias-mineria\/\">Emergencias Miner\u00eda<\/a><\/li><li><a href=\"https:\/\/ambipar.com\/latam\/ambipar-response-3\/repuesta-a-emergencias\/emergencias-forestales\/\">Emergencias Forestales<\/a><\/li><\/ul>\n","protected":false},"excerpt":{"rendered":"Marine, es una divisi\u00f3n especializada en prestar servicios de gesti\u00f3n del riesgo y servicios mar\u00edtimos, y de control de emergencias que involucren derrames de hidrocarburos al mar y aguas continentales, as\u00ed como aquellas producidas por incidentes con mercanc\u00edas peligrosas en contenedores dentro y fuera de los puertos. Ofreciendo un servicio con personal debidamente capacitado y&#8230; <a class=\"view-article\" href=\"https:\/\/ambipar.com\/latam\/ambipar-response-3\/repuesta-a-emergencias\/emergencias-maritimas-y-fluviales\/\">Ver art\u00edculo<\/a>","protected":false},"author":1,"featured_media":1164,"parent":1944,"menu_order":0,"comment_status":"closed","ping_status":"closed","template":"single-servicos.php","meta":[],"yoast_head":"<!-- This site is optimized with the Yoast SEO plugin v17.6 - https:\/\/yoast.com\/wordpress\/plugins\/seo\/ -->\n<title>Descubra los servicios de Emergencias Mar\u00edtimas y Fluviales de Ambipar<\/title>\n<meta name=\"description\" content=\"Con bases operativas en los principales puertos brasile\u00f1os, mar\u00edtimos y fluviales, Ambipar atiende Emergencias con equipos multidisciplinarios\" \/>\n<meta name=\"robots\" content=\"index, follow, max-snippet:-1, max-image-preview:large, max-video-preview:-1\" \/>\n<link rel=\"canonical\" href=\"https:\/\/ambipar.com\/latam\/ambipar-response-3\/repuesta-a-emergencias\/emergencias-maritimas-y-fluviales\/\" \/>\n<meta property=\"og:locale\" content=\"es_ES\" \/>\n<meta property=\"og:type\" content=\"article\" \/>\n<meta property=\"og:title\" content=\"Descubra los servicios de Emergencias Mar\u00edtimas y Fluviales de Ambipar\" \/>\n<meta property=\"og:description\" content=\"Con bases operativas en los principales puertos brasile\u00f1os, mar\u00edtimos y fluviales, Ambipar atiende Emergencias con equipos multidisciplinarios\" \/>\n<meta property=\"og:url\" content=\"https:\/\/ambipar.com\/latam\/ambipar-response-3\/repuesta-a-emergencias\/emergencias-maritimas-y-fluviales\/\" \/>\n<meta property=\"og:site_name\" content=\"Ambipar. A l\u00edder em gest\u00e3o ambiental.\" \/>\n<meta property=\"article:modified_time\" content=\"2021-10-20T13:05:30+00:00\" \/>\n<meta property=\"og:image\" content=\"https:\/\/ambipar.com\/latam\/wp-content\/uploads\/2020\/10\/marine.jpg\" \/>\n\t<meta property=\"og:image:width\" content=\"1000\" \/>\n\t<meta property=\"og:image:height\" content=\"1000\" \/>\n<meta name=\"twitter:card\" content=\"summary_large_image\" \/>\n<meta name=\"twitter:label1\" content=\"Est. reading time\" \/>\n\t<meta name=\"twitter:data1\" content=\"3 minutos\" \/>\n<script type=\"application\/ld+json\" class=\"yoast-schema-graph\">{\"@context\":\"https:\/\/schema.org\",\"@graph\":[{\"@type\":\"Organization\",\"@id\":\"https:\/\/ambipar.com\/latam\/#organization\",\"name\":\"Ambipar\",\"url\":\"https:\/\/ambipar.com\/latam\/\",\"sameAs\":[],\"logo\":{\"@type\":\"ImageObject\",\"@id\":\"https:\/\/ambipar.com\/latam\/#logo\",\"inLanguage\":\"es-CL\",\"url\":\"https:\/\/ambipar.com\/latam\/wp-content\/uploads\/2020\/10\/ambipar_color.png\",\"contentUrl\":\"https:\/\/ambipar.com\/latam\/wp-content\/uploads\/2020\/10\/ambipar_color.png\",\"width\":174,\"height\":107,\"caption\":\"Ambipar\"},\"image\":{\"@id\":\"https:\/\/ambipar.com\/latam\/#logo\"}},{\"@type\":\"WebSite\",\"@id\":\"https:\/\/ambipar.com\/latam\/#website\",\"url\":\"https:\/\/ambipar.com\/latam\/\",\"name\":\"Ambipar. A l\\u00edder em gest\\u00e3o ambiental.\",\"description\":\"Pioneira em solu\\u00e7\\u00f5es ambientais, a Ambipar atua em todo o territ\\u00f3rio nacional oferecendo solu\\u00e7\\u00f5es integradas para toda a cadeia de neg\\u00f3cio.\",\"publisher\":{\"@id\":\"https:\/\/ambipar.com\/latam\/#organization\"},\"potentialAction\":[{\"@type\":\"SearchAction\",\"target\":{\"@type\":\"EntryPoint\",\"urlTemplate\":\"https:\/\/ambipar.com\/latam\/?s={search_term_string}\"},\"query-input\":\"required name=search_term_string\"}],\"inLanguage\":\"es-CL\"},{\"@type\":\"ImageObject\",\"@id\":\"https:\/\/ambipar.com\/latam\/ambipar-response-3\/repuesta-a-emergencias\/emergencias-maritimas-y-fluviales\/#primaryimage\",\"inLanguage\":\"es-CL\",\"url\":\"https:\/\/ambipar.com\/latam\/wp-content\/uploads\/2020\/10\/marine.jpg\",\"contentUrl\":\"https:\/\/ambipar.com\/latam\/wp-content\/uploads\/2020\/10\/marine.jpg\",\"width\":1000,\"height\":1000,\"caption\":\"Marine\"},{\"@type\":\"WebPage\",\"@id\":\"https:\/\/ambipar.com\/latam\/ambipar-response-3\/repuesta-a-emergencias\/emergencias-maritimas-y-fluviales\/#webpage\",\"url\":\"https:\/\/ambipar.com\/latam\/ambipar-response-3\/repuesta-a-emergencias\/emergencias-maritimas-y-fluviales\/\",\"name\":\"Descubra los servicios de Emergencias Mar\\u00edtimas y Fluviales de Ambipar\",\"isPartOf\":{\"@id\":\"https:\/\/ambipar.com\/latam\/#website\"},\"primaryImageOfPage\":{\"@id\":\"https:\/\/ambipar.com\/latam\/ambipar-response-3\/repuesta-a-emergencias\/emergencias-maritimas-y-fluviales\/#primaryimage\"},\"datePublished\":\"2020-11-16T15:23:05+00:00\",\"dateModified\":\"2021-10-20T13:05:30+00:00\",\"description\":\"Con bases operativas en los principales puertos brasile\\u00f1os, mar\\u00edtimos y fluviales, Ambipar atiende Emergencias con equipos multidisciplinarios\",\"breadcrumb\":{\"@id\":\"https:\/\/ambipar.com\/latam\/ambipar-response-3\/repuesta-a-emergencias\/emergencias-maritimas-y-fluviales\/#breadcrumb\"},\"inLanguage\":\"es-CL\",\"potentialAction\":[{\"@type\":\"ReadAction\",\"target\":[\"https:\/\/ambipar.com\/latam\/ambipar-response-3\/repuesta-a-emergencias\/emergencias-maritimas-y-fluviales\/\"]}]},{\"@type\":\"BreadcrumbList\",\"@id\":\"https:\/\/ambipar.com\/latam\/ambipar-response-3\/repuesta-a-emergencias\/emergencias-maritimas-y-fluviales\/#breadcrumb\",\"itemListElement\":[{\"@type\":\"ListItem\",\"position\":1,\"name\":\"Home\",\"item\":\"https:\/\/ambipar.com\/latam\/\"},{\"@type\":\"ListItem\",\"position\":2,\"name\":\"Ambipar Response\",\"item\":\"https:\/\/ambipar.com\/latam\/ambipar-response-3\/\"},{\"@type\":\"ListItem\",\"position\":3,\"name\":\"Respuesta a Emergencias\",\"item\":\"https:\/\/ambipar.com\/latam\/ambipar-response-3\/repuesta-a-emergencias\/\"},{\"@type\":\"ListItem\",\"position\":4,\"name\":\"Emergencias Mar\\u00edtimas y Fluviales\"}]}]}<\/script>\n<!-- \/ Yoast SEO plugin. -->","yoast_head_json":{"title":"Descubra los servicios de Emergencias Mar\u00edtimas y Fluviales de Ambipar","description":"Con bases operativas en los principales puertos brasile\u00f1os, mar\u00edtimos y fluviales, Ambipar atiende Emergencias con equipos multidisciplinarios","robots":{"index":"index","follow":"follow","max-snippet":"max-snippet:-1","max-image-preview":"max-image-preview:large","max-video-preview":"max-video-preview:-1"},"canonical":"https:\/\/ambipar.com\/latam\/ambipar-response-3\/repuesta-a-emergencias\/emergencias-maritimas-y-fluviales\/","og_locale":"es_ES","og_type":"article","og_title":"Descubra los servicios de Emergencias Mar\u00edtimas y Fluviales de Ambipar","og_description":"Con bases operativas en los principales puertos brasile\u00f1os, mar\u00edtimos y fluviales, Ambipar atiende Emergencias con equipos multidisciplinarios","og_url":"https:\/\/ambipar.com\/latam\/ambipar-response-3\/repuesta-a-emergencias\/emergencias-maritimas-y-fluviales\/","og_site_name":"Ambipar. A l\u00edder em gest\u00e3o ambiental.","article_modified_time":"2021-10-20T13:05:30+00:00","og_image":[{"width":1000,"height":1000,"url":"https:\/\/ambipar.com\/latam\/wp-content\/uploads\/2020\/10\/marine.jpg","type":"image\/jpeg"}],"twitter_card":"summary_large_image","twitter_misc":{"Est. reading time":"3 minutos"},"schema":{"@context":"https:\/\/schema.org","@graph":[{"@type":"Organization","@id":"https:\/\/ambipar.com\/latam\/#organization","name":"Ambipar","url":"https:\/\/ambipar.com\/latam\/","sameAs":[],"logo":{"@type":"ImageObject","@id":"https:\/\/ambipar.com\/latam\/#logo","inLanguage":"es-CL","url":"https:\/\/ambipar.com\/latam\/wp-content\/uploads\/2020\/10\/ambipar_color.png","contentUrl":"https:\/\/ambipar.com\/latam\/wp-content\/uploads\/2020\/10\/ambipar_color.png","width":174,"height":107,"caption":"Ambipar"},"image":{"@id":"https:\/\/ambipar.com\/latam\/#logo"}},{"@type":"WebSite","@id":"https:\/\/ambipar.com\/latam\/#website","url":"https:\/\/ambipar.com\/latam\/","name":"Ambipar. A l\u00edder em gest\u00e3o ambiental.","description":"Pioneira em solu\u00e7\u00f5es ambientais, a Ambipar atua em todo o territ\u00f3rio nacional oferecendo solu\u00e7\u00f5es integradas para toda a cadeia de neg\u00f3cio.","publisher":{"@id":"https:\/\/ambipar.com\/latam\/#organization"},"potentialAction":[{"@type":"SearchAction","target":{"@type":"EntryPoint","urlTemplate":"https:\/\/ambipar.com\/latam\/?s={search_term_string}"},"query-input":"required name=search_term_string"}],"inLanguage":"es-CL"},{"@type":"ImageObject","@id":"https:\/\/ambipar.com\/latam\/ambipar-response-3\/repuesta-a-emergencias\/emergencias-maritimas-y-fluviales\/#primaryimage","inLanguage":"es-CL","url":"https:\/\/ambipar.com\/latam\/wp-content\/uploads\/2020\/10\/marine.jpg","contentUrl":"https:\/\/ambipar.com\/latam\/wp-content\/uploads\/2020\/10\/marine.jpg","width":1000,"height":1000,"caption":"Marine"},{"@type":"WebPage","@id":"https:\/\/ambipar.com\/latam\/ambipar-response-3\/repuesta-a-emergencias\/emergencias-maritimas-y-fluviales\/#webpage","url":"https:\/\/ambipar.com\/latam\/ambipar-response-3\/repuesta-a-emergencias\/emergencias-maritimas-y-fluviales\/","name":"Descubra los servicios de Emergencias Mar\u00edtimas y Fluviales de Ambipar","isPartOf":{"@id":"https:\/\/ambipar.com\/latam\/#website"},"primaryImageOfPage":{"@id":"https:\/\/ambipar.com\/latam\/ambipar-response-3\/repuesta-a-emergencias\/emergencias-maritimas-y-fluviales\/#primaryimage"},"datePublished":"2020-11-16T15:23:05+00:00","dateModified":"2021-10-20T13:05:30+00:00","description":"Con bases operativas en los principales puertos brasile\u00f1os, mar\u00edtimos y fluviales, Ambipar atiende Emergencias con equipos multidisciplinarios","breadcrumb":{"@id":"https:\/\/ambipar.com\/latam\/ambipar-response-3\/repuesta-a-emergencias\/emergencias-maritimas-y-fluviales\/#breadcrumb"},"inLanguage":"es-CL","potentialAction":[{"@type":"ReadAction","target":["https:\/\/ambipar.com\/latam\/ambipar-response-3\/repuesta-a-emergencias\/emergencias-maritimas-y-fluviales\/"]}]},{"@type":"BreadcrumbList","@id":"https:\/\/ambipar.com\/latam\/ambipar-response-3\/repuesta-a-emergencias\/emergencias-maritimas-y-fluviales\/#breadcrumb","itemListElement":[{"@type":"ListItem","position":1,"name":"Home","item":"https:\/\/ambipar.com\/latam\/"},{"@type":"ListItem","position":2,"name":"Ambipar Response","item":"https:\/\/ambipar.com\/latam\/ambipar-response-3\/"},{"@type":"ListItem","position":3,"name":"Respuesta a Emergencias","item":"https:\/\/ambipar.com\/latam\/ambipar-response-3\/repuesta-a-emergencias\/"},{"@type":"ListItem","position":4,"name":"Emergencias Mar\u00edtimas y Fluviales"}]}]}},"_links":{"self":[{"href":"https:\/\/ambipar.com\/latam\/wp-json\/wp\/v2\/pages\/2005"}],"collection":[{"href":"https:\/\/ambipar.com\/latam\/wp-json\/wp\/v2\/pages"}],"about":[{"href":"https:\/\/ambipar.com\/latam\/wp-json\/wp\/v2\/types\/page"}],"author":[{"embeddable":true,"href":"https:\/\/ambipar.com\/latam\/wp-json\/wp\/v2\/users\/1"}],"replies":[{"embeddable":true,"href":"https:\/\/ambipar.com\/latam\/wp-json\/wp\/v2\/comments?post=2005"}],"version-history":[{"count":12,"href":"https:\/\/ambipar.com\/latam\/wp-json\/wp\/v2\/pages\/2005\/revisions"}],"predecessor-version":[{"id":4396,"href":"https:\/\/ambipar.com\/latam\/wp-json\/wp\/v2\/pages\/2005\/revisions\/4396"}],"up":[{"embeddable":true,"href":"https:\/\/ambipar.com\/latam\/wp-json\/wp\/v2\/pages\/1944"}],"wp:featuredmedia":[{"embeddable":true,"href":"https:\/\/ambipar.com\/latam\/wp-json\/wp\/v2\/media\/1164"}],"wp:attachment":[{"href":"https:\/\/ambipar.com\/latam\/wp-json\/wp\/v2\/media?parent=2005"}],"curies":[{"name":"wp","href":"https:\/\/api.w.org\/{rel}","templated":true}]}}