{"id":2054,"date":"2020-11-16T13:50:32","date_gmt":"2020-11-16T16:50:32","guid":{"rendered":"https:\/\/ambipar.com\/latam\/?page_id=2054"},"modified":"2021-01-05T20:49:43","modified_gmt":"2021-01-05T23:49:43","slug":"cleansing-of-silos","status":"publish","type":"page","link":"https:\/\/ambipar.com\/latam\/en\/ambipar-response\/servicos-industriais\/cleansing-of-silos\/","title":{"rendered":"Cleansing of Silos"},"content":{"rendered":"\n<p>Modern equipment with aggregate technology for carrying out silo cleaning services, mechanized or manual (rope access &#8211; Industrial Rope Access Trade Association (IRATA).<\/p>\n\n\n\n<p>Equipment for the extraction of hardened industrial material (slag, clinker, cement, lime, limestone, cereal grains, flour, etc.)<\/p>\n\n\n\n<p>Removes the aggregate material on the interior walls of the silo by crushing it through Rotor (high speed Hydraulic motor with suitable tools for each type of material) and Hydraulic Drill (Equipment for unblocking the Silo when the material is in the form of a slab inside the silo).<\/p>\n\n\n\n<p>See too:<\/p>\n\n\n\n<ul id=\"block-bd2656e2-3d59-4434-92a1-3c613661fa14\"><li><a href=\"https:\/\/ambipar.com\/latam\/en\/ambipar-response\/servicos-industriais\/manual-cleansing-and-confined-spaces\/\">Manual Cleansing and Confined Spaces<\/a><\/li><li><a href=\"https:\/\/ambipar.com\/latam\/en\/ambipar-response\/servicos-industriais\/ports-and-offshore\/\">Ports and Offshore<\/a><\/li><li><a href=\"https:\/\/ambipar.com\/latam\/en\/ambipar-response\/servicos-industriais\/transference-between-tanks\/\">Transference between Tanks<\/a><\/li><li><a href=\"https:\/\/ambipar.com\/latam\/en\/ambipar-response\/servicos-industriais\/decommissioning\/\">Decommissioning<\/a><\/li><li><a href=\"https:\/\/ambipar.com\/latam\/en\/ambipar-response\/servicos-industriais\/demolition-of-degraded-areas\/\">Demolition of Degraded Areas<\/a><\/li><li><a href=\"https:\/\/ambipar.com\/latam\/en\/ambipar-response\/servicos-industriais\/soil-remediation\/\">Soil Remediation<\/a><\/li><\/ul>\n","protected":false},"excerpt":{"rendered":"Modern equipment with aggregate technology for carrying out silo cleaning services, mechanized or manual (rope access &#8211; Industrial Rope Access Trade Association (IRATA). Equipment for the extraction of hardened industrial material (slag, clinker, cement, lime, limestone, cereal grains, flour, etc.) Removes the aggregate material on the interior walls of the silo by crushing it through&#8230; <a class=\"view-article\" href=\"https:\/\/ambipar.com\/latam\/en\/ambipar-response\/servicos-industriais\/cleansing-of-silos\/\">Ver art\u00edculo<\/a>","protected":false},"author":1,"featured_media":1213,"parent":1210,"menu_order":0,"comment_status":"closed","ping_status":"closed","template":"single-servicos.php","meta":[],"yoast_head":"<!-- This site is optimized with the Yoast SEO plugin v17.6 - https:\/\/yoast.com\/wordpress\/plugins\/seo\/ -->\n<title>Discover the Cleansing of Silos service offered by Ambipar<\/title>\n<meta name=\"description\" content=\"Modern equipment with added technology for carrying out silo cleaning services, mechanized or manual (rope access - IRATA)\" \/>\n<meta name=\"robots\" content=\"index, follow, max-snippet:-1, max-image-preview:large, max-video-preview:-1\" \/>\n<link rel=\"canonical\" href=\"https:\/\/ambipar.com\/latam\/en\/ambipar-response\/servicos-industriais\/cleansing-of-silos\/\" \/>\n<meta property=\"og:locale\" content=\"es_ES\" \/>\n<meta property=\"og:type\" content=\"article\" \/>\n<meta property=\"og:title\" content=\"Discover the Cleansing of Silos service offered by Ambipar\" \/>\n<meta property=\"og:description\" content=\"Modern equipment with added technology for carrying out silo cleaning services, mechanized or manual (rope access - IRATA)\" \/>\n<meta property=\"og:url\" content=\"https:\/\/ambipar.com\/latam\/en\/ambipar-response\/servicos-industriais\/cleansing-of-silos\/\" \/>\n<meta property=\"og:site_name\" content=\"Ambipar. A l\u00edder em gest\u00e3o ambiental.\" \/>\n<meta property=\"article:modified_time\" content=\"2021-01-05T23:49:43+00:00\" \/>\n<meta property=\"og:image\" content=\"https:\/\/ambipar.com\/latam\/wp-content\/uploads\/2020\/11\/silos.jpg\" \/>\n\t<meta property=\"og:image:width\" content=\"1000\" \/>\n\t<meta property=\"og:image:height\" content=\"1000\" \/>\n<meta name=\"twitter:card\" content=\"summary_large_image\" \/>\n<meta name=\"twitter:label1\" content=\"Est. reading time\" \/>\n\t<meta name=\"twitter:data1\" content=\"1 minuto\" \/>\n<script type=\"application\/ld+json\" class=\"yoast-schema-graph\">{\"@context\":\"https:\/\/schema.org\",\"@graph\":[{\"@type\":\"Organization\",\"@id\":\"https:\/\/ambipar.com\/latam\/#organization\",\"name\":\"Ambipar\",\"url\":\"https:\/\/ambipar.com\/latam\/\",\"sameAs\":[],\"logo\":{\"@type\":\"ImageObject\",\"@id\":\"https:\/\/ambipar.com\/latam\/#logo\",\"inLanguage\":\"es-CL\",\"url\":\"https:\/\/ambipar.com\/latam\/wp-content\/uploads\/2020\/10\/ambipar_color.png\",\"contentUrl\":\"https:\/\/ambipar.com\/latam\/wp-content\/uploads\/2020\/10\/ambipar_color.png\",\"width\":174,\"height\":107,\"caption\":\"Ambipar\"},\"image\":{\"@id\":\"https:\/\/ambipar.com\/latam\/#logo\"}},{\"@type\":\"WebSite\",\"@id\":\"https:\/\/ambipar.com\/latam\/#website\",\"url\":\"https:\/\/ambipar.com\/latam\/\",\"name\":\"Ambipar. A l\\u00edder em gest\\u00e3o ambiental.\",\"description\":\"Pioneira em solu\\u00e7\\u00f5es ambientais, a Ambipar atua em todo o territ\\u00f3rio nacional oferecendo solu\\u00e7\\u00f5es integradas para toda a cadeia de neg\\u00f3cio.\",\"publisher\":{\"@id\":\"https:\/\/ambipar.com\/latam\/#organization\"},\"potentialAction\":[{\"@type\":\"SearchAction\",\"target\":{\"@type\":\"EntryPoint\",\"urlTemplate\":\"https:\/\/ambipar.com\/latam\/?s={search_term_string}\"},\"query-input\":\"required name=search_term_string\"}],\"inLanguage\":\"es-CL\"},{\"@type\":\"ImageObject\",\"@id\":\"https:\/\/ambipar.com\/latam\/en\/ambipar-response\/servicos-industriais\/cleansing-of-silos\/#primaryimage\",\"inLanguage\":\"es-CL\",\"url\":\"https:\/\/ambipar.com\/latam\/wp-content\/uploads\/2020\/11\/silos.jpg\",\"contentUrl\":\"https:\/\/ambipar.com\/latam\/wp-content\/uploads\/2020\/11\/silos.jpg\",\"width\":1000,\"height\":1000,\"caption\":\"silos\"},{\"@type\":\"WebPage\",\"@id\":\"https:\/\/ambipar.com\/latam\/en\/ambipar-response\/servicos-industriais\/cleansing-of-silos\/#webpage\",\"url\":\"https:\/\/ambipar.com\/latam\/en\/ambipar-response\/servicos-industriais\/cleansing-of-silos\/\",\"name\":\"Discover the Cleansing of Silos service offered by Ambipar\",\"isPartOf\":{\"@id\":\"https:\/\/ambipar.com\/latam\/#website\"},\"primaryImageOfPage\":{\"@id\":\"https:\/\/ambipar.com\/latam\/en\/ambipar-response\/servicos-industriais\/cleansing-of-silos\/#primaryimage\"},\"datePublished\":\"2020-11-16T16:50:32+00:00\",\"dateModified\":\"2021-01-05T23:49:43+00:00\",\"description\":\"Modern equipment with added technology for carrying out silo cleaning services, mechanized or manual (rope access - IRATA)\",\"breadcrumb\":{\"@id\":\"https:\/\/ambipar.com\/latam\/en\/ambipar-response\/servicos-industriais\/cleansing-of-silos\/#breadcrumb\"},\"inLanguage\":\"es-CL\",\"potentialAction\":[{\"@type\":\"ReadAction\",\"target\":[\"https:\/\/ambipar.com\/latam\/en\/ambipar-response\/servicos-industriais\/cleansing-of-silos\/\"]}]},{\"@type\":\"BreadcrumbList\",\"@id\":\"https:\/\/ambipar.com\/latam\/en\/ambipar-response\/servicos-industriais\/cleansing-of-silos\/#breadcrumb\",\"itemListElement\":[{\"@type\":\"ListItem\",\"position\":1,\"name\":\"Home\",\"item\":\"https:\/\/ambipar.com\/latam\/\"},{\"@type\":\"ListItem\",\"position\":2,\"name\":\"Ambipar Response\",\"item\":\"https:\/\/ambipar.com\/latam\/pt\/ambipar-response\/\"},{\"@type\":\"ListItem\",\"position\":3,\"name\":\"Servi\\u00e7os Industriais\",\"item\":\"https:\/\/ambipar.com\/latam\/pt\/ambipar-response\/servicos-industriais\/\"},{\"@type\":\"ListItem\",\"position\":4,\"name\":\"Cleansing of Silos\"}]}]}<\/script>\n<!-- \/ Yoast SEO plugin. -->","yoast_head_json":{"title":"Discover the Cleansing of Silos service offered by Ambipar","description":"Modern equipment with added technology for carrying out silo cleaning services, mechanized or manual (rope access - IRATA)","robots":{"index":"index","follow":"follow","max-snippet":"max-snippet:-1","max-image-preview":"max-image-preview:large","max-video-preview":"max-video-preview:-1"},"canonical":"https:\/\/ambipar.com\/latam\/en\/ambipar-response\/servicos-industriais\/cleansing-of-silos\/","og_locale":"es_ES","og_type":"article","og_title":"Discover the Cleansing of Silos service offered by Ambipar","og_description":"Modern equipment with added technology for carrying out silo cleaning services, mechanized or manual (rope access - IRATA)","og_url":"https:\/\/ambipar.com\/latam\/en\/ambipar-response\/servicos-industriais\/cleansing-of-silos\/","og_site_name":"Ambipar. A l\u00edder em gest\u00e3o ambiental.","article_modified_time":"2021-01-05T23:49:43+00:00","og_image":[{"width":1000,"height":1000,"url":"https:\/\/ambipar.com\/latam\/wp-content\/uploads\/2020\/11\/silos.jpg","type":"image\/jpeg"}],"twitter_card":"summary_large_image","twitter_misc":{"Est. reading time":"1 minuto"},"schema":{"@context":"https:\/\/schema.org","@graph":[{"@type":"Organization","@id":"https:\/\/ambipar.com\/latam\/#organization","name":"Ambipar","url":"https:\/\/ambipar.com\/latam\/","sameAs":[],"logo":{"@type":"ImageObject","@id":"https:\/\/ambipar.com\/latam\/#logo","inLanguage":"es-CL","url":"https:\/\/ambipar.com\/latam\/wp-content\/uploads\/2020\/10\/ambipar_color.png","contentUrl":"https:\/\/ambipar.com\/latam\/wp-content\/uploads\/2020\/10\/ambipar_color.png","width":174,"height":107,"caption":"Ambipar"},"image":{"@id":"https:\/\/ambipar.com\/latam\/#logo"}},{"@type":"WebSite","@id":"https:\/\/ambipar.com\/latam\/#website","url":"https:\/\/ambipar.com\/latam\/","name":"Ambipar. A l\u00edder em gest\u00e3o ambiental.","description":"Pioneira em solu\u00e7\u00f5es ambientais, a Ambipar atua em todo o territ\u00f3rio nacional oferecendo solu\u00e7\u00f5es integradas para toda a cadeia de neg\u00f3cio.","publisher":{"@id":"https:\/\/ambipar.com\/latam\/#organization"},"potentialAction":[{"@type":"SearchAction","target":{"@type":"EntryPoint","urlTemplate":"https:\/\/ambipar.com\/latam\/?s={search_term_string}"},"query-input":"required name=search_term_string"}],"inLanguage":"es-CL"},{"@type":"ImageObject","@id":"https:\/\/ambipar.com\/latam\/en\/ambipar-response\/servicos-industriais\/cleansing-of-silos\/#primaryimage","inLanguage":"es-CL","url":"https:\/\/ambipar.com\/latam\/wp-content\/uploads\/2020\/11\/silos.jpg","contentUrl":"https:\/\/ambipar.com\/latam\/wp-content\/uploads\/2020\/11\/silos.jpg","width":1000,"height":1000,"caption":"silos"},{"@type":"WebPage","@id":"https:\/\/ambipar.com\/latam\/en\/ambipar-response\/servicos-industriais\/cleansing-of-silos\/#webpage","url":"https:\/\/ambipar.com\/latam\/en\/ambipar-response\/servicos-industriais\/cleansing-of-silos\/","name":"Discover the Cleansing of Silos service offered by Ambipar","isPartOf":{"@id":"https:\/\/ambipar.com\/latam\/#website"},"primaryImageOfPage":{"@id":"https:\/\/ambipar.com\/latam\/en\/ambipar-response\/servicos-industriais\/cleansing-of-silos\/#primaryimage"},"datePublished":"2020-11-16T16:50:32+00:00","dateModified":"2021-01-05T23:49:43+00:00","description":"Modern equipment with added technology for carrying out silo cleaning services, mechanized or manual (rope access - IRATA)","breadcrumb":{"@id":"https:\/\/ambipar.com\/latam\/en\/ambipar-response\/servicos-industriais\/cleansing-of-silos\/#breadcrumb"},"inLanguage":"es-CL","potentialAction":[{"@type":"ReadAction","target":["https:\/\/ambipar.com\/latam\/en\/ambipar-response\/servicos-industriais\/cleansing-of-silos\/"]}]},{"@type":"BreadcrumbList","@id":"https:\/\/ambipar.com\/latam\/en\/ambipar-response\/servicos-industriais\/cleansing-of-silos\/#breadcrumb","itemListElement":[{"@type":"ListItem","position":1,"name":"Home","item":"https:\/\/ambipar.com\/latam\/"},{"@type":"ListItem","position":2,"name":"Ambipar Response","item":"https:\/\/ambipar.com\/latam\/pt\/ambipar-response\/"},{"@type":"ListItem","position":3,"name":"Servi\u00e7os Industriais","item":"https:\/\/ambipar.com\/latam\/pt\/ambipar-response\/servicos-industriais\/"},{"@type":"ListItem","position":4,"name":"Cleansing of Silos"}]}]}},"_links":{"self":[{"href":"https:\/\/ambipar.com\/latam\/wp-json\/wp\/v2\/pages\/2054"}],"collection":[{"href":"https:\/\/ambipar.com\/latam\/wp-json\/wp\/v2\/pages"}],"about":[{"href":"https:\/\/ambipar.com\/latam\/wp-json\/wp\/v2\/types\/page"}],"author":[{"embeddable":true,"href":"https:\/\/ambipar.com\/latam\/wp-json\/wp\/v2\/users\/1"}],"replies":[{"embeddable":true,"href":"https:\/\/ambipar.com\/latam\/wp-json\/wp\/v2\/comments?post=2054"}],"version-history":[{"count":4,"href":"https:\/\/ambipar.com\/latam\/wp-json\/wp\/v2\/pages\/2054\/revisions"}],"predecessor-version":[{"id":2494,"href":"https:\/\/ambipar.com\/latam\/wp-json\/wp\/v2\/pages\/2054\/revisions\/2494"}],"up":[{"embeddable":true,"href":"https:\/\/ambipar.com\/latam\/wp-json\/wp\/v2\/pages\/1210"}],"wp:featuredmedia":[{"embeddable":true,"href":"https:\/\/ambipar.com\/latam\/wp-json\/wp\/v2\/media\/1213"}],"wp:attachment":[{"href":"https:\/\/ambipar.com\/latam\/wp-json\/wp\/v2\/media?parent=2054"}],"curies":[{"name":"wp","href":"https:\/\/api.w.org\/{rel}","templated":true}]}}