{"id":2061,"date":"2020-11-16T13:58:01","date_gmt":"2020-11-16T16:58:01","guid":{"rendered":"https:\/\/ambipar.com\/latam\/?page_id=2061"},"modified":"2021-01-05T20:52:12","modified_gmt":"2021-01-05T23:52:12","slug":"manual-cleansing-and-confined-spaces","status":"publish","type":"page","link":"https:\/\/ambipar.com\/latam\/en\/ambipar-response\/servicos-industriais\/manual-cleansing-and-confined-spaces\/","title":{"rendered":"Manual Cleansing and Confined Spaces"},"content":{"rendered":"\n<p>Method to be used for internal cleaning of silos by qualified professionals, through access by ropes and anchoring points, according to the IRATA procedure. Cleaning in confined spaces such as:<\/p>\n\n\n\n<ul><li>Tanks<\/li><li>Basements<\/li><li>Silos<\/li><li>Ships<\/li><\/ul>\n\n\n\n<p>See too:<\/p>\n\n\n\n<ul id=\"block-bd2656e2-3d59-4434-92a1-3c613661fa14\"><li><a href=\"https:\/\/ambipar.com\/latam\/en\/ambipar-response\/servicos-industriais\/soil-remediation\/\">Cleansing of <\/a><a href=\"https:\/\/ambipar.com\/latam\/en\/ambipar-response\/servicos-industriais\/cleansing-of-silos\/\">Silos<\/a><\/li><li><a href=\"https:\/\/ambipar.com\/latam\/en\/ambipar-response\/servicos-industriais\/ports-and-offshore\/\">Ports and Offshore<\/a><\/li><li><a href=\"https:\/\/ambipar.com\/latam\/en\/ambipar-response\/servicos-industriais\/transference-between-tanks\/\">Transference between Tanks<\/a><\/li><li><a href=\"https:\/\/ambipar.com\/latam\/en\/ambipar-response\/servicos-industriais\/decommissioning\/\">Decommissioning<\/a><\/li><li><a href=\"https:\/\/ambipar.com\/latam\/en\/ambipar-response\/servicos-industriais\/demolition-of-degraded-areas\/\">Demolition of Degraded Areas<\/a><\/li><li><a href=\"https:\/\/ambipar.com\/latam\/en\/ambipar-response\/servicos-industriais\/soil-remediation\/\">Soil Remediation<\/a><\/li><\/ul>\n","protected":false},"excerpt":{"rendered":"Method to be used for internal cleaning of silos by qualified professionals, through access by ropes and anchoring points, according to the IRATA procedure. Cleaning in confined spaces such as: Tanks Basements Silos Ships See too: Cleansing of Silos Ports and Offshore Transference between Tanks Decommissioning Demolition of Degraded Areas Soil Remediation","protected":false},"author":1,"featured_media":1217,"parent":1210,"menu_order":0,"comment_status":"closed","ping_status":"closed","template":"single-servicos.php","meta":[],"yoast_head":"<!-- This site is optimized with the Yoast SEO plugin v17.6 - https:\/\/yoast.com\/wordpress\/plugins\/seo\/ -->\n<title>Discover Ambipar&#039;s Manual Cleaning and Confined Spaces service<\/title>\n<meta name=\"description\" content=\"Method to be used for internal cleaning of silos by qualified professionals, by means of ropes and anchoring points\" \/>\n<meta name=\"robots\" content=\"index, follow, max-snippet:-1, max-image-preview:large, max-video-preview:-1\" \/>\n<link rel=\"canonical\" href=\"https:\/\/ambipar.com\/latam\/en\/ambipar-response\/servicos-industriais\/manual-cleansing-and-confined-spaces\/\" \/>\n<meta property=\"og:locale\" content=\"es_ES\" \/>\n<meta property=\"og:type\" content=\"article\" \/>\n<meta property=\"og:title\" content=\"Discover Ambipar&#039;s Manual Cleaning and Confined Spaces service\" \/>\n<meta property=\"og:description\" content=\"Method to be used for internal cleaning of silos by qualified professionals, by means of ropes and anchoring points\" \/>\n<meta property=\"og:url\" content=\"https:\/\/ambipar.com\/latam\/en\/ambipar-response\/servicos-industriais\/manual-cleansing-and-confined-spaces\/\" \/>\n<meta property=\"og:site_name\" content=\"Ambipar. A l\u00edder em gest\u00e3o ambiental.\" \/>\n<meta property=\"article:modified_time\" content=\"2021-01-05T23:52:12+00:00\" \/>\n<meta property=\"og:image\" content=\"https:\/\/ambipar.com\/latam\/wp-content\/uploads\/2020\/11\/espacoconfinado.jpg\" \/>\n\t<meta property=\"og:image:width\" content=\"987\" \/>\n\t<meta property=\"og:image:height\" content=\"1008\" \/>\n<meta name=\"twitter:card\" content=\"summary_large_image\" \/>\n<script type=\"application\/ld+json\" class=\"yoast-schema-graph\">{\"@context\":\"https:\/\/schema.org\",\"@graph\":[{\"@type\":\"Organization\",\"@id\":\"https:\/\/ambipar.com\/latam\/#organization\",\"name\":\"Ambipar\",\"url\":\"https:\/\/ambipar.com\/latam\/\",\"sameAs\":[],\"logo\":{\"@type\":\"ImageObject\",\"@id\":\"https:\/\/ambipar.com\/latam\/#logo\",\"inLanguage\":\"es-CL\",\"url\":\"https:\/\/ambipar.com\/latam\/wp-content\/uploads\/2020\/10\/ambipar_color.png\",\"contentUrl\":\"https:\/\/ambipar.com\/latam\/wp-content\/uploads\/2020\/10\/ambipar_color.png\",\"width\":174,\"height\":107,\"caption\":\"Ambipar\"},\"image\":{\"@id\":\"https:\/\/ambipar.com\/latam\/#logo\"}},{\"@type\":\"WebSite\",\"@id\":\"https:\/\/ambipar.com\/latam\/#website\",\"url\":\"https:\/\/ambipar.com\/latam\/\",\"name\":\"Ambipar. A l\\u00edder em gest\\u00e3o ambiental.\",\"description\":\"Pioneira em solu\\u00e7\\u00f5es ambientais, a Ambipar atua em todo o territ\\u00f3rio nacional oferecendo solu\\u00e7\\u00f5es integradas para toda a cadeia de neg\\u00f3cio.\",\"publisher\":{\"@id\":\"https:\/\/ambipar.com\/latam\/#organization\"},\"potentialAction\":[{\"@type\":\"SearchAction\",\"target\":{\"@type\":\"EntryPoint\",\"urlTemplate\":\"https:\/\/ambipar.com\/latam\/?s={search_term_string}\"},\"query-input\":\"required name=search_term_string\"}],\"inLanguage\":\"es-CL\"},{\"@type\":\"ImageObject\",\"@id\":\"https:\/\/ambipar.com\/latam\/en\/ambipar-response\/servicos-industriais\/manual-cleansing-and-confined-spaces\/#primaryimage\",\"inLanguage\":\"es-CL\",\"url\":\"https:\/\/ambipar.com\/latam\/wp-content\/uploads\/2020\/11\/espacoconfinado.jpg\",\"contentUrl\":\"https:\/\/ambipar.com\/latam\/wp-content\/uploads\/2020\/11\/espacoconfinado.jpg\",\"width\":987,\"height\":1008,\"caption\":\"espa\\u00e7o confinado\"},{\"@type\":\"WebPage\",\"@id\":\"https:\/\/ambipar.com\/latam\/en\/ambipar-response\/servicos-industriais\/manual-cleansing-and-confined-spaces\/#webpage\",\"url\":\"https:\/\/ambipar.com\/latam\/en\/ambipar-response\/servicos-industriais\/manual-cleansing-and-confined-spaces\/\",\"name\":\"Discover Ambipar's Manual Cleaning and Confined Spaces service\",\"isPartOf\":{\"@id\":\"https:\/\/ambipar.com\/latam\/#website\"},\"primaryImageOfPage\":{\"@id\":\"https:\/\/ambipar.com\/latam\/en\/ambipar-response\/servicos-industriais\/manual-cleansing-and-confined-spaces\/#primaryimage\"},\"datePublished\":\"2020-11-16T16:58:01+00:00\",\"dateModified\":\"2021-01-05T23:52:12+00:00\",\"description\":\"Method to be used for internal cleaning of silos by qualified professionals, by means of ropes and anchoring points\",\"breadcrumb\":{\"@id\":\"https:\/\/ambipar.com\/latam\/en\/ambipar-response\/servicos-industriais\/manual-cleansing-and-confined-spaces\/#breadcrumb\"},\"inLanguage\":\"es-CL\",\"potentialAction\":[{\"@type\":\"ReadAction\",\"target\":[\"https:\/\/ambipar.com\/latam\/en\/ambipar-response\/servicos-industriais\/manual-cleansing-and-confined-spaces\/\"]}]},{\"@type\":\"BreadcrumbList\",\"@id\":\"https:\/\/ambipar.com\/latam\/en\/ambipar-response\/servicos-industriais\/manual-cleansing-and-confined-spaces\/#breadcrumb\",\"itemListElement\":[{\"@type\":\"ListItem\",\"position\":1,\"name\":\"Home\",\"item\":\"https:\/\/ambipar.com\/latam\/\"},{\"@type\":\"ListItem\",\"position\":2,\"name\":\"Ambipar Response\",\"item\":\"https:\/\/ambipar.com\/latam\/pt\/ambipar-response\/\"},{\"@type\":\"ListItem\",\"position\":3,\"name\":\"Servi\\u00e7os Industriais\",\"item\":\"https:\/\/ambipar.com\/latam\/pt\/ambipar-response\/servicos-industriais\/\"},{\"@type\":\"ListItem\",\"position\":4,\"name\":\"Manual Cleansing and Confined Spaces\"}]}]}<\/script>\n<!-- \/ Yoast SEO plugin. -->","yoast_head_json":{"title":"Discover Ambipar's Manual Cleaning and Confined Spaces service","description":"Method to be used for internal cleaning of silos by qualified professionals, by means of ropes and anchoring points","robots":{"index":"index","follow":"follow","max-snippet":"max-snippet:-1","max-image-preview":"max-image-preview:large","max-video-preview":"max-video-preview:-1"},"canonical":"https:\/\/ambipar.com\/latam\/en\/ambipar-response\/servicos-industriais\/manual-cleansing-and-confined-spaces\/","og_locale":"es_ES","og_type":"article","og_title":"Discover Ambipar's Manual Cleaning and Confined Spaces service","og_description":"Method to be used for internal cleaning of silos by qualified professionals, by means of ropes and anchoring points","og_url":"https:\/\/ambipar.com\/latam\/en\/ambipar-response\/servicos-industriais\/manual-cleansing-and-confined-spaces\/","og_site_name":"Ambipar. A l\u00edder em gest\u00e3o ambiental.","article_modified_time":"2021-01-05T23:52:12+00:00","og_image":[{"width":987,"height":1008,"url":"https:\/\/ambipar.com\/latam\/wp-content\/uploads\/2020\/11\/espacoconfinado.jpg","type":"image\/jpeg"}],"twitter_card":"summary_large_image","schema":{"@context":"https:\/\/schema.org","@graph":[{"@type":"Organization","@id":"https:\/\/ambipar.com\/latam\/#organization","name":"Ambipar","url":"https:\/\/ambipar.com\/latam\/","sameAs":[],"logo":{"@type":"ImageObject","@id":"https:\/\/ambipar.com\/latam\/#logo","inLanguage":"es-CL","url":"https:\/\/ambipar.com\/latam\/wp-content\/uploads\/2020\/10\/ambipar_color.png","contentUrl":"https:\/\/ambipar.com\/latam\/wp-content\/uploads\/2020\/10\/ambipar_color.png","width":174,"height":107,"caption":"Ambipar"},"image":{"@id":"https:\/\/ambipar.com\/latam\/#logo"}},{"@type":"WebSite","@id":"https:\/\/ambipar.com\/latam\/#website","url":"https:\/\/ambipar.com\/latam\/","name":"Ambipar. A l\u00edder em gest\u00e3o ambiental.","description":"Pioneira em solu\u00e7\u00f5es ambientais, a Ambipar atua em todo o territ\u00f3rio nacional oferecendo solu\u00e7\u00f5es integradas para toda a cadeia de neg\u00f3cio.","publisher":{"@id":"https:\/\/ambipar.com\/latam\/#organization"},"potentialAction":[{"@type":"SearchAction","target":{"@type":"EntryPoint","urlTemplate":"https:\/\/ambipar.com\/latam\/?s={search_term_string}"},"query-input":"required name=search_term_string"}],"inLanguage":"es-CL"},{"@type":"ImageObject","@id":"https:\/\/ambipar.com\/latam\/en\/ambipar-response\/servicos-industriais\/manual-cleansing-and-confined-spaces\/#primaryimage","inLanguage":"es-CL","url":"https:\/\/ambipar.com\/latam\/wp-content\/uploads\/2020\/11\/espacoconfinado.jpg","contentUrl":"https:\/\/ambipar.com\/latam\/wp-content\/uploads\/2020\/11\/espacoconfinado.jpg","width":987,"height":1008,"caption":"espa\u00e7o confinado"},{"@type":"WebPage","@id":"https:\/\/ambipar.com\/latam\/en\/ambipar-response\/servicos-industriais\/manual-cleansing-and-confined-spaces\/#webpage","url":"https:\/\/ambipar.com\/latam\/en\/ambipar-response\/servicos-industriais\/manual-cleansing-and-confined-spaces\/","name":"Discover Ambipar's Manual Cleaning and Confined Spaces service","isPartOf":{"@id":"https:\/\/ambipar.com\/latam\/#website"},"primaryImageOfPage":{"@id":"https:\/\/ambipar.com\/latam\/en\/ambipar-response\/servicos-industriais\/manual-cleansing-and-confined-spaces\/#primaryimage"},"datePublished":"2020-11-16T16:58:01+00:00","dateModified":"2021-01-05T23:52:12+00:00","description":"Method to be used for internal cleaning of silos by qualified professionals, by means of ropes and anchoring points","breadcrumb":{"@id":"https:\/\/ambipar.com\/latam\/en\/ambipar-response\/servicos-industriais\/manual-cleansing-and-confined-spaces\/#breadcrumb"},"inLanguage":"es-CL","potentialAction":[{"@type":"ReadAction","target":["https:\/\/ambipar.com\/latam\/en\/ambipar-response\/servicos-industriais\/manual-cleansing-and-confined-spaces\/"]}]},{"@type":"BreadcrumbList","@id":"https:\/\/ambipar.com\/latam\/en\/ambipar-response\/servicos-industriais\/manual-cleansing-and-confined-spaces\/#breadcrumb","itemListElement":[{"@type":"ListItem","position":1,"name":"Home","item":"https:\/\/ambipar.com\/latam\/"},{"@type":"ListItem","position":2,"name":"Ambipar Response","item":"https:\/\/ambipar.com\/latam\/pt\/ambipar-response\/"},{"@type":"ListItem","position":3,"name":"Servi\u00e7os Industriais","item":"https:\/\/ambipar.com\/latam\/pt\/ambipar-response\/servicos-industriais\/"},{"@type":"ListItem","position":4,"name":"Manual Cleansing and Confined Spaces"}]}]}},"_links":{"self":[{"href":"https:\/\/ambipar.com\/latam\/wp-json\/wp\/v2\/pages\/2061"}],"collection":[{"href":"https:\/\/ambipar.com\/latam\/wp-json\/wp\/v2\/pages"}],"about":[{"href":"https:\/\/ambipar.com\/latam\/wp-json\/wp\/v2\/types\/page"}],"author":[{"embeddable":true,"href":"https:\/\/ambipar.com\/latam\/wp-json\/wp\/v2\/users\/1"}],"replies":[{"embeddable":true,"href":"https:\/\/ambipar.com\/latam\/wp-json\/wp\/v2\/comments?post=2061"}],"version-history":[{"count":3,"href":"https:\/\/ambipar.com\/latam\/wp-json\/wp\/v2\/pages\/2061\/revisions"}],"predecessor-version":[{"id":2495,"href":"https:\/\/ambipar.com\/latam\/wp-json\/wp\/v2\/pages\/2061\/revisions\/2495"}],"up":[{"embeddable":true,"href":"https:\/\/ambipar.com\/latam\/wp-json\/wp\/v2\/pages\/1210"}],"wp:featuredmedia":[{"embeddable":true,"href":"https:\/\/ambipar.com\/latam\/wp-json\/wp\/v2\/media\/1217"}],"wp:attachment":[{"href":"https:\/\/ambipar.com\/latam\/wp-json\/wp\/v2\/media?parent=2061"}],"curies":[{"name":"wp","href":"https:\/\/api.w.org\/{rel}","templated":true}]}}