{"id":2077,"date":"2020-11-16T14:10:44","date_gmt":"2020-11-16T17:10:44","guid":{"rendered":"https:\/\/ambipar.com\/latam\/?page_id=2077"},"modified":"2021-10-14T11:46:12","modified_gmt":"2021-10-14T14:46:12","slug":"remediacion-del-suelo","status":"publish","type":"page","link":"https:\/\/ambipar.com\/latam\/ambipar-response-3\/servicios-industriales\/remediacion-del-suelo\/","title":{"rendered":"Remediaci\u00f3n del Suelo"},"content":{"rendered":"\n<p>Ambipar realiza la remediaci\u00f3n del suelo con equipos tecnol\u00f3gicos de absorci\u00f3n, cuando un ambiente sufre contaminaci\u00f3n del suelo.<\/p>\n\n\n\n<p>&nbsp;La contaminaci\u00f3n se elimina por completo y se elimina correctamente junto con el material utilizado. Gesti\u00f3n de residuos de la rehabilitaci\u00f3n del suelo tambi\u00e9n lo realiza Ambipar, donde despu\u00e9s del servicio, el mismo tipo de suelo se repone in situ sin contaminaci\u00f3n, preservando el medio ambiente.<\/p>\n\n\n\n<p>Vea tambi\u00e9n:<\/p>\n\n\n\n<ul><li><a href=\"https:\/\/ambipar.com\/latam\/ambipar-response-3\/servicios-industriales\/limpieza-de-silos\/\">Limpieza de Silos<\/a><\/li><li><a href=\"https:\/\/ambipar.com\/latam\/ambipar-response-3\/servicios-industriales\/limpieza-manual-y-espacios-confinados\/\">Limpieza Manual y Espacios Confinados<\/a><\/li><li><a href=\"https:\/\/ambipar.com\/latam\/ambipar-response-3\/servicios-industriales\/puertos-y-offshore\/\">Puertos y Offshore<\/a><\/li><li><a href=\"https:\/\/ambipar.com\/latam\/ambipar-response-3\/servicios-industriales\/transferencia-entre-tanques-2\/\">Transferencia entre Tanques<\/a><\/li><li><a href=\"https:\/\/ambipar.com\/latam\/ambipar-response-3\/servicios-industriales\/desmantelamiento\/\">Desmantelamiento<\/a><\/li><li><a href=\"https:\/\/ambipar.com\/latam\/ambipar-response-3\/servicios-industriales\/demolicion-de-areas-degradadas\/\">Demolici\u00f3n de \u00c1reas Degradadas<\/a><\/li><\/ul>\n","protected":false},"excerpt":{"rendered":"Ambipar realiza la remediaci\u00f3n del suelo con equipos tecnol\u00f3gicos de absorci\u00f3n, cuando un ambiente sufre contaminaci\u00f3n del suelo. &nbsp;La contaminaci\u00f3n se elimina por completo y se elimina correctamente junto con el material utilizado. Gesti\u00f3n de residuos de la rehabilitaci\u00f3n del suelo tambi\u00e9n lo realiza Ambipar, donde despu\u00e9s del servicio, el mismo tipo de suelo se&#8230; <a class=\"view-article\" href=\"https:\/\/ambipar.com\/latam\/ambipar-response-3\/servicios-industriales\/remediacion-del-suelo\/\">Ver art\u00edculo<\/a>","protected":false},"author":1,"featured_media":1234,"parent":2039,"menu_order":0,"comment_status":"closed","ping_status":"closed","template":"single-servicos.php","meta":[],"yoast_head":"<!-- This site is optimized with the Yoast SEO plugin v17.6 - https:\/\/yoast.com\/wordpress\/plugins\/seo\/ -->\n<title>Descubra los servicios de Remediaci\u00f3n del Suelo que ofrece Ambipar<\/title>\n<meta name=\"description\" content=\"Ambipar realiza la remediaci\u00f3n del suelo con equipos tecnol\u00f3gicos de absorci\u00f3n, cuando un ambiente sufre contaminaci\u00f3n del suelo.\" \/>\n<meta name=\"robots\" content=\"index, follow, max-snippet:-1, max-image-preview:large, max-video-preview:-1\" \/>\n<link rel=\"canonical\" href=\"https:\/\/ambipar.com\/latam\/ambipar-response-3\/servicios-industriales\/remediacion-del-suelo\/\" \/>\n<meta property=\"og:locale\" content=\"es_ES\" \/>\n<meta property=\"og:type\" content=\"article\" \/>\n<meta property=\"og:title\" content=\"Descubra los servicios de Remediaci\u00f3n del Suelo que ofrece Ambipar\" \/>\n<meta property=\"og:description\" content=\"Ambipar realiza la remediaci\u00f3n del suelo con equipos tecnol\u00f3gicos de absorci\u00f3n, cuando un ambiente sufre contaminaci\u00f3n del suelo.\" \/>\n<meta property=\"og:url\" content=\"https:\/\/ambipar.com\/latam\/ambipar-response-3\/servicios-industriales\/remediacion-del-suelo\/\" \/>\n<meta property=\"og:site_name\" content=\"Ambipar. A l\u00edder em gest\u00e3o ambiental.\" \/>\n<meta property=\"article:modified_time\" content=\"2021-10-14T14:46:12+00:00\" \/>\n<meta property=\"og:image\" content=\"https:\/\/ambipar.com\/latam\/wp-content\/uploads\/2020\/11\/remediacaodesolo.jpg\" \/>\n\t<meta property=\"og:image:width\" content=\"1000\" \/>\n\t<meta property=\"og:image:height\" content=\"1000\" \/>\n<meta name=\"twitter:card\" content=\"summary_large_image\" \/>\n<meta name=\"twitter:label1\" content=\"Est. reading time\" \/>\n\t<meta name=\"twitter:data1\" content=\"1 minuto\" \/>\n<script type=\"application\/ld+json\" class=\"yoast-schema-graph\">{\"@context\":\"https:\/\/schema.org\",\"@graph\":[{\"@type\":\"Organization\",\"@id\":\"https:\/\/ambipar.com\/latam\/#organization\",\"name\":\"Ambipar\",\"url\":\"https:\/\/ambipar.com\/latam\/\",\"sameAs\":[],\"logo\":{\"@type\":\"ImageObject\",\"@id\":\"https:\/\/ambipar.com\/latam\/#logo\",\"inLanguage\":\"es-CL\",\"url\":\"https:\/\/ambipar.com\/latam\/wp-content\/uploads\/2020\/10\/ambipar_color.png\",\"contentUrl\":\"https:\/\/ambipar.com\/latam\/wp-content\/uploads\/2020\/10\/ambipar_color.png\",\"width\":174,\"height\":107,\"caption\":\"Ambipar\"},\"image\":{\"@id\":\"https:\/\/ambipar.com\/latam\/#logo\"}},{\"@type\":\"WebSite\",\"@id\":\"https:\/\/ambipar.com\/latam\/#website\",\"url\":\"https:\/\/ambipar.com\/latam\/\",\"name\":\"Ambipar. A l\\u00edder em gest\\u00e3o ambiental.\",\"description\":\"Pioneira em solu\\u00e7\\u00f5es ambientais, a Ambipar atua em todo o territ\\u00f3rio nacional oferecendo solu\\u00e7\\u00f5es integradas para toda a cadeia de neg\\u00f3cio.\",\"publisher\":{\"@id\":\"https:\/\/ambipar.com\/latam\/#organization\"},\"potentialAction\":[{\"@type\":\"SearchAction\",\"target\":{\"@type\":\"EntryPoint\",\"urlTemplate\":\"https:\/\/ambipar.com\/latam\/?s={search_term_string}\"},\"query-input\":\"required name=search_term_string\"}],\"inLanguage\":\"es-CL\"},{\"@type\":\"ImageObject\",\"@id\":\"https:\/\/ambipar.com\/latam\/ambipar-response-3\/servicios-industriales\/remediacion-del-suelo\/#primaryimage\",\"inLanguage\":\"es-CL\",\"url\":\"https:\/\/ambipar.com\/latam\/wp-content\/uploads\/2020\/11\/remediacaodesolo.jpg\",\"contentUrl\":\"https:\/\/ambipar.com\/latam\/wp-content\/uploads\/2020\/11\/remediacaodesolo.jpg\",\"width\":1000,\"height\":1000,\"caption\":\"remedia\\u00e7\\u00e3o de solo\"},{\"@type\":\"WebPage\",\"@id\":\"https:\/\/ambipar.com\/latam\/ambipar-response-3\/servicios-industriales\/remediacion-del-suelo\/#webpage\",\"url\":\"https:\/\/ambipar.com\/latam\/ambipar-response-3\/servicios-industriales\/remediacion-del-suelo\/\",\"name\":\"Descubra los servicios de Remediaci\\u00f3n del Suelo que ofrece Ambipar\",\"isPartOf\":{\"@id\":\"https:\/\/ambipar.com\/latam\/#website\"},\"primaryImageOfPage\":{\"@id\":\"https:\/\/ambipar.com\/latam\/ambipar-response-3\/servicios-industriales\/remediacion-del-suelo\/#primaryimage\"},\"datePublished\":\"2020-11-16T17:10:44+00:00\",\"dateModified\":\"2021-10-14T14:46:12+00:00\",\"description\":\"Ambipar realiza la remediaci\\u00f3n del suelo con equipos tecnol\\u00f3gicos de absorci\\u00f3n, cuando un ambiente sufre contaminaci\\u00f3n del suelo.\",\"breadcrumb\":{\"@id\":\"https:\/\/ambipar.com\/latam\/ambipar-response-3\/servicios-industriales\/remediacion-del-suelo\/#breadcrumb\"},\"inLanguage\":\"es-CL\",\"potentialAction\":[{\"@type\":\"ReadAction\",\"target\":[\"https:\/\/ambipar.com\/latam\/ambipar-response-3\/servicios-industriales\/remediacion-del-suelo\/\"]}]},{\"@type\":\"BreadcrumbList\",\"@id\":\"https:\/\/ambipar.com\/latam\/ambipar-response-3\/servicios-industriales\/remediacion-del-suelo\/#breadcrumb\",\"itemListElement\":[{\"@type\":\"ListItem\",\"position\":1,\"name\":\"Home\",\"item\":\"https:\/\/ambipar.com\/latam\/\"},{\"@type\":\"ListItem\",\"position\":2,\"name\":\"Ambipar Response\",\"item\":\"https:\/\/ambipar.com\/latam\/ambipar-response-3\/\"},{\"@type\":\"ListItem\",\"position\":3,\"name\":\"Servicios Industriales\",\"item\":\"https:\/\/ambipar.com\/latam\/ambipar-response-3\/servicios-industriales\/\"},{\"@type\":\"ListItem\",\"position\":4,\"name\":\"Remediaci\\u00f3n del Suelo\"}]}]}<\/script>\n<!-- \/ Yoast SEO plugin. -->","yoast_head_json":{"title":"Descubra los servicios de Remediaci\u00f3n del Suelo que ofrece Ambipar","description":"Ambipar realiza la remediaci\u00f3n del suelo con equipos tecnol\u00f3gicos de absorci\u00f3n, cuando un ambiente sufre contaminaci\u00f3n del suelo.","robots":{"index":"index","follow":"follow","max-snippet":"max-snippet:-1","max-image-preview":"max-image-preview:large","max-video-preview":"max-video-preview:-1"},"canonical":"https:\/\/ambipar.com\/latam\/ambipar-response-3\/servicios-industriales\/remediacion-del-suelo\/","og_locale":"es_ES","og_type":"article","og_title":"Descubra los servicios de Remediaci\u00f3n del Suelo que ofrece Ambipar","og_description":"Ambipar realiza la remediaci\u00f3n del suelo con equipos tecnol\u00f3gicos de absorci\u00f3n, cuando un ambiente sufre contaminaci\u00f3n del suelo.","og_url":"https:\/\/ambipar.com\/latam\/ambipar-response-3\/servicios-industriales\/remediacion-del-suelo\/","og_site_name":"Ambipar. A l\u00edder em gest\u00e3o ambiental.","article_modified_time":"2021-10-14T14:46:12+00:00","og_image":[{"width":1000,"height":1000,"url":"https:\/\/ambipar.com\/latam\/wp-content\/uploads\/2020\/11\/remediacaodesolo.jpg","type":"image\/jpeg"}],"twitter_card":"summary_large_image","twitter_misc":{"Est. reading time":"1 minuto"},"schema":{"@context":"https:\/\/schema.org","@graph":[{"@type":"Organization","@id":"https:\/\/ambipar.com\/latam\/#organization","name":"Ambipar","url":"https:\/\/ambipar.com\/latam\/","sameAs":[],"logo":{"@type":"ImageObject","@id":"https:\/\/ambipar.com\/latam\/#logo","inLanguage":"es-CL","url":"https:\/\/ambipar.com\/latam\/wp-content\/uploads\/2020\/10\/ambipar_color.png","contentUrl":"https:\/\/ambipar.com\/latam\/wp-content\/uploads\/2020\/10\/ambipar_color.png","width":174,"height":107,"caption":"Ambipar"},"image":{"@id":"https:\/\/ambipar.com\/latam\/#logo"}},{"@type":"WebSite","@id":"https:\/\/ambipar.com\/latam\/#website","url":"https:\/\/ambipar.com\/latam\/","name":"Ambipar. A l\u00edder em gest\u00e3o ambiental.","description":"Pioneira em solu\u00e7\u00f5es ambientais, a Ambipar atua em todo o territ\u00f3rio nacional oferecendo solu\u00e7\u00f5es integradas para toda a cadeia de neg\u00f3cio.","publisher":{"@id":"https:\/\/ambipar.com\/latam\/#organization"},"potentialAction":[{"@type":"SearchAction","target":{"@type":"EntryPoint","urlTemplate":"https:\/\/ambipar.com\/latam\/?s={search_term_string}"},"query-input":"required name=search_term_string"}],"inLanguage":"es-CL"},{"@type":"ImageObject","@id":"https:\/\/ambipar.com\/latam\/ambipar-response-3\/servicios-industriales\/remediacion-del-suelo\/#primaryimage","inLanguage":"es-CL","url":"https:\/\/ambipar.com\/latam\/wp-content\/uploads\/2020\/11\/remediacaodesolo.jpg","contentUrl":"https:\/\/ambipar.com\/latam\/wp-content\/uploads\/2020\/11\/remediacaodesolo.jpg","width":1000,"height":1000,"caption":"remedia\u00e7\u00e3o de solo"},{"@type":"WebPage","@id":"https:\/\/ambipar.com\/latam\/ambipar-response-3\/servicios-industriales\/remediacion-del-suelo\/#webpage","url":"https:\/\/ambipar.com\/latam\/ambipar-response-3\/servicios-industriales\/remediacion-del-suelo\/","name":"Descubra los servicios de Remediaci\u00f3n del Suelo que ofrece Ambipar","isPartOf":{"@id":"https:\/\/ambipar.com\/latam\/#website"},"primaryImageOfPage":{"@id":"https:\/\/ambipar.com\/latam\/ambipar-response-3\/servicios-industriales\/remediacion-del-suelo\/#primaryimage"},"datePublished":"2020-11-16T17:10:44+00:00","dateModified":"2021-10-14T14:46:12+00:00","description":"Ambipar realiza la remediaci\u00f3n del suelo con equipos tecnol\u00f3gicos de absorci\u00f3n, cuando un ambiente sufre contaminaci\u00f3n del suelo.","breadcrumb":{"@id":"https:\/\/ambipar.com\/latam\/ambipar-response-3\/servicios-industriales\/remediacion-del-suelo\/#breadcrumb"},"inLanguage":"es-CL","potentialAction":[{"@type":"ReadAction","target":["https:\/\/ambipar.com\/latam\/ambipar-response-3\/servicios-industriales\/remediacion-del-suelo\/"]}]},{"@type":"BreadcrumbList","@id":"https:\/\/ambipar.com\/latam\/ambipar-response-3\/servicios-industriales\/remediacion-del-suelo\/#breadcrumb","itemListElement":[{"@type":"ListItem","position":1,"name":"Home","item":"https:\/\/ambipar.com\/latam\/"},{"@type":"ListItem","position":2,"name":"Ambipar Response","item":"https:\/\/ambipar.com\/latam\/ambipar-response-3\/"},{"@type":"ListItem","position":3,"name":"Servicios Industriales","item":"https:\/\/ambipar.com\/latam\/ambipar-response-3\/servicios-industriales\/"},{"@type":"ListItem","position":4,"name":"Remediaci\u00f3n del Suelo"}]}]}},"_links":{"self":[{"href":"https:\/\/ambipar.com\/latam\/wp-json\/wp\/v2\/pages\/2077"}],"collection":[{"href":"https:\/\/ambipar.com\/latam\/wp-json\/wp\/v2\/pages"}],"about":[{"href":"https:\/\/ambipar.com\/latam\/wp-json\/wp\/v2\/types\/page"}],"author":[{"embeddable":true,"href":"https:\/\/ambipar.com\/latam\/wp-json\/wp\/v2\/users\/1"}],"replies":[{"embeddable":true,"href":"https:\/\/ambipar.com\/latam\/wp-json\/wp\/v2\/comments?post=2077"}],"version-history":[{"count":4,"href":"https:\/\/ambipar.com\/latam\/wp-json\/wp\/v2\/pages\/2077\/revisions"}],"predecessor-version":[{"id":4290,"href":"https:\/\/ambipar.com\/latam\/wp-json\/wp\/v2\/pages\/2077\/revisions\/4290"}],"up":[{"embeddable":true,"href":"https:\/\/ambipar.com\/latam\/wp-json\/wp\/v2\/pages\/2039"}],"wp:featuredmedia":[{"embeddable":true,"href":"https:\/\/ambipar.com\/latam\/wp-json\/wp\/v2\/media\/1234"}],"wp:attachment":[{"href":"https:\/\/ambipar.com\/latam\/wp-json\/wp\/v2\/media?parent=2077"}],"curies":[{"name":"wp","href":"https:\/\/api.w.org\/{rel}","templated":true}]}}