{"id":2344,"date":"2020-11-17T06:59:08","date_gmt":"2020-11-17T09:59:08","guid":{"rendered":"https:\/\/ambipar.com\/latam\/?page_id=2344"},"modified":"2021-01-05T21:12:17","modified_gmt":"2021-01-06T00:12:17","slug":"hazmat-technical-level","status":"publish","type":"page","link":"https:\/\/ambipar.com\/latam\/en\/ambipar-response\/treinamentos\/hazmat\/hazmat-technical-level\/","title":{"rendered":"HAZMAT Technical Level"},"content":{"rendered":"\n<p><strong>OBJECTIVE: <\/strong><\/p>\n\n\n\n<p>Provide participants with technical and practical knowledge that allows them to develop offensive and preventive actions as a result of emergencies with chemical and dangerous products.<\/p>\n\n\n\n<p><strong>TARGET AUDIENCE:<\/strong> <\/p>\n\n\n\n<p>Professionals in the sectors of transport, shipping, traffic, QSMS, public agencies or other sectors that constitute the emergency brigade of the institution.<\/p>\n\n\n\n<p><strong>PROGRAM CONTENT: <\/strong><\/p>\n\n\n\n<ul><li>Execute the Emergency Plan for your company or workplace<\/li><li>Use gas monitoring instruments and equipment to classify, identify and verify  known and unknown products<\/li><li>Understand the terminology and behavior of chemicals and toxics<\/li><li>Select and use specialized personal protective equipment<\/li><li>Apply risk measurement techniques <\/li><li>Perform advanced control, containment and grounding operations, targeting hazardous products with specific resources<\/li><li>Perform transfer procedures (closed and open) and decontamination<\/li><li>Execute the emergency closure procedures<\/li><\/ul>\n\n\n\n<p><strong>COURSE LOAD<\/strong>: 40 HOURS<\/p>\n\n\n\n<p><strong>MAKE YOUR REGISTRATION<\/strong><\/p>\n\n\n\n<p>Choose the training period and click to request your registration:<\/p>\n\n\n\n<ul><li><a href=\"mailto:treinamento@primepixel?subject=Solicita\u00e7\u00e3o de treinamento Hazmat N\u00edvel T\u00e9cnico de 01 \u00e0 05\/03\/2021\">01 to 05\/03\/2021 &#8211; Hazmat Technical Level<\/a><\/li><li><a href=\"mailto:treinamento@primepixel?subject=Solicita\u00e7\u00e3o de treinamento Hazmat N\u00edvel Opera\u00e7\u00f5es de 12 \u00e0 16\/07\/2021\">19 to 23\/07\/2021 &#8211; Hazmat Technical Level<\/a> <\/li><\/ul>\n\n\n\n<p>See the other modules of the HAZMAT course:<\/p>\n\n\n\n<ul id=\"block-e08a69f3-3cd8-4edc-9635-108a8a483ec9\"><li><a href=\"https:\/\/ambipar.com\/latam\/en\/ambipar-response\/treinamentos\/hazmat\/hazmat-level-first-on-site\/\">HAZMAT Level First on site<\/a><\/li><li><a href=\"https:\/\/ambipar.com\/latam\/en\/ambipar-response\/treinamentos\/hazmat\/hazmat-operations-level\/\">HAZMAT Operations Level<\/a><\/li><li><a href=\"https:\/\/ambipar.com\/latam\/en\/ambipar-response\/treinamentos\/hazmat\/hazmat-ics-command-level\/\">HAZMAT ICS Command Level<\/a><\/li><li><a href=\"https:\/\/ambipar.com\/latam\/en\/ambipar-response\/treinamentos\/hazmat\/hazmat-specialist-level\/\">HAZMAT Specialist Level<\/a><\/li><\/ul>\n","protected":false},"excerpt":{"rendered":"OBJECTIVE: Provide participants with technical and practical knowledge that allows them to develop offensive and preventive actions as a result of emergencies with chemical and dangerous products. TARGET AUDIENCE: Professionals in the sectors of transport, shipping, traffic, QSMS, public agencies or other sectors that constitute the emergency brigade of the institution. PROGRAM CONTENT: Execute the&#8230; <a class=\"view-article\" href=\"https:\/\/ambipar.com\/latam\/en\/ambipar-response\/treinamentos\/hazmat\/hazmat-technical-level\/\">Ver art\u00edculo<\/a>","protected":false},"author":1,"featured_media":488,"parent":535,"menu_order":0,"comment_status":"closed","ping_status":"closed","template":"single-servicos.php","meta":[],"yoast_head":"<!-- This site is optimized with the Yoast SEO plugin v17.6 - https:\/\/yoast.com\/wordpress\/plugins\/seo\/ -->\n<title>Discover HAZMAT Technical Level offered by Ambipar<\/title>\n<meta name=\"description\" content=\"OBJECTIVE: To provide participants with technical and practical knowledge that will allow them to develop offensive and preventive actions\" \/>\n<meta name=\"robots\" content=\"index, follow, max-snippet:-1, max-image-preview:large, max-video-preview:-1\" \/>\n<link rel=\"canonical\" href=\"https:\/\/ambipar.com\/latam\/en\/ambipar-response\/treinamentos\/hazmat\/hazmat-technical-level\/\" \/>\n<meta property=\"og:locale\" content=\"es_ES\" \/>\n<meta property=\"og:type\" content=\"article\" \/>\n<meta property=\"og:title\" content=\"Discover HAZMAT Technical Level offered by Ambipar\" \/>\n<meta property=\"og:description\" content=\"OBJECTIVE: To provide participants with technical and practical knowledge that will allow them to develop offensive and preventive actions\" \/>\n<meta property=\"og:url\" content=\"https:\/\/ambipar.com\/latam\/en\/ambipar-response\/treinamentos\/hazmat\/hazmat-technical-level\/\" \/>\n<meta property=\"og:site_name\" content=\"Ambipar. A l\u00edder em gest\u00e3o ambiental.\" \/>\n<meta property=\"article:modified_time\" content=\"2021-01-06T00:12:17+00:00\" \/>\n<meta property=\"og:image\" content=\"https:\/\/ambipar.com\/latam\/wp-content\/uploads\/2020\/10\/equipamentos_combate_incendio.jpg\" \/>\n\t<meta property=\"og:image:width\" content=\"463\" \/>\n\t<meta property=\"og:image:height\" content=\"627\" \/>\n<meta name=\"twitter:card\" content=\"summary_large_image\" \/>\n<meta name=\"twitter:label1\" content=\"Est. reading time\" \/>\n\t<meta name=\"twitter:data1\" content=\"1 minuto\" \/>\n<script type=\"application\/ld+json\" class=\"yoast-schema-graph\">{\"@context\":\"https:\/\/schema.org\",\"@graph\":[{\"@type\":\"Organization\",\"@id\":\"https:\/\/ambipar.com\/latam\/#organization\",\"name\":\"Ambipar\",\"url\":\"https:\/\/ambipar.com\/latam\/\",\"sameAs\":[],\"logo\":{\"@type\":\"ImageObject\",\"@id\":\"https:\/\/ambipar.com\/latam\/#logo\",\"inLanguage\":\"es-CL\",\"url\":\"https:\/\/ambipar.com\/latam\/wp-content\/uploads\/2020\/10\/ambipar_color.png\",\"contentUrl\":\"https:\/\/ambipar.com\/latam\/wp-content\/uploads\/2020\/10\/ambipar_color.png\",\"width\":174,\"height\":107,\"caption\":\"Ambipar\"},\"image\":{\"@id\":\"https:\/\/ambipar.com\/latam\/#logo\"}},{\"@type\":\"WebSite\",\"@id\":\"https:\/\/ambipar.com\/latam\/#website\",\"url\":\"https:\/\/ambipar.com\/latam\/\",\"name\":\"Ambipar. A l\\u00edder em gest\\u00e3o ambiental.\",\"description\":\"Pioneira em solu\\u00e7\\u00f5es ambientais, a Ambipar atua em todo o territ\\u00f3rio nacional oferecendo solu\\u00e7\\u00f5es integradas para toda a cadeia de neg\\u00f3cio.\",\"publisher\":{\"@id\":\"https:\/\/ambipar.com\/latam\/#organization\"},\"potentialAction\":[{\"@type\":\"SearchAction\",\"target\":{\"@type\":\"EntryPoint\",\"urlTemplate\":\"https:\/\/ambipar.com\/latam\/?s={search_term_string}\"},\"query-input\":\"required name=search_term_string\"}],\"inLanguage\":\"es-CL\"},{\"@type\":\"ImageObject\",\"@id\":\"https:\/\/ambipar.com\/latam\/en\/ambipar-response\/treinamentos\/hazmat\/hazmat-technical-level\/#primaryimage\",\"inLanguage\":\"es-CL\",\"url\":\"https:\/\/ambipar.com\/latam\/wp-content\/uploads\/2020\/10\/equipamentos_combate_incendio.jpg\",\"contentUrl\":\"https:\/\/ambipar.com\/latam\/wp-content\/uploads\/2020\/10\/equipamentos_combate_incendio.jpg\",\"width\":463,\"height\":627,\"caption\":\"Imagem da equipe de combate a inc\\u00eandios em a\\u00e7\\u00e3o\"},{\"@type\":\"WebPage\",\"@id\":\"https:\/\/ambipar.com\/latam\/en\/ambipar-response\/treinamentos\/hazmat\/hazmat-technical-level\/#webpage\",\"url\":\"https:\/\/ambipar.com\/latam\/en\/ambipar-response\/treinamentos\/hazmat\/hazmat-technical-level\/\",\"name\":\"Discover HAZMAT Technical Level offered by Ambipar\",\"isPartOf\":{\"@id\":\"https:\/\/ambipar.com\/latam\/#website\"},\"primaryImageOfPage\":{\"@id\":\"https:\/\/ambipar.com\/latam\/en\/ambipar-response\/treinamentos\/hazmat\/hazmat-technical-level\/#primaryimage\"},\"datePublished\":\"2020-11-17T09:59:08+00:00\",\"dateModified\":\"2021-01-06T00:12:17+00:00\",\"description\":\"OBJECTIVE: To provide participants with technical and practical knowledge that will allow them to develop offensive and preventive actions\",\"breadcrumb\":{\"@id\":\"https:\/\/ambipar.com\/latam\/en\/ambipar-response\/treinamentos\/hazmat\/hazmat-technical-level\/#breadcrumb\"},\"inLanguage\":\"es-CL\",\"potentialAction\":[{\"@type\":\"ReadAction\",\"target\":[\"https:\/\/ambipar.com\/latam\/en\/ambipar-response\/treinamentos\/hazmat\/hazmat-technical-level\/\"]}]},{\"@type\":\"BreadcrumbList\",\"@id\":\"https:\/\/ambipar.com\/latam\/en\/ambipar-response\/treinamentos\/hazmat\/hazmat-technical-level\/#breadcrumb\",\"itemListElement\":[{\"@type\":\"ListItem\",\"position\":1,\"name\":\"Home\",\"item\":\"https:\/\/ambipar.com\/latam\/\"},{\"@type\":\"ListItem\",\"position\":2,\"name\":\"Ambipar Response\",\"item\":\"https:\/\/ambipar.com\/latam\/pt\/ambipar-response\/\"},{\"@type\":\"ListItem\",\"position\":3,\"name\":\"Treinamentos\",\"item\":\"https:\/\/ambipar.com\/latam\/pt\/ambipar-response\/treinamentos\/\"},{\"@type\":\"ListItem\",\"position\":4,\"name\":\"HAZMAT\",\"item\":\"https:\/\/ambipar.com\/latam\/pt\/ambipar-response\/treinamentos\/hazmat\/\"},{\"@type\":\"ListItem\",\"position\":5,\"name\":\"HAZMAT Technical Level\"}]}]}<\/script>\n<!-- \/ Yoast SEO plugin. -->","yoast_head_json":{"title":"Discover HAZMAT Technical Level offered by Ambipar","description":"OBJECTIVE: To provide participants with technical and practical knowledge that will allow them to develop offensive and preventive actions","robots":{"index":"index","follow":"follow","max-snippet":"max-snippet:-1","max-image-preview":"max-image-preview:large","max-video-preview":"max-video-preview:-1"},"canonical":"https:\/\/ambipar.com\/latam\/en\/ambipar-response\/treinamentos\/hazmat\/hazmat-technical-level\/","og_locale":"es_ES","og_type":"article","og_title":"Discover HAZMAT Technical Level offered by Ambipar","og_description":"OBJECTIVE: To provide participants with technical and practical knowledge that will allow them to develop offensive and preventive actions","og_url":"https:\/\/ambipar.com\/latam\/en\/ambipar-response\/treinamentos\/hazmat\/hazmat-technical-level\/","og_site_name":"Ambipar. A l\u00edder em gest\u00e3o ambiental.","article_modified_time":"2021-01-06T00:12:17+00:00","og_image":[{"width":463,"height":627,"url":"https:\/\/ambipar.com\/latam\/wp-content\/uploads\/2020\/10\/equipamentos_combate_incendio.jpg","type":"image\/jpeg"}],"twitter_card":"summary_large_image","twitter_misc":{"Est. reading time":"1 minuto"},"schema":{"@context":"https:\/\/schema.org","@graph":[{"@type":"Organization","@id":"https:\/\/ambipar.com\/latam\/#organization","name":"Ambipar","url":"https:\/\/ambipar.com\/latam\/","sameAs":[],"logo":{"@type":"ImageObject","@id":"https:\/\/ambipar.com\/latam\/#logo","inLanguage":"es-CL","url":"https:\/\/ambipar.com\/latam\/wp-content\/uploads\/2020\/10\/ambipar_color.png","contentUrl":"https:\/\/ambipar.com\/latam\/wp-content\/uploads\/2020\/10\/ambipar_color.png","width":174,"height":107,"caption":"Ambipar"},"image":{"@id":"https:\/\/ambipar.com\/latam\/#logo"}},{"@type":"WebSite","@id":"https:\/\/ambipar.com\/latam\/#website","url":"https:\/\/ambipar.com\/latam\/","name":"Ambipar. A l\u00edder em gest\u00e3o ambiental.","description":"Pioneira em solu\u00e7\u00f5es ambientais, a Ambipar atua em todo o territ\u00f3rio nacional oferecendo solu\u00e7\u00f5es integradas para toda a cadeia de neg\u00f3cio.","publisher":{"@id":"https:\/\/ambipar.com\/latam\/#organization"},"potentialAction":[{"@type":"SearchAction","target":{"@type":"EntryPoint","urlTemplate":"https:\/\/ambipar.com\/latam\/?s={search_term_string}"},"query-input":"required name=search_term_string"}],"inLanguage":"es-CL"},{"@type":"ImageObject","@id":"https:\/\/ambipar.com\/latam\/en\/ambipar-response\/treinamentos\/hazmat\/hazmat-technical-level\/#primaryimage","inLanguage":"es-CL","url":"https:\/\/ambipar.com\/latam\/wp-content\/uploads\/2020\/10\/equipamentos_combate_incendio.jpg","contentUrl":"https:\/\/ambipar.com\/latam\/wp-content\/uploads\/2020\/10\/equipamentos_combate_incendio.jpg","width":463,"height":627,"caption":"Imagem da equipe de combate a inc\u00eandios em a\u00e7\u00e3o"},{"@type":"WebPage","@id":"https:\/\/ambipar.com\/latam\/en\/ambipar-response\/treinamentos\/hazmat\/hazmat-technical-level\/#webpage","url":"https:\/\/ambipar.com\/latam\/en\/ambipar-response\/treinamentos\/hazmat\/hazmat-technical-level\/","name":"Discover HAZMAT Technical Level offered by Ambipar","isPartOf":{"@id":"https:\/\/ambipar.com\/latam\/#website"},"primaryImageOfPage":{"@id":"https:\/\/ambipar.com\/latam\/en\/ambipar-response\/treinamentos\/hazmat\/hazmat-technical-level\/#primaryimage"},"datePublished":"2020-11-17T09:59:08+00:00","dateModified":"2021-01-06T00:12:17+00:00","description":"OBJECTIVE: To provide participants with technical and practical knowledge that will allow them to develop offensive and preventive actions","breadcrumb":{"@id":"https:\/\/ambipar.com\/latam\/en\/ambipar-response\/treinamentos\/hazmat\/hazmat-technical-level\/#breadcrumb"},"inLanguage":"es-CL","potentialAction":[{"@type":"ReadAction","target":["https:\/\/ambipar.com\/latam\/en\/ambipar-response\/treinamentos\/hazmat\/hazmat-technical-level\/"]}]},{"@type":"BreadcrumbList","@id":"https:\/\/ambipar.com\/latam\/en\/ambipar-response\/treinamentos\/hazmat\/hazmat-technical-level\/#breadcrumb","itemListElement":[{"@type":"ListItem","position":1,"name":"Home","item":"https:\/\/ambipar.com\/latam\/"},{"@type":"ListItem","position":2,"name":"Ambipar Response","item":"https:\/\/ambipar.com\/latam\/pt\/ambipar-response\/"},{"@type":"ListItem","position":3,"name":"Treinamentos","item":"https:\/\/ambipar.com\/latam\/pt\/ambipar-response\/treinamentos\/"},{"@type":"ListItem","position":4,"name":"HAZMAT","item":"https:\/\/ambipar.com\/latam\/pt\/ambipar-response\/treinamentos\/hazmat\/"},{"@type":"ListItem","position":5,"name":"HAZMAT Technical Level"}]}]}},"_links":{"self":[{"href":"https:\/\/ambipar.com\/latam\/wp-json\/wp\/v2\/pages\/2344"}],"collection":[{"href":"https:\/\/ambipar.com\/latam\/wp-json\/wp\/v2\/pages"}],"about":[{"href":"https:\/\/ambipar.com\/latam\/wp-json\/wp\/v2\/types\/page"}],"author":[{"embeddable":true,"href":"https:\/\/ambipar.com\/latam\/wp-json\/wp\/v2\/users\/1"}],"replies":[{"embeddable":true,"href":"https:\/\/ambipar.com\/latam\/wp-json\/wp\/v2\/comments?post=2344"}],"version-history":[{"count":4,"href":"https:\/\/ambipar.com\/latam\/wp-json\/wp\/v2\/pages\/2344\/revisions"}],"predecessor-version":[{"id":3018,"href":"https:\/\/ambipar.com\/latam\/wp-json\/wp\/v2\/pages\/2344\/revisions\/3018"}],"up":[{"embeddable":true,"href":"https:\/\/ambipar.com\/latam\/wp-json\/wp\/v2\/pages\/535"}],"wp:featuredmedia":[{"embeddable":true,"href":"https:\/\/ambipar.com\/latam\/wp-json\/wp\/v2\/media\/488"}],"wp:attachment":[{"href":"https:\/\/ambipar.com\/latam\/wp-json\/wp\/v2\/media?parent=2344"}],"curies":[{"name":"wp","href":"https:\/\/api.w.org\/{rel}","templated":true}]}}