{"id":3004,"date":"2021-01-04T13:05:24","date_gmt":"2021-01-04T16:05:24","guid":{"rendered":"https:\/\/ambipar.com\/latam\/?page_id=3004"},"modified":"2021-04-20T11:02:04","modified_gmt":"2021-04-20T14:02:04","slug":"schedule-2021","status":"publish","type":"page","link":"https:\/\/ambipar.com\/latam\/en\/ambipar-response\/training\/schedule-2021\/","title":{"rendered":"Schedule 2021"},"content":{"rendered":"\n<p><strong>TRAINING SCHEDULE<\/strong><\/p>\n\n\n\n<p>Access our training calendar for 2021:<\/p>\n\n\n\n<ul><li><a href=\"\/ambipar-response\/treinamentos\/hazmat\/hazmat-nivel-operacoes\/\">22 to 26\/02\/2021 &#8211; <\/a><a href=\"\/en\/ambipar-response\/treinamentos\/hazmat\/hazmat-operations-level\/\">Hazmat Operations Level<\/a><\/li><li><a href=\"\/en\/ambipar-response\/treinamentos\/hazmat\/hazmat-technical-level\/\">01 to 05\/03\/2021 \u2013 Hazmat Technical Level<\/a><\/li><li><a href=\"\/en\/ambipar-response\/treinamentos\/hazmat\/hazmat-operations-level\/\">03 to 07\/05\/2021 &#8211; Hazmat Operations Level<\/a><\/li><li><a href=\"\/en\/ambipar-response\/treinamentos\/hazmat\/hazmat-operations-level\/\">12 to 16\/07\/2021 &#8211; Hazmat Operations Level<\/a><\/li><li><a href=\"\/en\/ambipar-response\/treinamentos\/hazmat\/hazmat-technical-level\/\">19 to 23\/07\/2021 \u2013 Hazmat Technical Level<\/a><\/li><li><a href=\"\/en\/ambipar-response\/treinamentos\/hazmat\/hazmat-operations-level\/\">20 to 24\/09\/2021 &#8211; Hazmat Operations Level<\/a><\/li><li><a href=\"https:\/\/ambipar.com\/latam\/ambipar-response\/treinamentos\/hazmat\/hazmat-nivel-comando-ics\/\">27\/09  to 01\/10\/2021 \u2013 <\/a><a href=\"https:\/\/ambipar.com\/latam\/en\/ambipar-response\/treinamentos\/hazmat\/hazmat-ics-command-level\/\">Hazmat ICS Command Level<\/a><\/li><li><a href=\"\/en\/ambipar-response\/treinamentos\/hazmat\/hazmat-operations-level\/\">22 to 26\/11\/2021 &#8211; Hazmat Operations Level<\/a><\/li><\/ul>\n\n\n\n<p>See too:<\/p>\n\n\n\n<ul id=\"block-5caddda0-a14d-4bcf-ae65-cd8fca818840\"><li><a href=\"\/en\/ambipar-response\/treinamentos\/hazmat-2\/\">HAZMAT<\/a><\/li><li><a href=\"https:\/\/ambipar.com\/latam\/en\/ambipar-response\/treinamentos\/oil-spill-2\/\">Oil Spill<\/a><\/li><li><a href=\"https:\/\/ambipar.com\/latam\/en\/ambipar-response\/treinamentos\/emergency-brigade\/\">Emergency Brigade<\/a><\/li><li><a href=\"https:\/\/ambipar.com\/latam\/en\/ambipar-response\/treinamentos\/nrs-2\/\">NR\u2019S<\/a><\/li><li><a href=\"https:\/\/ambipar.com\/latam\/en\/ambipar-response\/treinamentos\/storage-and-handling-of-hazardous-products\/\">Storage and Handling of Hazardous Products<\/a><\/li><li><a href=\"https:\/\/ambipar.com\/latam\/en\/ambipar-response\/treinamentos\/simulator-equipment\/\">Simulator Equipment<\/a><\/li><li><a href=\"https:\/\/ambipar.com\/latam\/en\/ambipar-response\/treinamentos\/drills\/\">Drills<\/a><\/li><li><a href=\"https:\/\/ambipar.com\/latam\/en\/ambipar-response\/treinamentos\/ead-2\/\">EAD<\/a><\/li><\/ul>\n\n\n\n<p><\/p>\n","protected":false},"excerpt":{"rendered":"TRAINING SCHEDULE Access our training calendar for 2021: 22 to 26\/02\/2021 &#8211; Hazmat Operations Level 01 to 05\/03\/2021 \u2013 Hazmat Technical Level 03 to 07\/05\/2021 &#8211; Hazmat Operations Level 12 to 16\/07\/2021 &#8211; Hazmat Operations Level 19 to 23\/07\/2021 \u2013 Hazmat Technical Level 20 to 24\/09\/2021 &#8211; Hazmat Operations Level 27\/09 to 01\/10\/2021 \u2013 Hazmat&#8230; <a class=\"view-article\" href=\"https:\/\/ambipar.com\/latam\/en\/ambipar-response\/training\/schedule-2021\/\">Ver art\u00edculo<\/a>","protected":false},"author":2,"featured_media":539,"parent":2086,"menu_order":0,"comment_status":"closed","ping_status":"closed","template":"single-servicos.php","meta":[],"yoast_head":"<!-- This site is optimized with the Yoast SEO plugin v17.6 - https:\/\/yoast.com\/wordpress\/plugins\/seo\/ -->\n<title>AMBIPAR training schedule 2021: HAZMAT operations, technical, others<\/title>\n<meta name=\"description\" content=\"Ambipar training schedule: access our 2021 training schedule: HAZMAT operations, technical and Command level, among others\" \/>\n<meta name=\"robots\" content=\"index, follow, max-snippet:-1, max-image-preview:large, max-video-preview:-1\" \/>\n<link rel=\"canonical\" href=\"https:\/\/ambipar.com\/latam\/en\/ambipar-response\/training\/schedule-2021\/\" \/>\n<meta property=\"og:locale\" content=\"es_ES\" \/>\n<meta property=\"og:type\" content=\"article\" \/>\n<meta property=\"og:title\" content=\"AMBIPAR training schedule 2021: HAZMAT operations, technical, others\" \/>\n<meta property=\"og:description\" content=\"Ambipar training schedule: access our 2021 training schedule: HAZMAT operations, technical and Command level, among others\" \/>\n<meta property=\"og:url\" content=\"https:\/\/ambipar.com\/latam\/en\/ambipar-response\/training\/schedule-2021\/\" \/>\n<meta property=\"og:site_name\" content=\"Ambipar. A l\u00edder em gest\u00e3o ambiental.\" \/>\n<meta property=\"article:modified_time\" content=\"2021-04-20T14:02:04+00:00\" \/>\n<meta property=\"og:image\" content=\"https:\/\/ambipar.com\/latam\/wp-content\/uploads\/2020\/10\/HAXMAT2.jpg\" \/>\n\t<meta property=\"og:image:width\" content=\"1000\" \/>\n\t<meta property=\"og:image:height\" content=\"1000\" \/>\n<meta name=\"twitter:card\" content=\"summary_large_image\" \/>\n<meta name=\"twitter:label1\" content=\"Est. reading time\" \/>\n\t<meta name=\"twitter:data1\" content=\"1 minuto\" \/>\n<script type=\"application\/ld+json\" class=\"yoast-schema-graph\">{\"@context\":\"https:\/\/schema.org\",\"@graph\":[{\"@type\":\"Organization\",\"@id\":\"https:\/\/ambipar.com\/latam\/#organization\",\"name\":\"Ambipar\",\"url\":\"https:\/\/ambipar.com\/latam\/\",\"sameAs\":[],\"logo\":{\"@type\":\"ImageObject\",\"@id\":\"https:\/\/ambipar.com\/latam\/#logo\",\"inLanguage\":\"es-CL\",\"url\":\"https:\/\/ambipar.com\/latam\/wp-content\/uploads\/2020\/10\/ambipar_color.png\",\"contentUrl\":\"https:\/\/ambipar.com\/latam\/wp-content\/uploads\/2020\/10\/ambipar_color.png\",\"width\":174,\"height\":107,\"caption\":\"Ambipar\"},\"image\":{\"@id\":\"https:\/\/ambipar.com\/latam\/#logo\"}},{\"@type\":\"WebSite\",\"@id\":\"https:\/\/ambipar.com\/latam\/#website\",\"url\":\"https:\/\/ambipar.com\/latam\/\",\"name\":\"Ambipar. A l\\u00edder em gest\\u00e3o ambiental.\",\"description\":\"Pioneira em solu\\u00e7\\u00f5es ambientais, a Ambipar atua em todo o territ\\u00f3rio nacional oferecendo solu\\u00e7\\u00f5es integradas para toda a cadeia de neg\\u00f3cio.\",\"publisher\":{\"@id\":\"https:\/\/ambipar.com\/latam\/#organization\"},\"potentialAction\":[{\"@type\":\"SearchAction\",\"target\":{\"@type\":\"EntryPoint\",\"urlTemplate\":\"https:\/\/ambipar.com\/latam\/?s={search_term_string}\"},\"query-input\":\"required name=search_term_string\"}],\"inLanguage\":\"es-CL\"},{\"@type\":\"ImageObject\",\"@id\":\"https:\/\/ambipar.com\/latam\/en\/ambipar-response\/training\/schedule-2021\/#primaryimage\",\"inLanguage\":\"es-CL\",\"url\":\"https:\/\/ambipar.com\/latam\/wp-content\/uploads\/2020\/10\/HAXMAT2.jpg\",\"contentUrl\":\"https:\/\/ambipar.com\/latam\/wp-content\/uploads\/2020\/10\/HAXMAT2.jpg\",\"width\":1000,\"height\":1000,\"caption\":\"HAZMAT\"},{\"@type\":\"WebPage\",\"@id\":\"https:\/\/ambipar.com\/latam\/en\/ambipar-response\/training\/schedule-2021\/#webpage\",\"url\":\"https:\/\/ambipar.com\/latam\/en\/ambipar-response\/training\/schedule-2021\/\",\"name\":\"AMBIPAR training schedule 2021: HAZMAT operations, technical, others\",\"isPartOf\":{\"@id\":\"https:\/\/ambipar.com\/latam\/#website\"},\"primaryImageOfPage\":{\"@id\":\"https:\/\/ambipar.com\/latam\/en\/ambipar-response\/training\/schedule-2021\/#primaryimage\"},\"datePublished\":\"2021-01-04T16:05:24+00:00\",\"dateModified\":\"2021-04-20T14:02:04+00:00\",\"description\":\"Ambipar training schedule: access our 2021 training schedule: HAZMAT operations, technical and Command level, among others\",\"breadcrumb\":{\"@id\":\"https:\/\/ambipar.com\/latam\/en\/ambipar-response\/training\/schedule-2021\/#breadcrumb\"},\"inLanguage\":\"es-CL\",\"potentialAction\":[{\"@type\":\"ReadAction\",\"target\":[\"https:\/\/ambipar.com\/latam\/en\/ambipar-response\/training\/schedule-2021\/\"]}]},{\"@type\":\"BreadcrumbList\",\"@id\":\"https:\/\/ambipar.com\/latam\/en\/ambipar-response\/training\/schedule-2021\/#breadcrumb\",\"itemListElement\":[{\"@type\":\"ListItem\",\"position\":1,\"name\":\"Home\",\"item\":\"https:\/\/ambipar.com\/latam\/\"},{\"@type\":\"ListItem\",\"position\":2,\"name\":\"Ambipar Response\",\"item\":\"https:\/\/ambipar.com\/latam\/pt\/ambipar-response\/\"},{\"@type\":\"ListItem\",\"position\":3,\"name\":\"Training\",\"item\":\"https:\/\/ambipar.com\/latam\/en\/ambipar-response\/training\/\"},{\"@type\":\"ListItem\",\"position\":4,\"name\":\"Schedule 2021\"}]}]}<\/script>\n<!-- \/ Yoast SEO plugin. -->","yoast_head_json":{"title":"AMBIPAR training schedule 2021: HAZMAT operations, technical, others","description":"Ambipar training schedule: access our 2021 training schedule: HAZMAT operations, technical and Command level, among others","robots":{"index":"index","follow":"follow","max-snippet":"max-snippet:-1","max-image-preview":"max-image-preview:large","max-video-preview":"max-video-preview:-1"},"canonical":"https:\/\/ambipar.com\/latam\/en\/ambipar-response\/training\/schedule-2021\/","og_locale":"es_ES","og_type":"article","og_title":"AMBIPAR training schedule 2021: HAZMAT operations, technical, others","og_description":"Ambipar training schedule: access our 2021 training schedule: HAZMAT operations, technical and Command level, among others","og_url":"https:\/\/ambipar.com\/latam\/en\/ambipar-response\/training\/schedule-2021\/","og_site_name":"Ambipar. A l\u00edder em gest\u00e3o ambiental.","article_modified_time":"2021-04-20T14:02:04+00:00","og_image":[{"width":1000,"height":1000,"url":"https:\/\/ambipar.com\/latam\/wp-content\/uploads\/2020\/10\/HAXMAT2.jpg","type":"image\/jpeg"}],"twitter_card":"summary_large_image","twitter_misc":{"Est. reading time":"1 minuto"},"schema":{"@context":"https:\/\/schema.org","@graph":[{"@type":"Organization","@id":"https:\/\/ambipar.com\/latam\/#organization","name":"Ambipar","url":"https:\/\/ambipar.com\/latam\/","sameAs":[],"logo":{"@type":"ImageObject","@id":"https:\/\/ambipar.com\/latam\/#logo","inLanguage":"es-CL","url":"https:\/\/ambipar.com\/latam\/wp-content\/uploads\/2020\/10\/ambipar_color.png","contentUrl":"https:\/\/ambipar.com\/latam\/wp-content\/uploads\/2020\/10\/ambipar_color.png","width":174,"height":107,"caption":"Ambipar"},"image":{"@id":"https:\/\/ambipar.com\/latam\/#logo"}},{"@type":"WebSite","@id":"https:\/\/ambipar.com\/latam\/#website","url":"https:\/\/ambipar.com\/latam\/","name":"Ambipar. A l\u00edder em gest\u00e3o ambiental.","description":"Pioneira em solu\u00e7\u00f5es ambientais, a Ambipar atua em todo o territ\u00f3rio nacional oferecendo solu\u00e7\u00f5es integradas para toda a cadeia de neg\u00f3cio.","publisher":{"@id":"https:\/\/ambipar.com\/latam\/#organization"},"potentialAction":[{"@type":"SearchAction","target":{"@type":"EntryPoint","urlTemplate":"https:\/\/ambipar.com\/latam\/?s={search_term_string}"},"query-input":"required name=search_term_string"}],"inLanguage":"es-CL"},{"@type":"ImageObject","@id":"https:\/\/ambipar.com\/latam\/en\/ambipar-response\/training\/schedule-2021\/#primaryimage","inLanguage":"es-CL","url":"https:\/\/ambipar.com\/latam\/wp-content\/uploads\/2020\/10\/HAXMAT2.jpg","contentUrl":"https:\/\/ambipar.com\/latam\/wp-content\/uploads\/2020\/10\/HAXMAT2.jpg","width":1000,"height":1000,"caption":"HAZMAT"},{"@type":"WebPage","@id":"https:\/\/ambipar.com\/latam\/en\/ambipar-response\/training\/schedule-2021\/#webpage","url":"https:\/\/ambipar.com\/latam\/en\/ambipar-response\/training\/schedule-2021\/","name":"AMBIPAR training schedule 2021: HAZMAT operations, technical, others","isPartOf":{"@id":"https:\/\/ambipar.com\/latam\/#website"},"primaryImageOfPage":{"@id":"https:\/\/ambipar.com\/latam\/en\/ambipar-response\/training\/schedule-2021\/#primaryimage"},"datePublished":"2021-01-04T16:05:24+00:00","dateModified":"2021-04-20T14:02:04+00:00","description":"Ambipar training schedule: access our 2021 training schedule: HAZMAT operations, technical and Command level, among others","breadcrumb":{"@id":"https:\/\/ambipar.com\/latam\/en\/ambipar-response\/training\/schedule-2021\/#breadcrumb"},"inLanguage":"es-CL","potentialAction":[{"@type":"ReadAction","target":["https:\/\/ambipar.com\/latam\/en\/ambipar-response\/training\/schedule-2021\/"]}]},{"@type":"BreadcrumbList","@id":"https:\/\/ambipar.com\/latam\/en\/ambipar-response\/training\/schedule-2021\/#breadcrumb","itemListElement":[{"@type":"ListItem","position":1,"name":"Home","item":"https:\/\/ambipar.com\/latam\/"},{"@type":"ListItem","position":2,"name":"Ambipar Response","item":"https:\/\/ambipar.com\/latam\/pt\/ambipar-response\/"},{"@type":"ListItem","position":3,"name":"Training","item":"https:\/\/ambipar.com\/latam\/en\/ambipar-response\/training\/"},{"@type":"ListItem","position":4,"name":"Schedule 2021"}]}]}},"_links":{"self":[{"href":"https:\/\/ambipar.com\/latam\/wp-json\/wp\/v2\/pages\/3004"}],"collection":[{"href":"https:\/\/ambipar.com\/latam\/wp-json\/wp\/v2\/pages"}],"about":[{"href":"https:\/\/ambipar.com\/latam\/wp-json\/wp\/v2\/types\/page"}],"author":[{"embeddable":true,"href":"https:\/\/ambipar.com\/latam\/wp-json\/wp\/v2\/users\/2"}],"replies":[{"embeddable":true,"href":"https:\/\/ambipar.com\/latam\/wp-json\/wp\/v2\/comments?post=3004"}],"version-history":[{"count":3,"href":"https:\/\/ambipar.com\/latam\/wp-json\/wp\/v2\/pages\/3004\/revisions"}],"predecessor-version":[{"id":3434,"href":"https:\/\/ambipar.com\/latam\/wp-json\/wp\/v2\/pages\/3004\/revisions\/3434"}],"up":[{"embeddable":true,"href":"https:\/\/ambipar.com\/latam\/wp-json\/wp\/v2\/pages\/2086"}],"wp:featuredmedia":[{"embeddable":true,"href":"https:\/\/ambipar.com\/latam\/wp-json\/wp\/v2\/media\/539"}],"wp:attachment":[{"href":"https:\/\/ambipar.com\/latam\/wp-json\/wp\/v2\/media?parent=3004"}],"curies":[{"name":"wp","href":"https:\/\/api.w.org\/{rel}","templated":true}]}}