{"id":4524,"date":"2022-03-08T11:20:44","date_gmt":"2022-03-08T14:20:44","guid":{"rendered":"https:\/\/ambipar.com\/latam\/?page_id=4524"},"modified":"2023-07-06T13:11:58","modified_gmt":"2023-07-06T17:11:58","slug":"seguridad-vial-y-tecnologia","status":"publish","type":"page","link":"https:\/\/ambipar.com\/latam\/ambipar-response-3\/seguridad-vial-y-tecnologia\/","title":{"rendered":"Seguridad Vial y Tecnolog\u00eda"},"content":{"rendered":"\n<p>Monitoreamos y analizamos datos para mejorar la eficiencia operacional desde el origen, hasta su destino final. La plataforma que conecta el Internet de las Cosas (IdC) calcula la movilidad y est\u00e1 potenciando la rentabilidad del sector del transporte.<\/p>\n\n\n\n<p>Este servicio consiste en registrar, validar, almacenar y transmitir el itinerario de ruta de un veh\u00edculo, mediante el reporte f\u00edsico en una red de <strong>puestos de control<\/strong> ubicada en los principales corredores viales del pa\u00eds, controlando preventivamente a trav\u00e9s de un software web, denominado Software de Control Log\u00edstico (SCL), la trazabilidad y posibles retrasos de los veh\u00edculos a monitorear.<\/p>\n\n\n\n<p>Los puestos de control, son un sistema mejorado de reporte, que permite validar la identidad de un conductor por medio de un sistema biom\u00e9trico y registro fotogr\u00e1fico, evitando la suplantaci\u00f3n de identidad al momento de reportarse.<\/p>\n\n\n\n<div class=\"wp-block-columns\">\n<div class=\"wp-block-column is-vertically-aligned-center\">\n<div class=\"wp-block-cover has-background-dim\"><img width=\"480\" height=\"340\" class=\"wp-block-cover__image-background wp-image-4558\" alt=\"\" src=\"https:\/\/ambipar.com\/latam\/wp-content\/uploads\/2022\/03\/huella-dactilar.jpg\" data-object-fit=\"cover\" srcset=\"https:\/\/ambipar.com\/latam\/wp-content\/uploads\/2022\/03\/huella-dactilar.jpg 480w, https:\/\/ambipar.com\/latam\/wp-content\/uploads\/2022\/03\/huella-dactilar-250x177.jpg 250w, https:\/\/ambipar.com\/latam\/wp-content\/uploads\/2022\/03\/huella-dactilar-120x85.jpg 120w\" sizes=\"(max-width: 480px) 100vw, 480px\" \/><div class=\"wp-block-cover__inner-container\">\n<p style=\"font-size:25px\">Los Puntos de Reporte<br>Aut\u00f3nomo (PRA), son<br>dispositivos tipo<br>\u201ccajero electr\u00f3nico\u201d,<br>que permite agilizar y<br>optimizar el proceso<br>de reporte<br>mediante el uso<br>e integraci\u00f3n de diversas<br>tecnolog\u00edas, mejorando la<br>calidad y eficiencia<br>al momento de<br>realizar un reporte f\u00edsico.<\/p>\n<\/div><\/div>\n<\/div>\n<\/div>\n\n\n\n<div class=\"wp-block-columns\">\n<div class=\"wp-block-column\" style=\"flex-basis:33.33%\">\n<figure class=\"wp-block-image size-full\"><img src=\"https:\/\/ambipar.com\/latam\/wp-content\/uploads\/2022\/10\/PRA-PUNTO-DE-REPORTE-AUTONOMO.jpg\" alt=\"\" class=\"wp-image-4547\"\/><\/figure>\n<\/div>\n\n\n\n<div class=\"wp-block-column\" style=\"flex-basis:66.66%\">\n<p><\/p>\n\n\n\n<p> <strong style=\"font-size: revert; color: initial;\">PUNTO DE REPORTE AUT\u00d3NOMO (PRA Y PC PLUS)<\/strong> <\/p>\n\n\n\n<ul id=\"block-2d5bede8-3569-4ca3-968b-1037d0c9a52f\"><li>Reporta a nuestros clientes la fecha, hora e identidad del conductor que pas\u00f3 por nuestro puesto de control.<\/li><li>Est\u00e1 ubicado en nuestros Puestos de Control en las carreteras.<\/li><li>Punto de reporte que no requiere de personal para realizar la identificaci\u00f3n del conductor.<\/li><li>Conectado a los despachos de SCL.<\/li><\/ul>\n<\/div>\n<\/div>\n\n\n\n<h3>Aplicaci\u00f3n Ambipar Inspector<\/h3>\n\n\n\n<div class=\"wp-block-columns\">\n<div class=\"wp-block-column\" style=\"flex-basis:33.33%\">\n<figure class=\"wp-block-image size-full\"><img width=\"397\" height=\"421\" src=\"https:\/\/ambipar.com\/latam\/wp-content\/uploads\/2022\/03\/ambipar_inspector.jpg\" alt=\"\" class=\"wp-image-4547\" srcset=\"https:\/\/ambipar.com\/latam\/wp-content\/uploads\/2022\/03\/ambipar_inspector.jpg 397w, https:\/\/ambipar.com\/latam\/wp-content\/uploads\/2022\/03\/ambipar_inspector-250x265.jpg 250w, https:\/\/ambipar.com\/latam\/wp-content\/uploads\/2022\/03\/ambipar_inspector-120x127.jpg 120w\" sizes=\"(max-width: 397px) 100vw, 397px\" \/><\/figure>\n<\/div>\n\n\n\n<div class=\"wp-block-column\" style=\"flex-basis:66.66%\">\n<figure class=\"wp-block-image size-large is-resized\"><img src=\"https:\/\/ambipar.com\/latam\/wp-content\/uploads\/2022\/03\/logo_ambipar_inspector-700x264.png\" alt=\"Ambipar Inspector\" class=\"wp-image-4557\" width=\"350\" height=\"132\" srcset=\"https:\/\/ambipar.com\/latam\/wp-content\/uploads\/2022\/03\/logo_ambipar_inspector-700x264.png 700w, https:\/\/ambipar.com\/latam\/wp-content\/uploads\/2022\/03\/logo_ambipar_inspector-250x94.png 250w, https:\/\/ambipar.com\/latam\/wp-content\/uploads\/2022\/03\/logo_ambipar_inspector-768x290.png 768w, https:\/\/ambipar.com\/latam\/wp-content\/uploads\/2022\/03\/logo_ambipar_inspector-120x45.png 120w, https:\/\/ambipar.com\/latam\/wp-content\/uploads\/2022\/03\/logo_ambipar_inspector.png 1024w\" sizes=\"(max-width: 350px) 100vw, 350px\" \/><\/figure>\n\n\n\n<ul id=\"block-2d5bede8-3569-4ca3-968b-1037d0c9a52f\"><li>Permite a nuestros Inspectores en los puntos de control, realizar la <strong>inspecci\u00f3n en ruta<\/strong> solicitada por nuestros clientes.<\/li><li>Permite a nuestros Inspectores o a los conductores realizar <strong>inspecciones preoperacionales.<\/strong><\/li><li>Conectado a los despachos de SCL.<\/li><\/ul>\n<\/div>\n<\/div>\n\n\n\n<div class=\"wp-block-cover has-background-dim\" style=\"min-height:195px\"><img width=\"700\" height=\"326\" class=\"wp-block-cover__image-background wp-image-4559\" alt=\"\" src=\"https:\/\/ambipar.com\/latam\/wp-content\/uploads\/2022\/03\/log-2-700x326.jpg\" data-object-fit=\"cover\" srcset=\"https:\/\/ambipar.com\/latam\/wp-content\/uploads\/2022\/03\/log-2-700x326.jpg 700w, https:\/\/ambipar.com\/latam\/wp-content\/uploads\/2022\/03\/log-2-250x117.jpg 250w, https:\/\/ambipar.com\/latam\/wp-content\/uploads\/2022\/03\/log-2-768x358.jpg 768w, https:\/\/ambipar.com\/latam\/wp-content\/uploads\/2022\/03\/log-2-120x56.jpg 120w, https:\/\/ambipar.com\/latam\/wp-content\/uploads\/2022\/03\/log-2.jpg 980w\" sizes=\"(max-width: 700px) 100vw, 700px\" \/><div class=\"wp-block-cover__inner-container\">\n<p class=\"has-text-align-center has-large-font-size\">Software de Control Log\u00edstico SCL<\/p>\n<\/div><\/div>\n\n\n\n<div style=\"height:58px\" aria-hidden=\"true\" class=\"wp-block-spacer\"><\/div>\n\n\n\n<p>Nuestra Plataforma SCL opera con tecnolog\u00eda flexible y modular capaz de integrar dispositivos GPS, IdC o Software a trav\u00e9s de una misma plataforma. Conectamos y monitoreamos datos para gestionar y reducir riesgo.<\/p>\n\n\n\n<div class=\"wp-block-columns\">\n<div class=\"wp-block-column\" style=\"flex-basis:66.66%\">\n<ul id=\"block-515181d6-56cf-435d-8eb4-5aa9de568b92\"><li>Aplicativo 100% Web<\/li><li>Modular y Escalable<\/li><li>Integraci\u00f3n con m\u00faltiples aplicativos<\/li><\/ul>\n<\/div>\n\n\n\n<div class=\"wp-block-column\" style=\"flex-basis:33.33%\">\n<figure class=\"wp-block-image size-full\"><img width=\"651\" height=\"372\" src=\"https:\/\/ambipar.com\/latam\/wp-content\/uploads\/2022\/03\/scl.jpg\" alt=\"\" class=\"wp-image-4552\" srcset=\"https:\/\/ambipar.com\/latam\/wp-content\/uploads\/2022\/03\/scl.jpg 651w, https:\/\/ambipar.com\/latam\/wp-content\/uploads\/2022\/03\/scl-250x143.jpg 250w, https:\/\/ambipar.com\/latam\/wp-content\/uploads\/2022\/03\/scl-120x69.jpg 120w\" sizes=\"(max-width: 651px) 100vw, 651px\" \/><\/figure>\n<\/div>\n<\/div>\n\n\n\n<div class=\"wp-block-columns\">\n<div class=\"wp-block-column\">\n<h4>Car\u00e1cteristicas:&nbsp;<\/h4>\n\n\n\n<ul><li>Solida infraestructura en carretera.<\/li><li>Software web de control log\u00edstico.<\/li><li>Sistema de reportes confiable.<\/li><li>Validaci\u00f3n de identidad con biometr\u00eda.<\/li><li>Visibilidad de toda la operaci\u00f3n en un solo sistema.<\/li><li>Integraci\u00f3n f\u00e1cil con otras plataformas.<\/li><li>Permanente innovaci\u00f3n tecnol\u00f3gica.<\/li><li>Centro operativo con apoyo 24\/7.<\/li><\/ul>\n<\/div>\n\n\n\n<div class=\"wp-block-column\">\n<h4>Beneficios:&nbsp;<\/h4>\n\n\n\n<ul><li>M\u00e1s de 50 puestos de control a nivel nacional.<\/li><li>Control de retrasos mediante alarmas visuales.<\/li><li>Evitar la suplantaci\u00f3n de identidad al ejercer un reporte.<\/li><li>Optimizaci\u00f3n de los procesos log\u00edsticos.<\/li><li>Atenci\u00f3n oportuna a sus requerimientos.<\/li><li>Se minimizan los riesgos en carretera.<\/li><li>El cliente mejora los niveles de servicio.<\/li><\/ul>\n<\/div>\n\n\n\n<div class=\"wp-block-column\">\n<h4>Ventajas:&nbsp;<\/h4>\n\n\n\n<ul><li>Somos empresa l\u00edder en seguimiento vehicular en Colombia.<\/li><li>Trazabilidad de toda la operaci\u00f3n en un solo sistema.<\/li><li>M\u00e1s de 30 puestos de control con validaci\u00f3n biom\u00e9trica.<\/li><li>Servidor principal alojado en data center de nivel 5.<\/li><li>S\u00f3lida y reconocida experiencia en m\u00e1s de 12&nbsp;a\u00f1os.<\/li><li>Con certificaci\u00f3n vigente en sistemas de control y seguridad BASC.<\/li><li>M\u00e1s de 300 empresas conf\u00edan en nuestro servicio.<\/li><li>El personal de nuestra red propia es contratado directamente.<\/li><li>Estamos en permanente innovaci\u00f3n tecnol\u00f3gica.<\/li><\/ul>\n<\/div>\n<\/div>\n\n\n\n<p class=\"has-text-align-center\">Ingresa a nuestra plataforma:<\/p>\n\n\n\n<div class=\"wp-block-buttons is-content-justification-center\">\n<div class=\"wp-block-button has-custom-width wp-block-button__width-50 is-style-fill\"><a class=\"wp-block-button__link\" href=\"http:\/\/www.destinoseguro.net\/site\/content\/inicio\" style=\"border-radius:5px\" target=\"_blank\" rel=\"noreferrer noopener\">SCL2<\/a><\/div>\n<\/div>\n\n\n\n<div class=\"wp-block-buttons is-content-justification-center\">\n<div class=\"wp-block-button has-custom-width wp-block-button__width-50\"><a class=\"wp-block-button__link\" href=\"https:\/\/softlogistic.destinoseguro.co\/\" style=\"border-radius:5px\" target=\"_blank\" rel=\"noreferrer noopener\">SCL3<\/a><\/div>\n<\/div>\n\n\n\n<div class=\"wp-block-columns\">\n<div class=\"wp-block-column\">\n<video width=\"100%\" controls controlsList=\"nodownload\">\n  <source src=\"https:\/\/ambipar.com\/latam\/wp-content\/uploads\/2023\/06\/Qr-correcciones-baja.mp4#t=9\" type=\"video\/mp4\">\n<\/video>\n<\/div>\n\n\n\n<div class=\"wp-block-column\">\n<video width=\"100%\" controls controlsList=\"nodownload\">\n  <source src=\"https:\/\/ambipar.com\/latam\/wp-content\/uploads\/2023\/06\/VIDEO-PRA-ALTA.mp4#t=8\" type=\"video\/mp4\">\n<\/video>\n<\/div>\n<\/div>\n","protected":false},"excerpt":{"rendered":"Monitoreamos y analizamos datos para mejorar la eficiencia operacional desde el origen, hasta su destino final. La plataforma que conecta el Internet de las Cosas (IdC) calcula la movilidad y est\u00e1 potenciando la rentabilidad del sector del transporte. Este servicio consiste en registrar, validar, almacenar y transmitir el itinerario de ruta de un veh\u00edculo, mediante&#8230; <a class=\"view-article\" href=\"https:\/\/ambipar.com\/latam\/ambipar-response-3\/seguridad-vial-y-tecnologia\/\">Ver art\u00edculo<\/a>","protected":false},"author":4,"featured_media":4804,"parent":1043,"menu_order":0,"comment_status":"closed","ping_status":"closed","template":"single-servicos-full.php","meta":[],"yoast_head":"<!-- This site is optimized with the Yoast SEO plugin v17.6 - https:\/\/yoast.com\/wordpress\/plugins\/seo\/ -->\n<title>Seguridad Vial y Tecnolog\u00eda - Ambipar. A l\u00edder em gest\u00e3o ambiental.<\/title>\n<meta name=\"description\" content=\"Monitoreamos y analizamos datos para mejorar la eficiencia operacional desde el origen, hasta su destino final.\" \/>\n<meta name=\"robots\" content=\"index, follow, max-snippet:-1, max-image-preview:large, max-video-preview:-1\" \/>\n<link rel=\"canonical\" href=\"https:\/\/ambipar.com\/latam\/ambipar-response-3\/seguridad-vial-y-tecnologia\/\" \/>\n<meta property=\"og:locale\" content=\"es_ES\" \/>\n<meta property=\"og:type\" content=\"article\" \/>\n<meta property=\"og:title\" content=\"Seguridad Vial y Tecnolog\u00eda - Ambipar. A l\u00edder em gest\u00e3o ambiental.\" \/>\n<meta property=\"og:description\" content=\"Monitoreamos y analizamos datos para mejorar la eficiencia operacional desde el origen, hasta su destino final.\" \/>\n<meta property=\"og:url\" content=\"https:\/\/ambipar.com\/latam\/ambipar-response-3\/seguridad-vial-y-tecnologia\/\" \/>\n<meta property=\"og:site_name\" content=\"Ambipar. A l\u00edder em gest\u00e3o ambiental.\" \/>\n<meta property=\"article:modified_time\" content=\"2023-07-06T17:11:58+00:00\" \/>\n<meta property=\"og:image\" content=\"https:\/\/ambipar.com\/latam\/wp-content\/uploads\/2022\/10\/Seguridad-Vial-y-Tecnologia.jpg\" \/>\n\t<meta property=\"og:image:width\" content=\"1285\" \/>\n\t<meta property=\"og:image:height\" content=\"1068\" \/>\n<meta name=\"twitter:card\" content=\"summary_large_image\" \/>\n<meta name=\"twitter:label1\" content=\"Est. reading time\" \/>\n\t<meta name=\"twitter:data1\" content=\"4 minutos\" \/>\n<script type=\"application\/ld+json\" class=\"yoast-schema-graph\">{\"@context\":\"https:\/\/schema.org\",\"@graph\":[{\"@type\":\"Organization\",\"@id\":\"https:\/\/ambipar.com\/latam\/#organization\",\"name\":\"Ambipar\",\"url\":\"https:\/\/ambipar.com\/latam\/\",\"sameAs\":[],\"logo\":{\"@type\":\"ImageObject\",\"@id\":\"https:\/\/ambipar.com\/latam\/#logo\",\"inLanguage\":\"es-CL\",\"url\":\"https:\/\/ambipar.com\/latam\/wp-content\/uploads\/2020\/10\/ambipar_color.png\",\"contentUrl\":\"https:\/\/ambipar.com\/latam\/wp-content\/uploads\/2020\/10\/ambipar_color.png\",\"width\":174,\"height\":107,\"caption\":\"Ambipar\"},\"image\":{\"@id\":\"https:\/\/ambipar.com\/latam\/#logo\"}},{\"@type\":\"WebSite\",\"@id\":\"https:\/\/ambipar.com\/latam\/#website\",\"url\":\"https:\/\/ambipar.com\/latam\/\",\"name\":\"Ambipar. A l\\u00edder em gest\\u00e3o ambiental.\",\"description\":\"Pioneira em solu\\u00e7\\u00f5es ambientais, a Ambipar atua em todo o territ\\u00f3rio nacional oferecendo solu\\u00e7\\u00f5es integradas para toda a cadeia de neg\\u00f3cio.\",\"publisher\":{\"@id\":\"https:\/\/ambipar.com\/latam\/#organization\"},\"potentialAction\":[{\"@type\":\"SearchAction\",\"target\":{\"@type\":\"EntryPoint\",\"urlTemplate\":\"https:\/\/ambipar.com\/latam\/?s={search_term_string}\"},\"query-input\":\"required name=search_term_string\"}],\"inLanguage\":\"es-CL\"},{\"@type\":\"ImageObject\",\"@id\":\"https:\/\/ambipar.com\/latam\/ambipar-response-3\/seguridad-vial-y-tecnologia\/#primaryimage\",\"inLanguage\":\"es-CL\",\"url\":\"https:\/\/ambipar.com\/latam\/wp-content\/uploads\/2022\/10\/Seguridad-Vial-y-Tecnologia.jpg\",\"contentUrl\":\"https:\/\/ambipar.com\/latam\/wp-content\/uploads\/2022\/10\/Seguridad-Vial-y-Tecnologia.jpg\",\"width\":1285,\"height\":1068,\"caption\":\"Seguridad Vial y Tecnolog\\u00eda\"},{\"@type\":\"WebPage\",\"@id\":\"https:\/\/ambipar.com\/latam\/ambipar-response-3\/seguridad-vial-y-tecnologia\/#webpage\",\"url\":\"https:\/\/ambipar.com\/latam\/ambipar-response-3\/seguridad-vial-y-tecnologia\/\",\"name\":\"Seguridad Vial y Tecnolog\\u00eda - Ambipar. A l\\u00edder em gest\\u00e3o ambiental.\",\"isPartOf\":{\"@id\":\"https:\/\/ambipar.com\/latam\/#website\"},\"primaryImageOfPage\":{\"@id\":\"https:\/\/ambipar.com\/latam\/ambipar-response-3\/seguridad-vial-y-tecnologia\/#primaryimage\"},\"datePublished\":\"2022-03-08T14:20:44+00:00\",\"dateModified\":\"2023-07-06T17:11:58+00:00\",\"description\":\"Monitoreamos y analizamos datos para mejorar la eficiencia operacional desde el origen, hasta su destino final.\",\"breadcrumb\":{\"@id\":\"https:\/\/ambipar.com\/latam\/ambipar-response-3\/seguridad-vial-y-tecnologia\/#breadcrumb\"},\"inLanguage\":\"es-CL\",\"potentialAction\":[{\"@type\":\"ReadAction\",\"target\":[\"https:\/\/ambipar.com\/latam\/ambipar-response-3\/seguridad-vial-y-tecnologia\/\"]}]},{\"@type\":\"BreadcrumbList\",\"@id\":\"https:\/\/ambipar.com\/latam\/ambipar-response-3\/seguridad-vial-y-tecnologia\/#breadcrumb\",\"itemListElement\":[{\"@type\":\"ListItem\",\"position\":1,\"name\":\"Home\",\"item\":\"https:\/\/ambipar.com\/latam\/\"},{\"@type\":\"ListItem\",\"position\":2,\"name\":\"Ambipar Response\",\"item\":\"https:\/\/ambipar.com\/latam\/ambipar-response-3\/\"},{\"@type\":\"ListItem\",\"position\":3,\"name\":\"Seguridad Vial y Tecnolog\\u00eda\"}]}]}<\/script>\n<!-- \/ Yoast SEO plugin. -->","yoast_head_json":{"title":"Seguridad Vial y Tecnolog\u00eda - Ambipar. A l\u00edder em gest\u00e3o ambiental.","description":"Monitoreamos y analizamos datos para mejorar la eficiencia operacional desde el origen, hasta su destino final.","robots":{"index":"index","follow":"follow","max-snippet":"max-snippet:-1","max-image-preview":"max-image-preview:large","max-video-preview":"max-video-preview:-1"},"canonical":"https:\/\/ambipar.com\/latam\/ambipar-response-3\/seguridad-vial-y-tecnologia\/","og_locale":"es_ES","og_type":"article","og_title":"Seguridad Vial y Tecnolog\u00eda - Ambipar. A l\u00edder em gest\u00e3o ambiental.","og_description":"Monitoreamos y analizamos datos para mejorar la eficiencia operacional desde el origen, hasta su destino final.","og_url":"https:\/\/ambipar.com\/latam\/ambipar-response-3\/seguridad-vial-y-tecnologia\/","og_site_name":"Ambipar. A l\u00edder em gest\u00e3o ambiental.","article_modified_time":"2023-07-06T17:11:58+00:00","og_image":[{"width":1285,"height":1068,"url":"https:\/\/ambipar.com\/latam\/wp-content\/uploads\/2022\/10\/Seguridad-Vial-y-Tecnologia.jpg","type":"image\/jpeg"}],"twitter_card":"summary_large_image","twitter_misc":{"Est. reading time":"4 minutos"},"schema":{"@context":"https:\/\/schema.org","@graph":[{"@type":"Organization","@id":"https:\/\/ambipar.com\/latam\/#organization","name":"Ambipar","url":"https:\/\/ambipar.com\/latam\/","sameAs":[],"logo":{"@type":"ImageObject","@id":"https:\/\/ambipar.com\/latam\/#logo","inLanguage":"es-CL","url":"https:\/\/ambipar.com\/latam\/wp-content\/uploads\/2020\/10\/ambipar_color.png","contentUrl":"https:\/\/ambipar.com\/latam\/wp-content\/uploads\/2020\/10\/ambipar_color.png","width":174,"height":107,"caption":"Ambipar"},"image":{"@id":"https:\/\/ambipar.com\/latam\/#logo"}},{"@type":"WebSite","@id":"https:\/\/ambipar.com\/latam\/#website","url":"https:\/\/ambipar.com\/latam\/","name":"Ambipar. A l\u00edder em gest\u00e3o ambiental.","description":"Pioneira em solu\u00e7\u00f5es ambientais, a Ambipar atua em todo o territ\u00f3rio nacional oferecendo solu\u00e7\u00f5es integradas para toda a cadeia de neg\u00f3cio.","publisher":{"@id":"https:\/\/ambipar.com\/latam\/#organization"},"potentialAction":[{"@type":"SearchAction","target":{"@type":"EntryPoint","urlTemplate":"https:\/\/ambipar.com\/latam\/?s={search_term_string}"},"query-input":"required name=search_term_string"}],"inLanguage":"es-CL"},{"@type":"ImageObject","@id":"https:\/\/ambipar.com\/latam\/ambipar-response-3\/seguridad-vial-y-tecnologia\/#primaryimage","inLanguage":"es-CL","url":"https:\/\/ambipar.com\/latam\/wp-content\/uploads\/2022\/10\/Seguridad-Vial-y-Tecnologia.jpg","contentUrl":"https:\/\/ambipar.com\/latam\/wp-content\/uploads\/2022\/10\/Seguridad-Vial-y-Tecnologia.jpg","width":1285,"height":1068,"caption":"Seguridad Vial y Tecnolog\u00eda"},{"@type":"WebPage","@id":"https:\/\/ambipar.com\/latam\/ambipar-response-3\/seguridad-vial-y-tecnologia\/#webpage","url":"https:\/\/ambipar.com\/latam\/ambipar-response-3\/seguridad-vial-y-tecnologia\/","name":"Seguridad Vial y Tecnolog\u00eda - Ambipar. A l\u00edder em gest\u00e3o ambiental.","isPartOf":{"@id":"https:\/\/ambipar.com\/latam\/#website"},"primaryImageOfPage":{"@id":"https:\/\/ambipar.com\/latam\/ambipar-response-3\/seguridad-vial-y-tecnologia\/#primaryimage"},"datePublished":"2022-03-08T14:20:44+00:00","dateModified":"2023-07-06T17:11:58+00:00","description":"Monitoreamos y analizamos datos para mejorar la eficiencia operacional desde el origen, hasta su destino final.","breadcrumb":{"@id":"https:\/\/ambipar.com\/latam\/ambipar-response-3\/seguridad-vial-y-tecnologia\/#breadcrumb"},"inLanguage":"es-CL","potentialAction":[{"@type":"ReadAction","target":["https:\/\/ambipar.com\/latam\/ambipar-response-3\/seguridad-vial-y-tecnologia\/"]}]},{"@type":"BreadcrumbList","@id":"https:\/\/ambipar.com\/latam\/ambipar-response-3\/seguridad-vial-y-tecnologia\/#breadcrumb","itemListElement":[{"@type":"ListItem","position":1,"name":"Home","item":"https:\/\/ambipar.com\/latam\/"},{"@type":"ListItem","position":2,"name":"Ambipar Response","item":"https:\/\/ambipar.com\/latam\/ambipar-response-3\/"},{"@type":"ListItem","position":3,"name":"Seguridad Vial y Tecnolog\u00eda"}]}]}},"_links":{"self":[{"href":"https:\/\/ambipar.com\/latam\/wp-json\/wp\/v2\/pages\/4524"}],"collection":[{"href":"https:\/\/ambipar.com\/latam\/wp-json\/wp\/v2\/pages"}],"about":[{"href":"https:\/\/ambipar.com\/latam\/wp-json\/wp\/v2\/types\/page"}],"author":[{"embeddable":true,"href":"https:\/\/ambipar.com\/latam\/wp-json\/wp\/v2\/users\/4"}],"replies":[{"embeddable":true,"href":"https:\/\/ambipar.com\/latam\/wp-json\/wp\/v2\/comments?post=4524"}],"version-history":[{"count":37,"href":"https:\/\/ambipar.com\/latam\/wp-json\/wp\/v2\/pages\/4524\/revisions"}],"predecessor-version":[{"id":5249,"href":"https:\/\/ambipar.com\/latam\/wp-json\/wp\/v2\/pages\/4524\/revisions\/5249"}],"up":[{"embeddable":true,"href":"https:\/\/ambipar.com\/latam\/wp-json\/wp\/v2\/pages\/1043"}],"wp:featuredmedia":[{"embeddable":true,"href":"https:\/\/ambipar.com\/latam\/wp-json\/wp\/v2\/media\/4804"}],"wp:attachment":[{"href":"https:\/\/ambipar.com\/latam\/wp-json\/wp\/v2\/media?parent=4524"}],"curies":[{"name":"wp","href":"https:\/\/api.w.org\/{rel}","templated":true}]}}