{"id":5087,"date":"2023-04-13T11:13:01","date_gmt":"2023-04-13T15:13:01","guid":{"rendered":"https:\/\/ambipar.com\/latam\/?page_id=5087"},"modified":"2023-04-13T11:13:03","modified_gmt":"2023-04-13T15:13:03","slug":"control-de-polvo-en-caminos","status":"publish","type":"page","link":"https:\/\/ambipar.com\/latam\/ambipar-environment-2\/control-de-polvo-en-caminos\/","title":{"rendered":"Control de polvo en caminos"},"content":{"rendered":"\n<p>Ambipar Chile cuenta con el servicio de Control de polvo en caminos de tierra. A trav\u00e9s de equipos especializados se realizan aplicaciones de soluciones acuosas que permiten aglomerar las part\u00edculas superiores del camino, formando una capa superficial resistente. Con este tratamiento se evitan las nubes de polvo que afectan la producci\u00f3n agr\u00edcola y zonas urbanas, los derrapes causados por tierra suelta y reduce las reparaciones por las ondulaciones y\/o baches del camino.<\/p>\n\n\n\n<p><strong>Caracter\u00edsticas Generales Control de polvo en caminos<\/strong><\/p>\n\n\n\n<p>\u2013 Capacidad de cami\u00f3n: 12, 20 o 30 m3.<br>\u2013 Cami\u00f3n con aspersores delanteros o traseros.<br>\u2013 Uso de agua industrial\/potable.<\/p>\n\n\n\n<p><strong>Preguntas sobre Control de polvo en caminos<\/strong><\/p>\n\n\n\n<p><strong>\u2013 \u00bfCu\u00e1ntos metros lineales se pueden regar por m3 de agua?<\/strong><\/p>\n\n\n\n<p>Depende de diversos factores, sin embargo si hacemos un promedio estar\u00edamos hablando entre 6 a 7 kil\u00f3metros de riego a una velocidad de 15Km\/H con una capacidad de 20m3, sin embargo esto puede variar seg\u00fan la velocidad y tipo de terreno.<\/p>\n\n\n\n<p><strong>\u2013 \u00bfAmbipar realiza la compra del agua para la humectaci\u00f3n del camino?<\/strong><\/p>\n\n\n\n<p>Dependiendo de los requerimientos del mandante se puede realizar la compra del agua, o abastecerse de la fuente que se nos indique.<\/p>\n","protected":false},"excerpt":{"rendered":"Ambipar Chile cuenta con el servicio de Control de polvo en caminos de tierra. A trav\u00e9s de equipos especializados se realizan aplicaciones de soluciones acuosas que permiten aglomerar las part\u00edculas superiores del camino, formando una capa superficial resistente. Con este tratamiento se evitan las nubes de polvo que afectan la producci\u00f3n agr\u00edcola y zonas urbanas,&#8230; <a class=\"view-article\" href=\"https:\/\/ambipar.com\/latam\/ambipar-environment-2\/control-de-polvo-en-caminos\/\">Ver art\u00edculo<\/a>","protected":false},"author":4,"featured_media":5088,"parent":1060,"menu_order":0,"comment_status":"closed","ping_status":"closed","template":"single-servicos.php","meta":[],"yoast_head":"<!-- This site is optimized with the Yoast SEO plugin v17.6 - https:\/\/yoast.com\/wordpress\/plugins\/seo\/ -->\n<title>Control de polvo en caminos - Ambipar. A l\u00edder em gest\u00e3o ambiental.<\/title>\n<meta name=\"description\" content=\"Ambipar Chile cuenta con el servicio de Control de polvo en caminos de tierra a trav\u00e9s de equipos especializados\" \/>\n<meta name=\"robots\" content=\"index, follow, max-snippet:-1, max-image-preview:large, max-video-preview:-1\" \/>\n<link rel=\"canonical\" href=\"https:\/\/ambipar.com\/latam\/ambipar-environment-2\/control-de-polvo-en-caminos\/\" \/>\n<meta property=\"og:locale\" content=\"es_ES\" \/>\n<meta property=\"og:type\" content=\"article\" \/>\n<meta property=\"og:title\" content=\"Control de polvo en caminos - Ambipar. A l\u00edder em gest\u00e3o ambiental.\" \/>\n<meta property=\"og:description\" content=\"Ambipar Chile cuenta con el servicio de Control de polvo en caminos de tierra a trav\u00e9s de equipos especializados\" \/>\n<meta property=\"og:url\" content=\"https:\/\/ambipar.com\/latam\/ambipar-environment-2\/control-de-polvo-en-caminos\/\" \/>\n<meta property=\"og:site_name\" content=\"Ambipar. A l\u00edder em gest\u00e3o ambiental.\" \/>\n<meta property=\"article:modified_time\" content=\"2023-04-13T15:13:03+00:00\" \/>\n<meta property=\"og:image\" content=\"https:\/\/ambipar.com\/latam\/wp-content\/uploads\/2023\/04\/iStock-1133983180-1.jpg\" \/>\n\t<meta property=\"og:image:width\" content=\"1254\" \/>\n\t<meta property=\"og:image:height\" content=\"836\" \/>\n<meta name=\"twitter:card\" content=\"summary_large_image\" \/>\n<meta name=\"twitter:label1\" content=\"Est. reading time\" \/>\n\t<meta name=\"twitter:data1\" content=\"1 minuto\" \/>\n<script type=\"application\/ld+json\" class=\"yoast-schema-graph\">{\"@context\":\"https:\/\/schema.org\",\"@graph\":[{\"@type\":\"Organization\",\"@id\":\"https:\/\/ambipar.com\/latam\/#organization\",\"name\":\"Ambipar\",\"url\":\"https:\/\/ambipar.com\/latam\/\",\"sameAs\":[],\"logo\":{\"@type\":\"ImageObject\",\"@id\":\"https:\/\/ambipar.com\/latam\/#logo\",\"inLanguage\":\"es-CL\",\"url\":\"https:\/\/ambipar.com\/latam\/wp-content\/uploads\/2020\/10\/ambipar_color.png\",\"contentUrl\":\"https:\/\/ambipar.com\/latam\/wp-content\/uploads\/2020\/10\/ambipar_color.png\",\"width\":174,\"height\":107,\"caption\":\"Ambipar\"},\"image\":{\"@id\":\"https:\/\/ambipar.com\/latam\/#logo\"}},{\"@type\":\"WebSite\",\"@id\":\"https:\/\/ambipar.com\/latam\/#website\",\"url\":\"https:\/\/ambipar.com\/latam\/\",\"name\":\"Ambipar. A l\\u00edder em gest\\u00e3o ambiental.\",\"description\":\"Pioneira em solu\\u00e7\\u00f5es ambientais, a Ambipar atua em todo o territ\\u00f3rio nacional oferecendo solu\\u00e7\\u00f5es integradas para toda a cadeia de neg\\u00f3cio.\",\"publisher\":{\"@id\":\"https:\/\/ambipar.com\/latam\/#organization\"},\"potentialAction\":[{\"@type\":\"SearchAction\",\"target\":{\"@type\":\"EntryPoint\",\"urlTemplate\":\"https:\/\/ambipar.com\/latam\/?s={search_term_string}\"},\"query-input\":\"required name=search_term_string\"}],\"inLanguage\":\"es-CL\"},{\"@type\":\"ImageObject\",\"@id\":\"https:\/\/ambipar.com\/latam\/ambipar-environment-2\/control-de-polvo-en-caminos\/#primaryimage\",\"inLanguage\":\"es-CL\",\"url\":\"https:\/\/ambipar.com\/latam\/wp-content\/uploads\/2023\/04\/iStock-1133983180-1.jpg\",\"contentUrl\":\"https:\/\/ambipar.com\/latam\/wp-content\/uploads\/2023\/04\/iStock-1133983180-1.jpg\",\"width\":1254,\"height\":836,\"caption\":\"Control de polvo en caminos\"},{\"@type\":\"WebPage\",\"@id\":\"https:\/\/ambipar.com\/latam\/ambipar-environment-2\/control-de-polvo-en-caminos\/#webpage\",\"url\":\"https:\/\/ambipar.com\/latam\/ambipar-environment-2\/control-de-polvo-en-caminos\/\",\"name\":\"Control de polvo en caminos - Ambipar. A l\\u00edder em gest\\u00e3o ambiental.\",\"isPartOf\":{\"@id\":\"https:\/\/ambipar.com\/latam\/#website\"},\"primaryImageOfPage\":{\"@id\":\"https:\/\/ambipar.com\/latam\/ambipar-environment-2\/control-de-polvo-en-caminos\/#primaryimage\"},\"datePublished\":\"2023-04-13T15:13:01+00:00\",\"dateModified\":\"2023-04-13T15:13:03+00:00\",\"description\":\"Ambipar Chile cuenta con el servicio de Control de polvo en caminos de tierra a trav\\u00e9s de equipos especializados\",\"breadcrumb\":{\"@id\":\"https:\/\/ambipar.com\/latam\/ambipar-environment-2\/control-de-polvo-en-caminos\/#breadcrumb\"},\"inLanguage\":\"es-CL\",\"potentialAction\":[{\"@type\":\"ReadAction\",\"target\":[\"https:\/\/ambipar.com\/latam\/ambipar-environment-2\/control-de-polvo-en-caminos\/\"]}]},{\"@type\":\"BreadcrumbList\",\"@id\":\"https:\/\/ambipar.com\/latam\/ambipar-environment-2\/control-de-polvo-en-caminos\/#breadcrumb\",\"itemListElement\":[{\"@type\":\"ListItem\",\"position\":1,\"name\":\"Home\",\"item\":\"https:\/\/ambipar.com\/latam\/\"},{\"@type\":\"ListItem\",\"position\":2,\"name\":\"Ambipar Environment\",\"item\":\"https:\/\/ambipar.com\/latam\/ambipar-environment-2\/\"},{\"@type\":\"ListItem\",\"position\":3,\"name\":\"Control de polvo en caminos\"}]}]}<\/script>\n<!-- \/ Yoast SEO plugin. -->","yoast_head_json":{"title":"Control de polvo en caminos - Ambipar. A l\u00edder em gest\u00e3o ambiental.","description":"Ambipar Chile cuenta con el servicio de Control de polvo en caminos de tierra a trav\u00e9s de equipos especializados","robots":{"index":"index","follow":"follow","max-snippet":"max-snippet:-1","max-image-preview":"max-image-preview:large","max-video-preview":"max-video-preview:-1"},"canonical":"https:\/\/ambipar.com\/latam\/ambipar-environment-2\/control-de-polvo-en-caminos\/","og_locale":"es_ES","og_type":"article","og_title":"Control de polvo en caminos - Ambipar. A l\u00edder em gest\u00e3o ambiental.","og_description":"Ambipar Chile cuenta con el servicio de Control de polvo en caminos de tierra a trav\u00e9s de equipos especializados","og_url":"https:\/\/ambipar.com\/latam\/ambipar-environment-2\/control-de-polvo-en-caminos\/","og_site_name":"Ambipar. A l\u00edder em gest\u00e3o ambiental.","article_modified_time":"2023-04-13T15:13:03+00:00","og_image":[{"width":1254,"height":836,"url":"https:\/\/ambipar.com\/latam\/wp-content\/uploads\/2023\/04\/iStock-1133983180-1.jpg","type":"image\/jpeg"}],"twitter_card":"summary_large_image","twitter_misc":{"Est. reading time":"1 minuto"},"schema":{"@context":"https:\/\/schema.org","@graph":[{"@type":"Organization","@id":"https:\/\/ambipar.com\/latam\/#organization","name":"Ambipar","url":"https:\/\/ambipar.com\/latam\/","sameAs":[],"logo":{"@type":"ImageObject","@id":"https:\/\/ambipar.com\/latam\/#logo","inLanguage":"es-CL","url":"https:\/\/ambipar.com\/latam\/wp-content\/uploads\/2020\/10\/ambipar_color.png","contentUrl":"https:\/\/ambipar.com\/latam\/wp-content\/uploads\/2020\/10\/ambipar_color.png","width":174,"height":107,"caption":"Ambipar"},"image":{"@id":"https:\/\/ambipar.com\/latam\/#logo"}},{"@type":"WebSite","@id":"https:\/\/ambipar.com\/latam\/#website","url":"https:\/\/ambipar.com\/latam\/","name":"Ambipar. A l\u00edder em gest\u00e3o ambiental.","description":"Pioneira em solu\u00e7\u00f5es ambientais, a Ambipar atua em todo o territ\u00f3rio nacional oferecendo solu\u00e7\u00f5es integradas para toda a cadeia de neg\u00f3cio.","publisher":{"@id":"https:\/\/ambipar.com\/latam\/#organization"},"potentialAction":[{"@type":"SearchAction","target":{"@type":"EntryPoint","urlTemplate":"https:\/\/ambipar.com\/latam\/?s={search_term_string}"},"query-input":"required name=search_term_string"}],"inLanguage":"es-CL"},{"@type":"ImageObject","@id":"https:\/\/ambipar.com\/latam\/ambipar-environment-2\/control-de-polvo-en-caminos\/#primaryimage","inLanguage":"es-CL","url":"https:\/\/ambipar.com\/latam\/wp-content\/uploads\/2023\/04\/iStock-1133983180-1.jpg","contentUrl":"https:\/\/ambipar.com\/latam\/wp-content\/uploads\/2023\/04\/iStock-1133983180-1.jpg","width":1254,"height":836,"caption":"Control de polvo en caminos"},{"@type":"WebPage","@id":"https:\/\/ambipar.com\/latam\/ambipar-environment-2\/control-de-polvo-en-caminos\/#webpage","url":"https:\/\/ambipar.com\/latam\/ambipar-environment-2\/control-de-polvo-en-caminos\/","name":"Control de polvo en caminos - Ambipar. A l\u00edder em gest\u00e3o ambiental.","isPartOf":{"@id":"https:\/\/ambipar.com\/latam\/#website"},"primaryImageOfPage":{"@id":"https:\/\/ambipar.com\/latam\/ambipar-environment-2\/control-de-polvo-en-caminos\/#primaryimage"},"datePublished":"2023-04-13T15:13:01+00:00","dateModified":"2023-04-13T15:13:03+00:00","description":"Ambipar Chile cuenta con el servicio de Control de polvo en caminos de tierra a trav\u00e9s de equipos especializados","breadcrumb":{"@id":"https:\/\/ambipar.com\/latam\/ambipar-environment-2\/control-de-polvo-en-caminos\/#breadcrumb"},"inLanguage":"es-CL","potentialAction":[{"@type":"ReadAction","target":["https:\/\/ambipar.com\/latam\/ambipar-environment-2\/control-de-polvo-en-caminos\/"]}]},{"@type":"BreadcrumbList","@id":"https:\/\/ambipar.com\/latam\/ambipar-environment-2\/control-de-polvo-en-caminos\/#breadcrumb","itemListElement":[{"@type":"ListItem","position":1,"name":"Home","item":"https:\/\/ambipar.com\/latam\/"},{"@type":"ListItem","position":2,"name":"Ambipar Environment","item":"https:\/\/ambipar.com\/latam\/ambipar-environment-2\/"},{"@type":"ListItem","position":3,"name":"Control de polvo en caminos"}]}]}},"_links":{"self":[{"href":"https:\/\/ambipar.com\/latam\/wp-json\/wp\/v2\/pages\/5087"}],"collection":[{"href":"https:\/\/ambipar.com\/latam\/wp-json\/wp\/v2\/pages"}],"about":[{"href":"https:\/\/ambipar.com\/latam\/wp-json\/wp\/v2\/types\/page"}],"author":[{"embeddable":true,"href":"https:\/\/ambipar.com\/latam\/wp-json\/wp\/v2\/users\/4"}],"replies":[{"embeddable":true,"href":"https:\/\/ambipar.com\/latam\/wp-json\/wp\/v2\/comments?post=5087"}],"version-history":[{"count":1,"href":"https:\/\/ambipar.com\/latam\/wp-json\/wp\/v2\/pages\/5087\/revisions"}],"predecessor-version":[{"id":5089,"href":"https:\/\/ambipar.com\/latam\/wp-json\/wp\/v2\/pages\/5087\/revisions\/5089"}],"up":[{"embeddable":true,"href":"https:\/\/ambipar.com\/latam\/wp-json\/wp\/v2\/pages\/1060"}],"wp:featuredmedia":[{"embeddable":true,"href":"https:\/\/ambipar.com\/latam\/wp-json\/wp\/v2\/media\/5088"}],"wp:attachment":[{"href":"https:\/\/ambipar.com\/latam\/wp-json\/wp\/v2\/media?parent=5087"}],"curies":[{"name":"wp","href":"https:\/\/api.w.org\/{rel}","templated":true}]}}