{"id":5098,"date":"2023-04-13T12:00:30","date_gmt":"2023-04-13T16:00:30","guid":{"rendered":"https:\/\/ambipar.com\/latam\/?page_id=5098"},"modified":"2023-04-13T12:01:19","modified_gmt":"2023-04-13T16:01:19","slug":"arriendo-de-contenedores-y-tolvas","status":"publish","type":"page","link":"https:\/\/ambipar.com\/latam\/ambipar-environment-2\/gestion-y-valoracion-de-residuos\/arriendo-de-contenedores-y-tolvas\/","title":{"rendered":"Arriendo de Contenedores y Tolvas"},"content":{"rendered":"\n<p><strong>Contenedores met\u00e1licos.<\/strong>&nbsp;Avanzados equipos para el manejo de grandes vol\u00famenes de desechos, preferentemente aquellos con un bajo contenido de humedad; ideal para residuos industriales y dom\u00e9sticos en grandes cantidades.<\/p>\n\n\n\n<p><strong>Contenedor cerrado multiprop\u00f3sito<\/strong>. Vers\u00e1tiles recept\u00e1culos utilizados para el manejo de una amplia variedad de residuos entre los cuales se cuentan los con alta humedad, los livianos, lodos, los reciclables, etc.<\/p>\n\n\n\n<p>Contenedores de 3, 5 y 7 m3 para la disposici\u00f3n de grandes vol\u00famenes de residuos asimilables a domiciliarios.<\/p>\n\n\n\n<p><strong>Especificaciones:<\/strong><\/p>\n\n\n\n<ul><li>3 m<sup>3<\/sup>&nbsp;(202x109x101 cm) [LxAxH]<\/li><li>5 m<sup>3<\/sup>&nbsp;(202x141x150 cm) [LxAxH]<\/li><li>7 m<sup>3<\/sup>&nbsp;(202x202x188 cm) [LxAxH]<\/li><\/ul>\n\n\n\n<p><strong>Servicio de arriendo de contenedores pl\u00e1sticos<\/strong>&nbsp;multiprop\u00f3sito de alta densidad equipados con ruedas, lo cual facilita el transporte y ubicaci\u00f3n del contenedor. Estos contenedores son herm\u00e9ticos e higi\u00e9nicos, lo cual les permite ser utilizados para el almacenamiento de residuos s\u00f3lidos asimilables a dom\u00e9sticos y de alto contenido de humedad.<\/p>\n\n\n\n<p><strong>Especificaciones:\u00a0<\/strong>Contenedores de 240, 360, 770 y 1.100 Lts. para la disposici\u00f3n de residuos<br>asimilables a domiciliarios.<\/p>\n\n\n\n<p><strong>Tolvas abiertas y cerradas<\/strong><\/p>\n\n\n\n<p>Tolvas utilizadas esencialmente para la extracci\u00f3n de residuos no compactables, as\u00ed como para residuos<br>de gran volumen y peso. Las dimensiones y capacidades var\u00edan entre 10 m3 y 30 m3, lo cual posibilita la atenci\u00f3n<br>en la remoci\u00f3n de residuos industriales, tanto a la mediana como a la gran empresa.<\/p>\n\n\n\n<p>De esta forma, las tolvas abiertas y cerradas son un soluci\u00f3n para el acopio de residuos industriales s\u00f3lidos, tanto para la mediana como gran empresa.<\/p>\n\n\n\n<p><strong>Especificaciones:<\/strong><\/p>\n\n\n\n<ul><li>Tolvas de 10m3<\/li><li>Tolvas de 30m3<\/li><li>Tolvas de 20m3 cerradas<\/li><\/ul>\n","protected":false},"excerpt":{"rendered":"Contenedores met\u00e1licos.&nbsp;Avanzados equipos para el manejo de grandes vol\u00famenes de desechos, preferentemente aquellos con un bajo contenido de humedad; ideal para residuos industriales y dom\u00e9sticos en grandes cantidades. Contenedor cerrado multiprop\u00f3sito. Vers\u00e1tiles recept\u00e1culos utilizados para el manejo de una amplia variedad de residuos entre los cuales se cuentan los con alta humedad, los livianos, lodos,&#8230; <a class=\"view-article\" href=\"https:\/\/ambipar.com\/latam\/ambipar-environment-2\/gestion-y-valoracion-de-residuos\/arriendo-de-contenedores-y-tolvas\/\">Ver art\u00edculo<\/a>","protected":false},"author":4,"featured_media":5105,"parent":1368,"menu_order":0,"comment_status":"closed","ping_status":"closed","template":"single-servicos-full.php","meta":[],"yoast_head":"<!-- This site is optimized with the Yoast SEO plugin v17.6 - https:\/\/yoast.com\/wordpress\/plugins\/seo\/ -->\n<title>Arriendo de Contenedores y Tolvas - Ambipar. A l\u00edder em gest\u00e3o ambiental.<\/title>\n<meta name=\"robots\" content=\"index, follow, max-snippet:-1, max-image-preview:large, max-video-preview:-1\" \/>\n<link rel=\"canonical\" href=\"https:\/\/ambipar.com\/latam\/ambipar-environment-2\/gestion-y-valoracion-de-residuos\/arriendo-de-contenedores-y-tolvas\/\" \/>\n<meta property=\"og:locale\" content=\"es_ES\" \/>\n<meta property=\"og:type\" content=\"article\" \/>\n<meta property=\"og:title\" content=\"Arriendo de Contenedores y Tolvas - Ambipar. A l\u00edder em gest\u00e3o ambiental.\" \/>\n<meta property=\"og:description\" content=\"Contenedores met\u00e1licos.&nbsp;Avanzados equipos para el manejo de grandes vol\u00famenes de desechos, preferentemente aquellos con un bajo contenido de humedad; ideal para residuos industriales y dom\u00e9sticos en grandes cantidades. Contenedor cerrado multiprop\u00f3sito. Vers\u00e1tiles recept\u00e1culos utilizados para el manejo de una amplia variedad de residuos entre los cuales se cuentan los con alta humedad, los livianos, lodos,... Ver art\u00edculo\" \/>\n<meta property=\"og:url\" content=\"https:\/\/ambipar.com\/latam\/ambipar-environment-2\/gestion-y-valoracion-de-residuos\/arriendo-de-contenedores-y-tolvas\/\" \/>\n<meta property=\"og:site_name\" content=\"Ambipar. A l\u00edder em gest\u00e3o ambiental.\" \/>\n<meta property=\"article:modified_time\" content=\"2023-04-13T16:01:19+00:00\" \/>\n<meta property=\"og:image\" content=\"https:\/\/ambipar.com\/latam\/wp-content\/uploads\/2023\/04\/Servicio-con-Arriendo-de-Contenedores-y-Tolvas.jpg\" \/>\n\t<meta property=\"og:image:width\" content=\"913\" \/>\n\t<meta property=\"og:image:height\" content=\"636\" \/>\n<meta name=\"twitter:card\" content=\"summary_large_image\" \/>\n<meta name=\"twitter:label1\" content=\"Est. reading time\" \/>\n\t<meta name=\"twitter:data1\" content=\"2 minutos\" \/>\n<script type=\"application\/ld+json\" class=\"yoast-schema-graph\">{\"@context\":\"https:\/\/schema.org\",\"@graph\":[{\"@type\":\"Organization\",\"@id\":\"https:\/\/ambipar.com\/latam\/#organization\",\"name\":\"Ambipar\",\"url\":\"https:\/\/ambipar.com\/latam\/\",\"sameAs\":[],\"logo\":{\"@type\":\"ImageObject\",\"@id\":\"https:\/\/ambipar.com\/latam\/#logo\",\"inLanguage\":\"es-CL\",\"url\":\"https:\/\/ambipar.com\/latam\/wp-content\/uploads\/2020\/10\/ambipar_color.png\",\"contentUrl\":\"https:\/\/ambipar.com\/latam\/wp-content\/uploads\/2020\/10\/ambipar_color.png\",\"width\":174,\"height\":107,\"caption\":\"Ambipar\"},\"image\":{\"@id\":\"https:\/\/ambipar.com\/latam\/#logo\"}},{\"@type\":\"WebSite\",\"@id\":\"https:\/\/ambipar.com\/latam\/#website\",\"url\":\"https:\/\/ambipar.com\/latam\/\",\"name\":\"Ambipar. A l\\u00edder em gest\\u00e3o ambiental.\",\"description\":\"Pioneira em solu\\u00e7\\u00f5es ambientais, a Ambipar atua em todo o territ\\u00f3rio nacional oferecendo solu\\u00e7\\u00f5es integradas para toda a cadeia de neg\\u00f3cio.\",\"publisher\":{\"@id\":\"https:\/\/ambipar.com\/latam\/#organization\"},\"potentialAction\":[{\"@type\":\"SearchAction\",\"target\":{\"@type\":\"EntryPoint\",\"urlTemplate\":\"https:\/\/ambipar.com\/latam\/?s={search_term_string}\"},\"query-input\":\"required name=search_term_string\"}],\"inLanguage\":\"es-CL\"},{\"@type\":\"ImageObject\",\"@id\":\"https:\/\/ambipar.com\/latam\/ambipar-environment-2\/gestion-y-valoracion-de-residuos\/arriendo-de-contenedores-y-tolvas\/#primaryimage\",\"inLanguage\":\"es-CL\",\"url\":\"https:\/\/ambipar.com\/latam\/wp-content\/uploads\/2023\/04\/Servicio-con-Arriendo-de-Contenedores-y-Tolvas.jpg\",\"contentUrl\":\"https:\/\/ambipar.com\/latam\/wp-content\/uploads\/2023\/04\/Servicio-con-Arriendo-de-Contenedores-y-Tolvas.jpg\",\"width\":913,\"height\":636,\"caption\":\"Servicio con Arriendo de Contenedores y Tolvas\"},{\"@type\":\"WebPage\",\"@id\":\"https:\/\/ambipar.com\/latam\/ambipar-environment-2\/gestion-y-valoracion-de-residuos\/arriendo-de-contenedores-y-tolvas\/#webpage\",\"url\":\"https:\/\/ambipar.com\/latam\/ambipar-environment-2\/gestion-y-valoracion-de-residuos\/arriendo-de-contenedores-y-tolvas\/\",\"name\":\"Arriendo de Contenedores y Tolvas - Ambipar. A l\\u00edder em gest\\u00e3o ambiental.\",\"isPartOf\":{\"@id\":\"https:\/\/ambipar.com\/latam\/#website\"},\"primaryImageOfPage\":{\"@id\":\"https:\/\/ambipar.com\/latam\/ambipar-environment-2\/gestion-y-valoracion-de-residuos\/arriendo-de-contenedores-y-tolvas\/#primaryimage\"},\"datePublished\":\"2023-04-13T16:00:30+00:00\",\"dateModified\":\"2023-04-13T16:01:19+00:00\",\"breadcrumb\":{\"@id\":\"https:\/\/ambipar.com\/latam\/ambipar-environment-2\/gestion-y-valoracion-de-residuos\/arriendo-de-contenedores-y-tolvas\/#breadcrumb\"},\"inLanguage\":\"es-CL\",\"potentialAction\":[{\"@type\":\"ReadAction\",\"target\":[\"https:\/\/ambipar.com\/latam\/ambipar-environment-2\/gestion-y-valoracion-de-residuos\/arriendo-de-contenedores-y-tolvas\/\"]}]},{\"@type\":\"BreadcrumbList\",\"@id\":\"https:\/\/ambipar.com\/latam\/ambipar-environment-2\/gestion-y-valoracion-de-residuos\/arriendo-de-contenedores-y-tolvas\/#breadcrumb\",\"itemListElement\":[{\"@type\":\"ListItem\",\"position\":1,\"name\":\"Home\",\"item\":\"https:\/\/ambipar.com\/latam\/\"},{\"@type\":\"ListItem\",\"position\":2,\"name\":\"Ambipar Environment\",\"item\":\"https:\/\/ambipar.com\/latam\/ambipar-environment-2\/\"},{\"@type\":\"ListItem\",\"position\":3,\"name\":\"Gesti\\u00f3n y Valoraci\\u00f3n de Residuos\",\"item\":\"https:\/\/ambipar.com\/latam\/ambipar-environment-2\/gestion-y-valoracion-de-residuos\/\"},{\"@type\":\"ListItem\",\"position\":4,\"name\":\"Arriendo de Contenedores y Tolvas\"}]}]}<\/script>\n<!-- \/ Yoast SEO plugin. -->","yoast_head_json":{"title":"Arriendo de Contenedores y Tolvas - Ambipar. A l\u00edder em gest\u00e3o ambiental.","robots":{"index":"index","follow":"follow","max-snippet":"max-snippet:-1","max-image-preview":"max-image-preview:large","max-video-preview":"max-video-preview:-1"},"canonical":"https:\/\/ambipar.com\/latam\/ambipar-environment-2\/gestion-y-valoracion-de-residuos\/arriendo-de-contenedores-y-tolvas\/","og_locale":"es_ES","og_type":"article","og_title":"Arriendo de Contenedores y Tolvas - Ambipar. A l\u00edder em gest\u00e3o ambiental.","og_description":"Contenedores met\u00e1licos.&nbsp;Avanzados equipos para el manejo de grandes vol\u00famenes de desechos, preferentemente aquellos con un bajo contenido de humedad; ideal para residuos industriales y dom\u00e9sticos en grandes cantidades. Contenedor cerrado multiprop\u00f3sito. Vers\u00e1tiles recept\u00e1culos utilizados para el manejo de una amplia variedad de residuos entre los cuales se cuentan los con alta humedad, los livianos, lodos,... Ver art\u00edculo","og_url":"https:\/\/ambipar.com\/latam\/ambipar-environment-2\/gestion-y-valoracion-de-residuos\/arriendo-de-contenedores-y-tolvas\/","og_site_name":"Ambipar. A l\u00edder em gest\u00e3o ambiental.","article_modified_time":"2023-04-13T16:01:19+00:00","og_image":[{"width":913,"height":636,"url":"https:\/\/ambipar.com\/latam\/wp-content\/uploads\/2023\/04\/Servicio-con-Arriendo-de-Contenedores-y-Tolvas.jpg","type":"image\/jpeg"}],"twitter_card":"summary_large_image","twitter_misc":{"Est. reading time":"2 minutos"},"schema":{"@context":"https:\/\/schema.org","@graph":[{"@type":"Organization","@id":"https:\/\/ambipar.com\/latam\/#organization","name":"Ambipar","url":"https:\/\/ambipar.com\/latam\/","sameAs":[],"logo":{"@type":"ImageObject","@id":"https:\/\/ambipar.com\/latam\/#logo","inLanguage":"es-CL","url":"https:\/\/ambipar.com\/latam\/wp-content\/uploads\/2020\/10\/ambipar_color.png","contentUrl":"https:\/\/ambipar.com\/latam\/wp-content\/uploads\/2020\/10\/ambipar_color.png","width":174,"height":107,"caption":"Ambipar"},"image":{"@id":"https:\/\/ambipar.com\/latam\/#logo"}},{"@type":"WebSite","@id":"https:\/\/ambipar.com\/latam\/#website","url":"https:\/\/ambipar.com\/latam\/","name":"Ambipar. A l\u00edder em gest\u00e3o ambiental.","description":"Pioneira em solu\u00e7\u00f5es ambientais, a Ambipar atua em todo o territ\u00f3rio nacional oferecendo solu\u00e7\u00f5es integradas para toda a cadeia de neg\u00f3cio.","publisher":{"@id":"https:\/\/ambipar.com\/latam\/#organization"},"potentialAction":[{"@type":"SearchAction","target":{"@type":"EntryPoint","urlTemplate":"https:\/\/ambipar.com\/latam\/?s={search_term_string}"},"query-input":"required name=search_term_string"}],"inLanguage":"es-CL"},{"@type":"ImageObject","@id":"https:\/\/ambipar.com\/latam\/ambipar-environment-2\/gestion-y-valoracion-de-residuos\/arriendo-de-contenedores-y-tolvas\/#primaryimage","inLanguage":"es-CL","url":"https:\/\/ambipar.com\/latam\/wp-content\/uploads\/2023\/04\/Servicio-con-Arriendo-de-Contenedores-y-Tolvas.jpg","contentUrl":"https:\/\/ambipar.com\/latam\/wp-content\/uploads\/2023\/04\/Servicio-con-Arriendo-de-Contenedores-y-Tolvas.jpg","width":913,"height":636,"caption":"Servicio con Arriendo de Contenedores y Tolvas"},{"@type":"WebPage","@id":"https:\/\/ambipar.com\/latam\/ambipar-environment-2\/gestion-y-valoracion-de-residuos\/arriendo-de-contenedores-y-tolvas\/#webpage","url":"https:\/\/ambipar.com\/latam\/ambipar-environment-2\/gestion-y-valoracion-de-residuos\/arriendo-de-contenedores-y-tolvas\/","name":"Arriendo de Contenedores y Tolvas - Ambipar. A l\u00edder em gest\u00e3o ambiental.","isPartOf":{"@id":"https:\/\/ambipar.com\/latam\/#website"},"primaryImageOfPage":{"@id":"https:\/\/ambipar.com\/latam\/ambipar-environment-2\/gestion-y-valoracion-de-residuos\/arriendo-de-contenedores-y-tolvas\/#primaryimage"},"datePublished":"2023-04-13T16:00:30+00:00","dateModified":"2023-04-13T16:01:19+00:00","breadcrumb":{"@id":"https:\/\/ambipar.com\/latam\/ambipar-environment-2\/gestion-y-valoracion-de-residuos\/arriendo-de-contenedores-y-tolvas\/#breadcrumb"},"inLanguage":"es-CL","potentialAction":[{"@type":"ReadAction","target":["https:\/\/ambipar.com\/latam\/ambipar-environment-2\/gestion-y-valoracion-de-residuos\/arriendo-de-contenedores-y-tolvas\/"]}]},{"@type":"BreadcrumbList","@id":"https:\/\/ambipar.com\/latam\/ambipar-environment-2\/gestion-y-valoracion-de-residuos\/arriendo-de-contenedores-y-tolvas\/#breadcrumb","itemListElement":[{"@type":"ListItem","position":1,"name":"Home","item":"https:\/\/ambipar.com\/latam\/"},{"@type":"ListItem","position":2,"name":"Ambipar Environment","item":"https:\/\/ambipar.com\/latam\/ambipar-environment-2\/"},{"@type":"ListItem","position":3,"name":"Gesti\u00f3n y Valoraci\u00f3n de Residuos","item":"https:\/\/ambipar.com\/latam\/ambipar-environment-2\/gestion-y-valoracion-de-residuos\/"},{"@type":"ListItem","position":4,"name":"Arriendo de Contenedores y Tolvas"}]}]}},"_links":{"self":[{"href":"https:\/\/ambipar.com\/latam\/wp-json\/wp\/v2\/pages\/5098"}],"collection":[{"href":"https:\/\/ambipar.com\/latam\/wp-json\/wp\/v2\/pages"}],"about":[{"href":"https:\/\/ambipar.com\/latam\/wp-json\/wp\/v2\/types\/page"}],"author":[{"embeddable":true,"href":"https:\/\/ambipar.com\/latam\/wp-json\/wp\/v2\/users\/4"}],"replies":[{"embeddable":true,"href":"https:\/\/ambipar.com\/latam\/wp-json\/wp\/v2\/comments?post=5098"}],"version-history":[{"count":4,"href":"https:\/\/ambipar.com\/latam\/wp-json\/wp\/v2\/pages\/5098\/revisions"}],"predecessor-version":[{"id":5107,"href":"https:\/\/ambipar.com\/latam\/wp-json\/wp\/v2\/pages\/5098\/revisions\/5107"}],"up":[{"embeddable":true,"href":"https:\/\/ambipar.com\/latam\/wp-json\/wp\/v2\/pages\/1368"}],"wp:featuredmedia":[{"embeddable":true,"href":"https:\/\/ambipar.com\/latam\/wp-json\/wp\/v2\/media\/5105"}],"wp:attachment":[{"href":"https:\/\/ambipar.com\/latam\/wp-json\/wp\/v2\/media?parent=5098"}],"curies":[{"name":"wp","href":"https:\/\/api.w.org\/{rel}","templated":true}]}}