{"id":551,"date":"2020-10-30T07:40:54","date_gmt":"2020-10-30T10:40:54","guid":{"rendered":"https:\/\/ambipar.com\/latam\/?page_id=551"},"modified":"2021-04-20T10:49:22","modified_gmt":"2021-04-20T13:49:22","slug":"hazmat-nivel-comando-ics","status":"publish","type":"page","link":"https:\/\/ambipar.com\/latam\/pt\/ambipar-response\/treinamentos\/hazmat\/hazmat-nivel-comando-ics\/","title":{"rendered":"HAZMAT N\u00edvel Comando ICS"},"content":{"rendered":"\n<p><strong>OBJETIVO: <\/strong><\/p>\n\n\n\n<p>Fornecer aos participantes conhecimentos t\u00e9cnicos e pr\u00e1ticos que lhes permitam desenvolver a\u00e7\u00f5es de comandar uma emerg\u00eancia com produtos qu\u00edmicos e perigosos.<\/p>\n\n\n\n<p><strong>P\u00daBLICO ALVO:<\/strong> <\/p>\n\n\n\n<p>Gestores dos setores de transporte, expedi\u00e7\u00e3o, tr\u00e1fego, QSMS, \u00f3rg\u00e3os p\u00fablicos ou demais setores que constituam a brigada de emerg\u00eancia da institui\u00e7\u00e3o.<\/p>\n\n\n\n<p><strong>CONTE\u00daDO PROGRAM\u00c1TICO: <\/strong><\/p>\n\n\n\n<ul><li>Introdu\u00e7\u00e3o ao Sistema de Comando de Incidentes (ICS)<\/li><li>Executar o plano de resposta a emerg\u00eancias com produtos perigosos<\/li><li>Coordenar&nbsp;a\u00e7\u00f5es&nbsp;de&nbsp;resposta&nbsp;dentro&nbsp;do&nbsp;ICS<\/li><li>Conhecer e executar o ICS<\/li><li>Conhecer os perigos e riscos da equipe que trabalha com roupa de prote\u00e7\u00e3o qu\u00edmica<\/li><li>Conhecer em detalhes os planos locais, estaduais, e federais de resposta a emerg\u00eancia com produtos perigosos<\/li><li>Conhecer os procedimentos de descontamina\u00e7\u00e3o do pessoal e da comunidade<\/li><li>Responsabilidades, documenta\u00e7\u00e3o e desenho do ICS<\/li><li>Protocolos de Resposta a Emerg\u00eancia no local.<\/li><\/ul>\n\n\n\n<p><strong>CARGA HOR\u00c1RIA:<\/strong> 40 HORAS <\/p>\n\n\n\n<p><strong>Requisito<\/strong>: Certifica\u00e7\u00e3o m\u00ednima no N\u00edvel Opera\u00e7\u00f5es<\/p>\n\n\n\n<p><strong>FA\u00c7A SUA INSCRI\u00c7\u00c3O<\/strong>:<\/p>\n\n\n\n<p>Escolha o per\u00edodo de treinamento e clique para solicitar sua inscri\u00e7\u00e3o: <\/p>\n\n\n\n<ul><li><a href=\"mailto:treinamento@primepixel?subject=Solicita\u00e7\u00e3o de treinamento Hazmat N\u00edvel Comando ICS de 27\/09 \u00e0 01\/10\/2021\">27\/09 \u00e0 01\/10\/2021 &#8211; Hazmat N\u00edvel Comando ICS<\/a><\/li><\/ul>\n\n\n\n<p>Conhe\u00e7a os demais m\u00f3dulos do curso HAZMAT:<\/p>\n\n\n\n<ul id=\"block-e08a69f3-3cd8-4edc-9635-108a8a483ec9\"><li><a href=\"https:\/\/ambipar.com\/latam\/ambipar-response\/treinamentos\/hazmat\/hazmat-nivel-primeiro-no-local\/\">HAZMAT N\u00edvel Primeiro no local<\/a><\/li><li><a href=\"https:\/\/ambipar.com\/latam\/ambipar-response\/treinamentos\/hazmat\/hazmat-nivel-operacoes\/\">HAZMAT N\u00edvel Opera\u00e7\u00f5es<\/a><\/li><li><a href=\"https:\/\/ambipar.com\/latam\/ambipar-response\/treinamentos\/hazmat\/hazmat-nivel-tecnico\/\">HAZMAT N\u00edvel T\u00e9cnico<\/a><\/li><li><a href=\"https:\/\/ambipar.com\/latam\/ambipar-response\/treinamentos\/hazmat\/hazmat-nivel-especialista\/\">HAZMAT N\u00edvel Especialista<\/a><\/li><\/ul>\n","protected":false},"excerpt":{"rendered":"OBJETIVO: Fornecer aos participantes conhecimentos t\u00e9cnicos e pr\u00e1ticos que lhes permitam desenvolver a\u00e7\u00f5es de comandar uma emerg\u00eancia com produtos qu\u00edmicos e perigosos. P\u00daBLICO ALVO: Gestores dos setores de transporte, expedi\u00e7\u00e3o, tr\u00e1fego, QSMS, \u00f3rg\u00e3os p\u00fablicos ou demais setores que constituam a brigada de emerg\u00eancia da institui\u00e7\u00e3o. CONTE\u00daDO PROGRAM\u00c1TICO: Introdu\u00e7\u00e3o ao Sistema de Comando de Incidentes (ICS)&#8230; <a class=\"view-article\" href=\"https:\/\/ambipar.com\/latam\/pt\/ambipar-response\/treinamentos\/hazmat\/hazmat-nivel-comando-ics\/\">Ver art\u00edculo<\/a>","protected":false},"author":2,"featured_media":886,"parent":535,"menu_order":0,"comment_status":"closed","ping_status":"closed","template":"single-servicos.php","meta":[],"yoast_head":"<!-- This site is optimized with the Yoast SEO plugin v17.6 - https:\/\/yoast.com\/wordpress\/plugins\/seo\/ -->\n<title>Conhe\u00e7a HAZMAT N\u00edvel Comando ICS oferecido pela Ambipar<\/title>\n<meta name=\"description\" content=\"OBJETIVO: Fornecer aos participantes conhecimentos t\u00e9cnicos e pr\u00e1ticos que lhes permitam desenvolver a\u00e7\u00f5es de comandar uma emerg\u00eancia\" \/>\n<meta name=\"robots\" content=\"index, follow, max-snippet:-1, max-image-preview:large, max-video-preview:-1\" \/>\n<link rel=\"canonical\" href=\"https:\/\/ambipar.com\/latam\/pt\/ambipar-response\/treinamentos\/hazmat\/hazmat-nivel-comando-ics\/\" \/>\n<meta property=\"og:locale\" content=\"es_ES\" \/>\n<meta property=\"og:type\" content=\"article\" \/>\n<meta property=\"og:title\" content=\"Conhe\u00e7a HAZMAT N\u00edvel Comando ICS oferecido pela Ambipar\" \/>\n<meta property=\"og:description\" content=\"OBJETIVO: Fornecer aos participantes conhecimentos t\u00e9cnicos e pr\u00e1ticos que lhes permitam desenvolver a\u00e7\u00f5es de comandar uma emerg\u00eancia\" \/>\n<meta property=\"og:url\" content=\"https:\/\/ambipar.com\/latam\/pt\/ambipar-response\/treinamentos\/hazmat\/hazmat-nivel-comando-ics\/\" \/>\n<meta property=\"og:site_name\" content=\"Ambipar. A l\u00edder em gest\u00e3o ambiental.\" \/>\n<meta property=\"article:modified_time\" content=\"2021-04-20T13:49:22+00:00\" \/>\n<meta property=\"og:image\" content=\"https:\/\/ambipar.com\/latam\/wp-content\/uploads\/2020\/10\/hazmatinstrutor.jpg\" \/>\n\t<meta property=\"og:image:width\" content=\"1000\" \/>\n\t<meta property=\"og:image:height\" content=\"1000\" \/>\n<meta name=\"twitter:card\" content=\"summary_large_image\" \/>\n<meta name=\"twitter:label1\" content=\"Est. reading time\" \/>\n\t<meta name=\"twitter:data1\" content=\"1 minuto\" \/>\n<script type=\"application\/ld+json\" class=\"yoast-schema-graph\">{\"@context\":\"https:\/\/schema.org\",\"@graph\":[{\"@type\":\"Organization\",\"@id\":\"https:\/\/ambipar.com\/latam\/#organization\",\"name\":\"Ambipar\",\"url\":\"https:\/\/ambipar.com\/latam\/\",\"sameAs\":[],\"logo\":{\"@type\":\"ImageObject\",\"@id\":\"https:\/\/ambipar.com\/latam\/#logo\",\"inLanguage\":\"es-CL\",\"url\":\"https:\/\/ambipar.com\/latam\/wp-content\/uploads\/2020\/10\/ambipar_color.png\",\"contentUrl\":\"https:\/\/ambipar.com\/latam\/wp-content\/uploads\/2020\/10\/ambipar_color.png\",\"width\":174,\"height\":107,\"caption\":\"Ambipar\"},\"image\":{\"@id\":\"https:\/\/ambipar.com\/latam\/#logo\"}},{\"@type\":\"WebSite\",\"@id\":\"https:\/\/ambipar.com\/latam\/#website\",\"url\":\"https:\/\/ambipar.com\/latam\/\",\"name\":\"Ambipar. A l\\u00edder em gest\\u00e3o ambiental.\",\"description\":\"Pioneira em solu\\u00e7\\u00f5es ambientais, a Ambipar atua em todo o territ\\u00f3rio nacional oferecendo solu\\u00e7\\u00f5es integradas para toda a cadeia de neg\\u00f3cio.\",\"publisher\":{\"@id\":\"https:\/\/ambipar.com\/latam\/#organization\"},\"potentialAction\":[{\"@type\":\"SearchAction\",\"target\":{\"@type\":\"EntryPoint\",\"urlTemplate\":\"https:\/\/ambipar.com\/latam\/?s={search_term_string}\"},\"query-input\":\"required name=search_term_string\"}],\"inLanguage\":\"es-CL\"},{\"@type\":\"ImageObject\",\"@id\":\"https:\/\/ambipar.com\/latam\/pt\/ambipar-response\/treinamentos\/hazmat\/hazmat-nivel-comando-ics\/#primaryimage\",\"inLanguage\":\"es-CL\",\"url\":\"https:\/\/ambipar.com\/latam\/wp-content\/uploads\/2020\/10\/hazmatinstrutor.jpg\",\"contentUrl\":\"https:\/\/ambipar.com\/latam\/wp-content\/uploads\/2020\/10\/hazmatinstrutor.jpg\",\"width\":1000,\"height\":1000,\"caption\":\"instrutor hazmat\"},{\"@type\":\"WebPage\",\"@id\":\"https:\/\/ambipar.com\/latam\/pt\/ambipar-response\/treinamentos\/hazmat\/hazmat-nivel-comando-ics\/#webpage\",\"url\":\"https:\/\/ambipar.com\/latam\/pt\/ambipar-response\/treinamentos\/hazmat\/hazmat-nivel-comando-ics\/\",\"name\":\"Conhe\\u00e7a HAZMAT N\\u00edvel Comando ICS oferecido pela Ambipar\",\"isPartOf\":{\"@id\":\"https:\/\/ambipar.com\/latam\/#website\"},\"primaryImageOfPage\":{\"@id\":\"https:\/\/ambipar.com\/latam\/pt\/ambipar-response\/treinamentos\/hazmat\/hazmat-nivel-comando-ics\/#primaryimage\"},\"datePublished\":\"2020-10-30T10:40:54+00:00\",\"dateModified\":\"2021-04-20T13:49:22+00:00\",\"description\":\"OBJETIVO: Fornecer aos participantes conhecimentos t\\u00e9cnicos e pr\\u00e1ticos que lhes permitam desenvolver a\\u00e7\\u00f5es de comandar uma emerg\\u00eancia\",\"breadcrumb\":{\"@id\":\"https:\/\/ambipar.com\/latam\/pt\/ambipar-response\/treinamentos\/hazmat\/hazmat-nivel-comando-ics\/#breadcrumb\"},\"inLanguage\":\"es-CL\",\"potentialAction\":[{\"@type\":\"ReadAction\",\"target\":[\"https:\/\/ambipar.com\/latam\/pt\/ambipar-response\/treinamentos\/hazmat\/hazmat-nivel-comando-ics\/\"]}]},{\"@type\":\"BreadcrumbList\",\"@id\":\"https:\/\/ambipar.com\/latam\/pt\/ambipar-response\/treinamentos\/hazmat\/hazmat-nivel-comando-ics\/#breadcrumb\",\"itemListElement\":[{\"@type\":\"ListItem\",\"position\":1,\"name\":\"Home\",\"item\":\"https:\/\/ambipar.com\/latam\/\"},{\"@type\":\"ListItem\",\"position\":2,\"name\":\"Ambipar Response\",\"item\":\"https:\/\/ambipar.com\/latam\/pt\/ambipar-response\/\"},{\"@type\":\"ListItem\",\"position\":3,\"name\":\"Treinamentos\",\"item\":\"https:\/\/ambipar.com\/latam\/pt\/ambipar-response\/treinamentos\/\"},{\"@type\":\"ListItem\",\"position\":4,\"name\":\"HAZMAT\",\"item\":\"https:\/\/ambipar.com\/latam\/pt\/ambipar-response\/treinamentos\/hazmat\/\"},{\"@type\":\"ListItem\",\"position\":5,\"name\":\"HAZMAT N\\u00edvel Comando ICS\"}]}]}<\/script>\n<!-- \/ Yoast SEO plugin. -->","yoast_head_json":{"title":"Conhe\u00e7a HAZMAT N\u00edvel Comando ICS oferecido pela Ambipar","description":"OBJETIVO: Fornecer aos participantes conhecimentos t\u00e9cnicos e pr\u00e1ticos que lhes permitam desenvolver a\u00e7\u00f5es de comandar uma emerg\u00eancia","robots":{"index":"index","follow":"follow","max-snippet":"max-snippet:-1","max-image-preview":"max-image-preview:large","max-video-preview":"max-video-preview:-1"},"canonical":"https:\/\/ambipar.com\/latam\/pt\/ambipar-response\/treinamentos\/hazmat\/hazmat-nivel-comando-ics\/","og_locale":"es_ES","og_type":"article","og_title":"Conhe\u00e7a HAZMAT N\u00edvel Comando ICS oferecido pela Ambipar","og_description":"OBJETIVO: Fornecer aos participantes conhecimentos t\u00e9cnicos e pr\u00e1ticos que lhes permitam desenvolver a\u00e7\u00f5es de comandar uma emerg\u00eancia","og_url":"https:\/\/ambipar.com\/latam\/pt\/ambipar-response\/treinamentos\/hazmat\/hazmat-nivel-comando-ics\/","og_site_name":"Ambipar. A l\u00edder em gest\u00e3o ambiental.","article_modified_time":"2021-04-20T13:49:22+00:00","og_image":[{"width":1000,"height":1000,"url":"https:\/\/ambipar.com\/latam\/wp-content\/uploads\/2020\/10\/hazmatinstrutor.jpg","type":"image\/jpeg"}],"twitter_card":"summary_large_image","twitter_misc":{"Est. reading time":"1 minuto"},"schema":{"@context":"https:\/\/schema.org","@graph":[{"@type":"Organization","@id":"https:\/\/ambipar.com\/latam\/#organization","name":"Ambipar","url":"https:\/\/ambipar.com\/latam\/","sameAs":[],"logo":{"@type":"ImageObject","@id":"https:\/\/ambipar.com\/latam\/#logo","inLanguage":"es-CL","url":"https:\/\/ambipar.com\/latam\/wp-content\/uploads\/2020\/10\/ambipar_color.png","contentUrl":"https:\/\/ambipar.com\/latam\/wp-content\/uploads\/2020\/10\/ambipar_color.png","width":174,"height":107,"caption":"Ambipar"},"image":{"@id":"https:\/\/ambipar.com\/latam\/#logo"}},{"@type":"WebSite","@id":"https:\/\/ambipar.com\/latam\/#website","url":"https:\/\/ambipar.com\/latam\/","name":"Ambipar. A l\u00edder em gest\u00e3o ambiental.","description":"Pioneira em solu\u00e7\u00f5es ambientais, a Ambipar atua em todo o territ\u00f3rio nacional oferecendo solu\u00e7\u00f5es integradas para toda a cadeia de neg\u00f3cio.","publisher":{"@id":"https:\/\/ambipar.com\/latam\/#organization"},"potentialAction":[{"@type":"SearchAction","target":{"@type":"EntryPoint","urlTemplate":"https:\/\/ambipar.com\/latam\/?s={search_term_string}"},"query-input":"required name=search_term_string"}],"inLanguage":"es-CL"},{"@type":"ImageObject","@id":"https:\/\/ambipar.com\/latam\/pt\/ambipar-response\/treinamentos\/hazmat\/hazmat-nivel-comando-ics\/#primaryimage","inLanguage":"es-CL","url":"https:\/\/ambipar.com\/latam\/wp-content\/uploads\/2020\/10\/hazmatinstrutor.jpg","contentUrl":"https:\/\/ambipar.com\/latam\/wp-content\/uploads\/2020\/10\/hazmatinstrutor.jpg","width":1000,"height":1000,"caption":"instrutor hazmat"},{"@type":"WebPage","@id":"https:\/\/ambipar.com\/latam\/pt\/ambipar-response\/treinamentos\/hazmat\/hazmat-nivel-comando-ics\/#webpage","url":"https:\/\/ambipar.com\/latam\/pt\/ambipar-response\/treinamentos\/hazmat\/hazmat-nivel-comando-ics\/","name":"Conhe\u00e7a HAZMAT N\u00edvel Comando ICS oferecido pela Ambipar","isPartOf":{"@id":"https:\/\/ambipar.com\/latam\/#website"},"primaryImageOfPage":{"@id":"https:\/\/ambipar.com\/latam\/pt\/ambipar-response\/treinamentos\/hazmat\/hazmat-nivel-comando-ics\/#primaryimage"},"datePublished":"2020-10-30T10:40:54+00:00","dateModified":"2021-04-20T13:49:22+00:00","description":"OBJETIVO: Fornecer aos participantes conhecimentos t\u00e9cnicos e pr\u00e1ticos que lhes permitam desenvolver a\u00e7\u00f5es de comandar uma emerg\u00eancia","breadcrumb":{"@id":"https:\/\/ambipar.com\/latam\/pt\/ambipar-response\/treinamentos\/hazmat\/hazmat-nivel-comando-ics\/#breadcrumb"},"inLanguage":"es-CL","potentialAction":[{"@type":"ReadAction","target":["https:\/\/ambipar.com\/latam\/pt\/ambipar-response\/treinamentos\/hazmat\/hazmat-nivel-comando-ics\/"]}]},{"@type":"BreadcrumbList","@id":"https:\/\/ambipar.com\/latam\/pt\/ambipar-response\/treinamentos\/hazmat\/hazmat-nivel-comando-ics\/#breadcrumb","itemListElement":[{"@type":"ListItem","position":1,"name":"Home","item":"https:\/\/ambipar.com\/latam\/"},{"@type":"ListItem","position":2,"name":"Ambipar Response","item":"https:\/\/ambipar.com\/latam\/pt\/ambipar-response\/"},{"@type":"ListItem","position":3,"name":"Treinamentos","item":"https:\/\/ambipar.com\/latam\/pt\/ambipar-response\/treinamentos\/"},{"@type":"ListItem","position":4,"name":"HAZMAT","item":"https:\/\/ambipar.com\/latam\/pt\/ambipar-response\/treinamentos\/hazmat\/"},{"@type":"ListItem","position":5,"name":"HAZMAT N\u00edvel Comando ICS"}]}]}},"_links":{"self":[{"href":"https:\/\/ambipar.com\/latam\/wp-json\/wp\/v2\/pages\/551"}],"collection":[{"href":"https:\/\/ambipar.com\/latam\/wp-json\/wp\/v2\/pages"}],"about":[{"href":"https:\/\/ambipar.com\/latam\/wp-json\/wp\/v2\/types\/page"}],"author":[{"embeddable":true,"href":"https:\/\/ambipar.com\/latam\/wp-json\/wp\/v2\/users\/2"}],"replies":[{"embeddable":true,"href":"https:\/\/ambipar.com\/latam\/wp-json\/wp\/v2\/comments?post=551"}],"version-history":[{"count":5,"href":"https:\/\/ambipar.com\/latam\/wp-json\/wp\/v2\/pages\/551\/revisions"}],"predecessor-version":[{"id":3430,"href":"https:\/\/ambipar.com\/latam\/wp-json\/wp\/v2\/pages\/551\/revisions\/3430"}],"up":[{"embeddable":true,"href":"https:\/\/ambipar.com\/latam\/wp-json\/wp\/v2\/pages\/535"}],"wp:featuredmedia":[{"embeddable":true,"href":"https:\/\/ambipar.com\/latam\/wp-json\/wp\/v2\/media\/886"}],"wp:attachment":[{"href":"https:\/\/ambipar.com\/latam\/wp-json\/wp\/v2\/media?parent=551"}],"curies":[{"name":"wp","href":"https:\/\/api.w.org\/{rel}","templated":true}]}}