{"id":882,"date":"2020-10-30T05:50:00","date_gmt":"2020-10-30T08:50:00","guid":{"rendered":"https:\/\/ambipar.com\/latam\/?page_id=882"},"modified":"2021-01-15T07:58:55","modified_gmt":"2021-01-15T10:58:55","slug":"nr-20-seguranca-no-trabalho-com-inflamaveis-e-combustiveis-avancado","status":"publish","type":"page","link":"https:\/\/ambipar.com\/latam\/pt\/ambipar-response\/treinamentos\/nrs\/nr-20-seguranca-no-trabalho-com-inflamaveis-e-combustiveis-avancado\/","title":{"rendered":"NR 20 &#8211; Seguran\u00e7a no Trabalho com Inflam\u00e1veis e Combust\u00edveis \u2013 Avan\u00e7ado"},"content":{"rendered":"\n<p><strong>OBJETIVO:<\/strong><\/p>\n\n\n\n<p>Capacitar os trabalhadores que armazenam e manuseiam produtos l\u00edquidos&nbsp; e combust\u00edveis inflam\u00e1veis.<\/p>\n\n\n\n<p><strong>P\u00daBLICO ALVO:<\/strong><\/p>\n\n\n\n<p>Trabalhadores que realizam atividades de opera\u00e7\u00e3o e atendimento a emerg\u00eancias de instala\u00e7\u00f5es das Classes II e III.<\/p>\n\n\n\n<p><strong>CONTE\u00daDO PROGRAM\u00c1TICO:<\/strong><\/p>\n\n\n\n<ul><li>Inflam\u00e1veis: caracter\u00edsticas, propriedades, perigos e riscos<\/li><li>Controles coletivo e individual para trabalhos com inflam\u00e1veis<\/li><li>Prote\u00e7\u00e3o contra inc\u00eandio com inflam\u00e1veis<\/li><li>Procedimentos em situa\u00e7\u00f5es de emerg\u00eancia com inflam\u00e1veis<\/li><li>Metodologias de An\u00e1lise de Riscos e Permiss\u00e3o para Trabalho com Inflam\u00e1veis<\/li><li>Acidentes com inflam\u00e1veis: an\u00e1lise de causas e medidas preventivas<\/li><li>Planejamento de Resposta a emerg\u00eancias com inflam\u00e1veis<\/li><\/ul>\n\n\n\n<p><strong>CARGA HOR\u00c1RIA: <\/strong><\/p>\n\n\n\n<ul><li>Instala\u00e7\u00e3o Classe II: 20 horas<\/li><li>Instala\u00e7\u00e3o Classe III: 32 horas<\/li><\/ul>\n\n\n\n<div class=\"wp-block-buttons\">\n<div class=\"wp-block-button\"><a class=\"wp-block-button__link\" href=\"https:\/\/app.smartsheet.com\/b\/form\/57a977c9e30244acbdc17c86e82b5ef9\" target=\"_blank\" rel=\"noreferrer noopener\">SOLICITAR AGENDAMENTO<\/a><\/div>\n<\/div>\n\n\n\n<p>Conhe\u00e7a os demais m\u00f3dulos do treinamento referentes \u00e0s Normas Regulamentadoras (NR) Brasileiras e Internacionais:<\/p>\n\n\n\n<ul id=\"block-ca2cee68-bd2d-431c-89ac-0683ec916488\"><li><a href=\"https:\/\/ambipar.com\/latam\/ambipar-response\/treinamentos\/nrs\/nr-10-seguranca-com-eletricidade-basico\/\">NR 10 &#8211; Seguran\u00e7a com Eletricidade &#8211; B\u00e1sico<\/a><\/li><li><a href=\"https:\/\/ambipar.com\/latam\/ambipar-response\/treinamentos\/nrs\/nr-10-sistema-eletrico-de-potencia-sep\/\">NR 10 \u2013 Sistema El\u00e9trico de Potencia (SEP)<\/a><\/li><li><a href=\"https:\/\/ambipar.com\/latam\/ambipar-response\/treinamentos\/nrs\/nr-20-seguranca-no-trabalho-com-inflamaveis-e-combustiveis-basico\/\">NR 20 &#8211; Seguran\u00e7a no Trabalho com Inflam\u00e1veis e Combust\u00edveis \u2013 B\u00e1sico<\/a><\/li><li><a href=\"https:\/\/ambipar.com\/latam\/ambipar-response\/treinamentos\/nrs\/nr-20-seguranca-no-trabalho-com-inflamaveis-e-combustiveis-intermediario\/\">NR 20 &#8211; Seguran\u00e7a no Trabalho com Inflam\u00e1veis e Combust\u00edveis \u2013 Intermedi\u00e1rio<\/a><\/li><li><a href=\"https:\/\/ambipar.com\/latam\/ambipar-response\/treinamentos\/nrs\/nr-33-espacos-confinados-autorizados-e-vigias\/\">NR 33 &#8211; Espa\u00e7os Confinados \u2013 Autorizados e Vigias<\/a><\/li><li><a href=\"https:\/\/ambipar.com\/latam\/ambipar-response\/treinamentos\/nrs\/nr-33-espacos-confinados-supervisor\/\">NR 33 &#8211; Espa\u00e7os Confinados \u2013 Supervisor<\/a><\/li><li><a href=\"https:\/\/ambipar.com\/latam\/ambipar-response\/treinamentos\/nrs\/trabalho-em-altura\/\">NR 35 &#8211; Trabalho em Altura<\/a><\/li><\/ul>\n","protected":false},"excerpt":{"rendered":"OBJETIVO: Capacitar os trabalhadores que armazenam e manuseiam produtos l\u00edquidos&nbsp; e combust\u00edveis inflam\u00e1veis. P\u00daBLICO ALVO: Trabalhadores que realizam atividades de opera\u00e7\u00e3o e atendimento a emerg\u00eancias de instala\u00e7\u00f5es das Classes II e III. CONTE\u00daDO PROGRAM\u00c1TICO: Inflam\u00e1veis: caracter\u00edsticas, propriedades, perigos e riscos Controles coletivo e individual para trabalhos com inflam\u00e1veis Prote\u00e7\u00e3o contra inc\u00eandio com inflam\u00e1veis Procedimentos em&#8230; <a class=\"view-article\" href=\"https:\/\/ambipar.com\/latam\/pt\/ambipar-response\/treinamentos\/nrs\/nr-20-seguranca-no-trabalho-com-inflamaveis-e-combustiveis-avancado\/\">Ver art\u00edculo<\/a>","protected":false},"author":2,"featured_media":488,"parent":713,"menu_order":0,"comment_status":"closed","ping_status":"closed","template":"single-servicos.php","meta":[],"yoast_head":"<!-- This site is optimized with the Yoast SEO plugin v17.6 - https:\/\/yoast.com\/wordpress\/plugins\/seo\/ -->\n<title>NR 20 Seguran\u00e7a no Trabalho com Inflam\u00e1veis e Combust\u00edveis Avan\u00e7ado<\/title>\n<meta name=\"description\" content=\"OBJETIVO: Capacitar os trabalhadores que armazenam e manuseiam produtos l\u00edquidos e combust\u00edveis inflam\u00e1veis.\" \/>\n<meta name=\"robots\" content=\"index, follow, max-snippet:-1, max-image-preview:large, max-video-preview:-1\" \/>\n<link rel=\"canonical\" href=\"https:\/\/ambipar.com\/latam\/pt\/ambipar-response\/treinamentos\/nrs\/nr-20-seguranca-no-trabalho-com-inflamaveis-e-combustiveis-avancado\/\" \/>\n<meta property=\"og:locale\" content=\"es_ES\" \/>\n<meta property=\"og:type\" content=\"article\" \/>\n<meta property=\"og:title\" content=\"NR 20 Seguran\u00e7a no Trabalho com Inflam\u00e1veis e Combust\u00edveis Avan\u00e7ado\" \/>\n<meta property=\"og:description\" content=\"OBJETIVO: Capacitar os trabalhadores que armazenam e manuseiam produtos l\u00edquidos e combust\u00edveis inflam\u00e1veis.\" \/>\n<meta property=\"og:url\" content=\"https:\/\/ambipar.com\/latam\/pt\/ambipar-response\/treinamentos\/nrs\/nr-20-seguranca-no-trabalho-com-inflamaveis-e-combustiveis-avancado\/\" \/>\n<meta property=\"og:site_name\" content=\"Ambipar. A l\u00edder em gest\u00e3o ambiental.\" \/>\n<meta property=\"article:modified_time\" content=\"2021-01-15T10:58:55+00:00\" \/>\n<meta property=\"og:image\" content=\"https:\/\/ambipar.com\/latam\/wp-content\/uploads\/2020\/10\/equipamentos_combate_incendio.jpg\" \/>\n\t<meta property=\"og:image:width\" content=\"463\" \/>\n\t<meta property=\"og:image:height\" content=\"627\" \/>\n<meta name=\"twitter:card\" content=\"summary_large_image\" \/>\n<meta name=\"twitter:label1\" content=\"Est. reading time\" \/>\n\t<meta name=\"twitter:data1\" content=\"1 minuto\" \/>\n<script type=\"application\/ld+json\" class=\"yoast-schema-graph\">{\"@context\":\"https:\/\/schema.org\",\"@graph\":[{\"@type\":\"Organization\",\"@id\":\"https:\/\/ambipar.com\/latam\/#organization\",\"name\":\"Ambipar\",\"url\":\"https:\/\/ambipar.com\/latam\/\",\"sameAs\":[],\"logo\":{\"@type\":\"ImageObject\",\"@id\":\"https:\/\/ambipar.com\/latam\/#logo\",\"inLanguage\":\"es-CL\",\"url\":\"https:\/\/ambipar.com\/latam\/wp-content\/uploads\/2020\/10\/ambipar_color.png\",\"contentUrl\":\"https:\/\/ambipar.com\/latam\/wp-content\/uploads\/2020\/10\/ambipar_color.png\",\"width\":174,\"height\":107,\"caption\":\"Ambipar\"},\"image\":{\"@id\":\"https:\/\/ambipar.com\/latam\/#logo\"}},{\"@type\":\"WebSite\",\"@id\":\"https:\/\/ambipar.com\/latam\/#website\",\"url\":\"https:\/\/ambipar.com\/latam\/\",\"name\":\"Ambipar. A l\\u00edder em gest\\u00e3o ambiental.\",\"description\":\"Pioneira em solu\\u00e7\\u00f5es ambientais, a Ambipar atua em todo o territ\\u00f3rio nacional oferecendo solu\\u00e7\\u00f5es integradas para toda a cadeia de neg\\u00f3cio.\",\"publisher\":{\"@id\":\"https:\/\/ambipar.com\/latam\/#organization\"},\"potentialAction\":[{\"@type\":\"SearchAction\",\"target\":{\"@type\":\"EntryPoint\",\"urlTemplate\":\"https:\/\/ambipar.com\/latam\/?s={search_term_string}\"},\"query-input\":\"required name=search_term_string\"}],\"inLanguage\":\"es-CL\"},{\"@type\":\"ImageObject\",\"@id\":\"https:\/\/ambipar.com\/latam\/pt\/ambipar-response\/treinamentos\/nrs\/nr-20-seguranca-no-trabalho-com-inflamaveis-e-combustiveis-avancado\/#primaryimage\",\"inLanguage\":\"es-CL\",\"url\":\"https:\/\/ambipar.com\/latam\/wp-content\/uploads\/2020\/10\/equipamentos_combate_incendio.jpg\",\"contentUrl\":\"https:\/\/ambipar.com\/latam\/wp-content\/uploads\/2020\/10\/equipamentos_combate_incendio.jpg\",\"width\":463,\"height\":627,\"caption\":\"Imagem da equipe de combate a inc\\u00eandios em a\\u00e7\\u00e3o\"},{\"@type\":\"WebPage\",\"@id\":\"https:\/\/ambipar.com\/latam\/pt\/ambipar-response\/treinamentos\/nrs\/nr-20-seguranca-no-trabalho-com-inflamaveis-e-combustiveis-avancado\/#webpage\",\"url\":\"https:\/\/ambipar.com\/latam\/pt\/ambipar-response\/treinamentos\/nrs\/nr-20-seguranca-no-trabalho-com-inflamaveis-e-combustiveis-avancado\/\",\"name\":\"NR 20 Seguran\\u00e7a no Trabalho com Inflam\\u00e1veis e Combust\\u00edveis Avan\\u00e7ado\",\"isPartOf\":{\"@id\":\"https:\/\/ambipar.com\/latam\/#website\"},\"primaryImageOfPage\":{\"@id\":\"https:\/\/ambipar.com\/latam\/pt\/ambipar-response\/treinamentos\/nrs\/nr-20-seguranca-no-trabalho-com-inflamaveis-e-combustiveis-avancado\/#primaryimage\"},\"datePublished\":\"2020-10-30T08:50:00+00:00\",\"dateModified\":\"2021-01-15T10:58:55+00:00\",\"description\":\"OBJETIVO: Capacitar os trabalhadores que armazenam e manuseiam produtos l\\u00edquidos e combust\\u00edveis inflam\\u00e1veis.\",\"breadcrumb\":{\"@id\":\"https:\/\/ambipar.com\/latam\/pt\/ambipar-response\/treinamentos\/nrs\/nr-20-seguranca-no-trabalho-com-inflamaveis-e-combustiveis-avancado\/#breadcrumb\"},\"inLanguage\":\"es-CL\",\"potentialAction\":[{\"@type\":\"ReadAction\",\"target\":[\"https:\/\/ambipar.com\/latam\/pt\/ambipar-response\/treinamentos\/nrs\/nr-20-seguranca-no-trabalho-com-inflamaveis-e-combustiveis-avancado\/\"]}]},{\"@type\":\"BreadcrumbList\",\"@id\":\"https:\/\/ambipar.com\/latam\/pt\/ambipar-response\/treinamentos\/nrs\/nr-20-seguranca-no-trabalho-com-inflamaveis-e-combustiveis-avancado\/#breadcrumb\",\"itemListElement\":[{\"@type\":\"ListItem\",\"position\":1,\"name\":\"Home\",\"item\":\"https:\/\/ambipar.com\/latam\/\"},{\"@type\":\"ListItem\",\"position\":2,\"name\":\"Ambipar Response\",\"item\":\"https:\/\/ambipar.com\/latam\/pt\/ambipar-response\/\"},{\"@type\":\"ListItem\",\"position\":3,\"name\":\"Treinamentos\",\"item\":\"https:\/\/ambipar.com\/latam\/pt\/ambipar-response\/treinamentos\/\"},{\"@type\":\"ListItem\",\"position\":4,\"name\":\"NR\\u2019S\",\"item\":\"https:\/\/ambipar.com\/latam\/pt\/ambipar-response\/treinamentos\/nrs\/\"},{\"@type\":\"ListItem\",\"position\":5,\"name\":\"NR 20 &#8211; Seguran\\u00e7a no Trabalho com Inflam\\u00e1veis e Combust\\u00edveis \\u2013 Avan\\u00e7ado\"}]}]}<\/script>\n<!-- \/ Yoast SEO plugin. -->","yoast_head_json":{"title":"NR 20 Seguran\u00e7a no Trabalho com Inflam\u00e1veis e Combust\u00edveis Avan\u00e7ado","description":"OBJETIVO: Capacitar os trabalhadores que armazenam e manuseiam produtos l\u00edquidos e combust\u00edveis inflam\u00e1veis.","robots":{"index":"index","follow":"follow","max-snippet":"max-snippet:-1","max-image-preview":"max-image-preview:large","max-video-preview":"max-video-preview:-1"},"canonical":"https:\/\/ambipar.com\/latam\/pt\/ambipar-response\/treinamentos\/nrs\/nr-20-seguranca-no-trabalho-com-inflamaveis-e-combustiveis-avancado\/","og_locale":"es_ES","og_type":"article","og_title":"NR 20 Seguran\u00e7a no Trabalho com Inflam\u00e1veis e Combust\u00edveis Avan\u00e7ado","og_description":"OBJETIVO: Capacitar os trabalhadores que armazenam e manuseiam produtos l\u00edquidos e combust\u00edveis inflam\u00e1veis.","og_url":"https:\/\/ambipar.com\/latam\/pt\/ambipar-response\/treinamentos\/nrs\/nr-20-seguranca-no-trabalho-com-inflamaveis-e-combustiveis-avancado\/","og_site_name":"Ambipar. A l\u00edder em gest\u00e3o ambiental.","article_modified_time":"2021-01-15T10:58:55+00:00","og_image":[{"width":463,"height":627,"url":"https:\/\/ambipar.com\/latam\/wp-content\/uploads\/2020\/10\/equipamentos_combate_incendio.jpg","type":"image\/jpeg"}],"twitter_card":"summary_large_image","twitter_misc":{"Est. reading time":"1 minuto"},"schema":{"@context":"https:\/\/schema.org","@graph":[{"@type":"Organization","@id":"https:\/\/ambipar.com\/latam\/#organization","name":"Ambipar","url":"https:\/\/ambipar.com\/latam\/","sameAs":[],"logo":{"@type":"ImageObject","@id":"https:\/\/ambipar.com\/latam\/#logo","inLanguage":"es-CL","url":"https:\/\/ambipar.com\/latam\/wp-content\/uploads\/2020\/10\/ambipar_color.png","contentUrl":"https:\/\/ambipar.com\/latam\/wp-content\/uploads\/2020\/10\/ambipar_color.png","width":174,"height":107,"caption":"Ambipar"},"image":{"@id":"https:\/\/ambipar.com\/latam\/#logo"}},{"@type":"WebSite","@id":"https:\/\/ambipar.com\/latam\/#website","url":"https:\/\/ambipar.com\/latam\/","name":"Ambipar. A l\u00edder em gest\u00e3o ambiental.","description":"Pioneira em solu\u00e7\u00f5es ambientais, a Ambipar atua em todo o territ\u00f3rio nacional oferecendo solu\u00e7\u00f5es integradas para toda a cadeia de neg\u00f3cio.","publisher":{"@id":"https:\/\/ambipar.com\/latam\/#organization"},"potentialAction":[{"@type":"SearchAction","target":{"@type":"EntryPoint","urlTemplate":"https:\/\/ambipar.com\/latam\/?s={search_term_string}"},"query-input":"required name=search_term_string"}],"inLanguage":"es-CL"},{"@type":"ImageObject","@id":"https:\/\/ambipar.com\/latam\/pt\/ambipar-response\/treinamentos\/nrs\/nr-20-seguranca-no-trabalho-com-inflamaveis-e-combustiveis-avancado\/#primaryimage","inLanguage":"es-CL","url":"https:\/\/ambipar.com\/latam\/wp-content\/uploads\/2020\/10\/equipamentos_combate_incendio.jpg","contentUrl":"https:\/\/ambipar.com\/latam\/wp-content\/uploads\/2020\/10\/equipamentos_combate_incendio.jpg","width":463,"height":627,"caption":"Imagem da equipe de combate a inc\u00eandios em a\u00e7\u00e3o"},{"@type":"WebPage","@id":"https:\/\/ambipar.com\/latam\/pt\/ambipar-response\/treinamentos\/nrs\/nr-20-seguranca-no-trabalho-com-inflamaveis-e-combustiveis-avancado\/#webpage","url":"https:\/\/ambipar.com\/latam\/pt\/ambipar-response\/treinamentos\/nrs\/nr-20-seguranca-no-trabalho-com-inflamaveis-e-combustiveis-avancado\/","name":"NR 20 Seguran\u00e7a no Trabalho com Inflam\u00e1veis e Combust\u00edveis Avan\u00e7ado","isPartOf":{"@id":"https:\/\/ambipar.com\/latam\/#website"},"primaryImageOfPage":{"@id":"https:\/\/ambipar.com\/latam\/pt\/ambipar-response\/treinamentos\/nrs\/nr-20-seguranca-no-trabalho-com-inflamaveis-e-combustiveis-avancado\/#primaryimage"},"datePublished":"2020-10-30T08:50:00+00:00","dateModified":"2021-01-15T10:58:55+00:00","description":"OBJETIVO: Capacitar os trabalhadores que armazenam e manuseiam produtos l\u00edquidos e combust\u00edveis inflam\u00e1veis.","breadcrumb":{"@id":"https:\/\/ambipar.com\/latam\/pt\/ambipar-response\/treinamentos\/nrs\/nr-20-seguranca-no-trabalho-com-inflamaveis-e-combustiveis-avancado\/#breadcrumb"},"inLanguage":"es-CL","potentialAction":[{"@type":"ReadAction","target":["https:\/\/ambipar.com\/latam\/pt\/ambipar-response\/treinamentos\/nrs\/nr-20-seguranca-no-trabalho-com-inflamaveis-e-combustiveis-avancado\/"]}]},{"@type":"BreadcrumbList","@id":"https:\/\/ambipar.com\/latam\/pt\/ambipar-response\/treinamentos\/nrs\/nr-20-seguranca-no-trabalho-com-inflamaveis-e-combustiveis-avancado\/#breadcrumb","itemListElement":[{"@type":"ListItem","position":1,"name":"Home","item":"https:\/\/ambipar.com\/latam\/"},{"@type":"ListItem","position":2,"name":"Ambipar Response","item":"https:\/\/ambipar.com\/latam\/pt\/ambipar-response\/"},{"@type":"ListItem","position":3,"name":"Treinamentos","item":"https:\/\/ambipar.com\/latam\/pt\/ambipar-response\/treinamentos\/"},{"@type":"ListItem","position":4,"name":"NR\u2019S","item":"https:\/\/ambipar.com\/latam\/pt\/ambipar-response\/treinamentos\/nrs\/"},{"@type":"ListItem","position":5,"name":"NR 20 &#8211; Seguran\u00e7a no Trabalho com Inflam\u00e1veis e Combust\u00edveis \u2013 Avan\u00e7ado"}]}]}},"_links":{"self":[{"href":"https:\/\/ambipar.com\/latam\/wp-json\/wp\/v2\/pages\/882"}],"collection":[{"href":"https:\/\/ambipar.com\/latam\/wp-json\/wp\/v2\/pages"}],"about":[{"href":"https:\/\/ambipar.com\/latam\/wp-json\/wp\/v2\/types\/page"}],"author":[{"embeddable":true,"href":"https:\/\/ambipar.com\/latam\/wp-json\/wp\/v2\/users\/2"}],"replies":[{"embeddable":true,"href":"https:\/\/ambipar.com\/latam\/wp-json\/wp\/v2\/comments?post=882"}],"version-history":[{"count":5,"href":"https:\/\/ambipar.com\/latam\/wp-json\/wp\/v2\/pages\/882\/revisions"}],"predecessor-version":[{"id":3192,"href":"https:\/\/ambipar.com\/latam\/wp-json\/wp\/v2\/pages\/882\/revisions\/3192"}],"up":[{"embeddable":true,"href":"https:\/\/ambipar.com\/latam\/wp-json\/wp\/v2\/pages\/713"}],"wp:featuredmedia":[{"embeddable":true,"href":"https:\/\/ambipar.com\/latam\/wp-json\/wp\/v2\/media\/488"}],"wp:attachment":[{"href":"https:\/\/ambipar.com\/latam\/wp-json\/wp\/v2\/media?parent=882"}],"curies":[{"name":"wp","href":"https:\/\/api.w.org\/{rel}","templated":true}]}}