{"id":885,"date":"2020-10-30T06:12:00","date_gmt":"2020-10-30T09:12:00","guid":{"rendered":"https:\/\/ambipar.com\/latam\/?page_id=885"},"modified":"2021-01-15T07:59:31","modified_gmt":"2021-01-15T10:59:31","slug":"nr-33-espacos-confinados-autorizados-e-vigias","status":"publish","type":"page","link":"https:\/\/ambipar.com\/latam\/pt\/ambipar-response\/treinamentos\/nrs\/nr-33-espacos-confinados-autorizados-e-vigias\/","title":{"rendered":"NR 33 &#8211; Espa\u00e7os Confinados \u2013 Autorizados e Vigias"},"content":{"rendered":"\n<p><strong>OBJETIVO:<\/strong><\/p>\n\n\n\n<p>Estabelecer os requisitos m\u00ednimos para identifica\u00e7\u00e3o de espa\u00e7os confinados e o reconhecimento, avalia\u00e7\u00e3o, monitoramento e controle dos riscos existentes, de forma a garantir permanentemente a seguran\u00e7a e sa\u00fade dos trabalhadores que interagem direta ou indiretamente nestes espa\u00e7os.<\/p>\n\n\n\n<p><strong>P\u00daBLICO ALVO:<\/strong><\/p>\n\n\n\n<p>Trabalhadores definidos pela organiza\u00e7\u00e3o para entrar no espa\u00e7o confinado ou para permanecer fora do espa\u00e7o confinado, como respons\u00e1vel pelo acompanhamento, comunica\u00e7\u00e3o e ordem de abandono para os demais envolvidos.<\/p>\n\n\n\n<p><strong>CONTE\u00daDO PROGRAM\u00c1TICO:<\/strong><\/p>\n\n\n\n<ul><li>Defini\u00e7\u00f5es<\/li><li>Reconhecimento, avalia\u00e7\u00e3o e controle de riscos<\/li><li>Funcionamento de equipamentos utilizados<\/li><li>Procedimentos e utiliza\u00e7\u00e3o da Permiss\u00e3o de Entrada e Trabalho<\/li><li>No\u00e7\u00f5es de resgate e primeiros socorros<\/li><\/ul>\n\n\n\n<p>CARGA HOR\u00c1RIA: 16 horas<\/p>\n\n\n\n<div class=\"wp-block-buttons\">\n<div class=\"wp-block-button\"><a class=\"wp-block-button__link\" href=\"https:\/\/app.smartsheet.com\/b\/form\/57a977c9e30244acbdc17c86e82b5ef9\" target=\"_blank\" rel=\"noreferrer noopener\">SOLICITAR AGENDAMENTO<\/a><\/div>\n<\/div>\n\n\n\n<p>Conhe\u00e7a os demais m\u00f3dulos do treinamento referentes \u00e0s Normas Regulamentadoras (NR) Brasileiras e Internacionais:<\/p>\n\n\n\n<ul id=\"block-ca2cee68-bd2d-431c-89ac-0683ec916488\"><li><a href=\"https:\/\/ambipar.com\/latam\/ambipar-response\/treinamentos\/nrs\/nr-10-seguranca-com-eletricidade-basico\/\">NR 10 &#8211; Seguran\u00e7a com Eletricidade &#8211; B\u00e1sico<\/a><\/li><li><a href=\"https:\/\/ambipar.com\/latam\/ambipar-response\/treinamentos\/nrs\/nr-10-sistema-eletrico-de-potencia-sep\/\">NR 10 \u2013 Sistema El\u00e9trico de Potencia (SEP)<\/a><\/li><li><a href=\"https:\/\/ambipar.com\/latam\/ambipar-response\/treinamentos\/nrs\/nr-20-seguranca-no-trabalho-com-inflamaveis-e-combustiveis-basico\/\">NR 20 &#8211; Seguran\u00e7a no Trabalho com Inflam\u00e1veis e Combust\u00edveis \u2013 B\u00e1sico<\/a><\/li><li><a href=\"https:\/\/ambipar.com\/latam\/ambipar-response\/treinamentos\/nrs\/nr-20-seguranca-no-trabalho-com-inflamaveis-e-combustiveis-intermediario\/\">NR 20 &#8211; Seguran\u00e7a no Trabalho com Inflam\u00e1veis e Combust\u00edveis \u2013 Intermedi\u00e1rio<\/a><\/li><li><a href=\"https:\/\/ambipar.com\/latam\/ambipar-response\/treinamentos\/nrs\/nr-20-seguranca-no-trabalho-com-inflamaveis-e-combustiveis-avancado\/\">NR 20 &#8211; Seguran\u00e7a no Trabalho com Inflam\u00e1veis e Combust\u00edveis \u2013 Avan\u00e7ado<\/a><\/li><li><a href=\"https:\/\/ambipar.com\/latam\/ambipar-response\/treinamentos\/nrs\/nr-33-espacos-confinados-supervisor\/\">NR 33 &#8211; Espa\u00e7os Confinados \u2013 Supervisor<\/a><\/li><li><a href=\"https:\/\/ambipar.com\/latam\/ambipar-response\/treinamentos\/nrs\/trabalho-em-altura\/\">NR 35 &#8211; Trabalho em Altura<\/a><\/li><\/ul>\n","protected":false},"excerpt":{"rendered":"OBJETIVO: Estabelecer os requisitos m\u00ednimos para identifica\u00e7\u00e3o de espa\u00e7os confinados e o reconhecimento, avalia\u00e7\u00e3o, monitoramento e controle dos riscos existentes, de forma a garantir permanentemente a seguran\u00e7a e sa\u00fade dos trabalhadores que interagem direta ou indiretamente nestes espa\u00e7os. P\u00daBLICO ALVO: Trabalhadores definidos pela organiza\u00e7\u00e3o para entrar no espa\u00e7o confinado ou para permanecer fora do espa\u00e7o&#8230; <a class=\"view-article\" href=\"https:\/\/ambipar.com\/latam\/pt\/ambipar-response\/treinamentos\/nrs\/nr-33-espacos-confinados-autorizados-e-vigias\/\">Ver art\u00edculo<\/a>","protected":false},"author":2,"featured_media":888,"parent":713,"menu_order":0,"comment_status":"closed","ping_status":"closed","template":"single-servicos.php","meta":[],"yoast_head":"<!-- This site is optimized with the Yoast SEO plugin v17.6 - https:\/\/yoast.com\/wordpress\/plugins\/seo\/ -->\n<title>Curso NR 33 - Espa\u00e7os Confinados \u2013 Autorizados e Vigias - Ambipar<\/title>\n<meta name=\"description\" content=\"OBJETIVO Estabelecer os requisitos m\u00ednimos pra identifica\u00e7\u00e3o de espa\u00e7os confinados e reconhecimento, avalia\u00e7\u00e3o, controle de riscos existentes\" \/>\n<meta name=\"robots\" content=\"index, follow, max-snippet:-1, max-image-preview:large, max-video-preview:-1\" \/>\n<link rel=\"canonical\" href=\"https:\/\/ambipar.com\/latam\/pt\/ambipar-response\/treinamentos\/nrs\/nr-33-espacos-confinados-autorizados-e-vigias\/\" \/>\n<meta property=\"og:locale\" content=\"es_ES\" \/>\n<meta property=\"og:type\" content=\"article\" \/>\n<meta property=\"og:title\" content=\"Curso NR 33 - Espa\u00e7os Confinados \u2013 Autorizados e Vigias - Ambipar\" \/>\n<meta property=\"og:description\" content=\"OBJETIVO Estabelecer os requisitos m\u00ednimos pra identifica\u00e7\u00e3o de espa\u00e7os confinados e reconhecimento, avalia\u00e7\u00e3o, controle de riscos existentes\" \/>\n<meta property=\"og:url\" content=\"https:\/\/ambipar.com\/latam\/pt\/ambipar-response\/treinamentos\/nrs\/nr-33-espacos-confinados-autorizados-e-vigias\/\" \/>\n<meta property=\"og:site_name\" content=\"Ambipar. A l\u00edder em gest\u00e3o ambiental.\" \/>\n<meta property=\"article:modified_time\" content=\"2021-01-15T10:59:31+00:00\" \/>\n<meta property=\"og:image\" content=\"https:\/\/ambipar.com\/latam\/wp-content\/uploads\/2020\/10\/confinado1.jpg\" \/>\n\t<meta property=\"og:image:width\" content=\"1000\" \/>\n\t<meta property=\"og:image:height\" content=\"1000\" \/>\n<meta name=\"twitter:card\" content=\"summary_large_image\" \/>\n<meta name=\"twitter:label1\" content=\"Est. reading time\" \/>\n\t<meta name=\"twitter:data1\" content=\"1 minuto\" \/>\n<script type=\"application\/ld+json\" class=\"yoast-schema-graph\">{\"@context\":\"https:\/\/schema.org\",\"@graph\":[{\"@type\":\"Organization\",\"@id\":\"https:\/\/ambipar.com\/latam\/#organization\",\"name\":\"Ambipar\",\"url\":\"https:\/\/ambipar.com\/latam\/\",\"sameAs\":[],\"logo\":{\"@type\":\"ImageObject\",\"@id\":\"https:\/\/ambipar.com\/latam\/#logo\",\"inLanguage\":\"es-CL\",\"url\":\"https:\/\/ambipar.com\/latam\/wp-content\/uploads\/2020\/10\/ambipar_color.png\",\"contentUrl\":\"https:\/\/ambipar.com\/latam\/wp-content\/uploads\/2020\/10\/ambipar_color.png\",\"width\":174,\"height\":107,\"caption\":\"Ambipar\"},\"image\":{\"@id\":\"https:\/\/ambipar.com\/latam\/#logo\"}},{\"@type\":\"WebSite\",\"@id\":\"https:\/\/ambipar.com\/latam\/#website\",\"url\":\"https:\/\/ambipar.com\/latam\/\",\"name\":\"Ambipar. A l\\u00edder em gest\\u00e3o ambiental.\",\"description\":\"Pioneira em solu\\u00e7\\u00f5es ambientais, a Ambipar atua em todo o territ\\u00f3rio nacional oferecendo solu\\u00e7\\u00f5es integradas para toda a cadeia de neg\\u00f3cio.\",\"publisher\":{\"@id\":\"https:\/\/ambipar.com\/latam\/#organization\"},\"potentialAction\":[{\"@type\":\"SearchAction\",\"target\":{\"@type\":\"EntryPoint\",\"urlTemplate\":\"https:\/\/ambipar.com\/latam\/?s={search_term_string}\"},\"query-input\":\"required name=search_term_string\"}],\"inLanguage\":\"es-CL\"},{\"@type\":\"ImageObject\",\"@id\":\"https:\/\/ambipar.com\/latam\/pt\/ambipar-response\/treinamentos\/nrs\/nr-33-espacos-confinados-autorizados-e-vigias\/#primaryimage\",\"inLanguage\":\"es-CL\",\"url\":\"https:\/\/ambipar.com\/latam\/wp-content\/uploads\/2020\/10\/confinado1.jpg\",\"contentUrl\":\"https:\/\/ambipar.com\/latam\/wp-content\/uploads\/2020\/10\/confinado1.jpg\",\"width\":1000,\"height\":1000,\"caption\":\"confinado\"},{\"@type\":\"WebPage\",\"@id\":\"https:\/\/ambipar.com\/latam\/pt\/ambipar-response\/treinamentos\/nrs\/nr-33-espacos-confinados-autorizados-e-vigias\/#webpage\",\"url\":\"https:\/\/ambipar.com\/latam\/pt\/ambipar-response\/treinamentos\/nrs\/nr-33-espacos-confinados-autorizados-e-vigias\/\",\"name\":\"Curso NR 33 - Espa\\u00e7os Confinados \\u2013 Autorizados e Vigias - Ambipar\",\"isPartOf\":{\"@id\":\"https:\/\/ambipar.com\/latam\/#website\"},\"primaryImageOfPage\":{\"@id\":\"https:\/\/ambipar.com\/latam\/pt\/ambipar-response\/treinamentos\/nrs\/nr-33-espacos-confinados-autorizados-e-vigias\/#primaryimage\"},\"datePublished\":\"2020-10-30T09:12:00+00:00\",\"dateModified\":\"2021-01-15T10:59:31+00:00\",\"description\":\"OBJETIVO Estabelecer os requisitos m\\u00ednimos pra identifica\\u00e7\\u00e3o de espa\\u00e7os confinados e reconhecimento, avalia\\u00e7\\u00e3o, controle de riscos existentes\",\"breadcrumb\":{\"@id\":\"https:\/\/ambipar.com\/latam\/pt\/ambipar-response\/treinamentos\/nrs\/nr-33-espacos-confinados-autorizados-e-vigias\/#breadcrumb\"},\"inLanguage\":\"es-CL\",\"potentialAction\":[{\"@type\":\"ReadAction\",\"target\":[\"https:\/\/ambipar.com\/latam\/pt\/ambipar-response\/treinamentos\/nrs\/nr-33-espacos-confinados-autorizados-e-vigias\/\"]}]},{\"@type\":\"BreadcrumbList\",\"@id\":\"https:\/\/ambipar.com\/latam\/pt\/ambipar-response\/treinamentos\/nrs\/nr-33-espacos-confinados-autorizados-e-vigias\/#breadcrumb\",\"itemListElement\":[{\"@type\":\"ListItem\",\"position\":1,\"name\":\"Home\",\"item\":\"https:\/\/ambipar.com\/latam\/\"},{\"@type\":\"ListItem\",\"position\":2,\"name\":\"Ambipar Response\",\"item\":\"https:\/\/ambipar.com\/latam\/pt\/ambipar-response\/\"},{\"@type\":\"ListItem\",\"position\":3,\"name\":\"Treinamentos\",\"item\":\"https:\/\/ambipar.com\/latam\/pt\/ambipar-response\/treinamentos\/\"},{\"@type\":\"ListItem\",\"position\":4,\"name\":\"NR\\u2019S\",\"item\":\"https:\/\/ambipar.com\/latam\/pt\/ambipar-response\/treinamentos\/nrs\/\"},{\"@type\":\"ListItem\",\"position\":5,\"name\":\"NR 33 &#8211; Espa\\u00e7os Confinados \\u2013 Autorizados e Vigias\"}]}]}<\/script>\n<!-- \/ Yoast SEO plugin. -->","yoast_head_json":{"title":"Curso NR 33 - Espa\u00e7os Confinados \u2013 Autorizados e Vigias - Ambipar","description":"OBJETIVO Estabelecer os requisitos m\u00ednimos pra identifica\u00e7\u00e3o de espa\u00e7os confinados e reconhecimento, avalia\u00e7\u00e3o, controle de riscos existentes","robots":{"index":"index","follow":"follow","max-snippet":"max-snippet:-1","max-image-preview":"max-image-preview:large","max-video-preview":"max-video-preview:-1"},"canonical":"https:\/\/ambipar.com\/latam\/pt\/ambipar-response\/treinamentos\/nrs\/nr-33-espacos-confinados-autorizados-e-vigias\/","og_locale":"es_ES","og_type":"article","og_title":"Curso NR 33 - Espa\u00e7os Confinados \u2013 Autorizados e Vigias - Ambipar","og_description":"OBJETIVO Estabelecer os requisitos m\u00ednimos pra identifica\u00e7\u00e3o de espa\u00e7os confinados e reconhecimento, avalia\u00e7\u00e3o, controle de riscos existentes","og_url":"https:\/\/ambipar.com\/latam\/pt\/ambipar-response\/treinamentos\/nrs\/nr-33-espacos-confinados-autorizados-e-vigias\/","og_site_name":"Ambipar. A l\u00edder em gest\u00e3o ambiental.","article_modified_time":"2021-01-15T10:59:31+00:00","og_image":[{"width":1000,"height":1000,"url":"https:\/\/ambipar.com\/latam\/wp-content\/uploads\/2020\/10\/confinado1.jpg","type":"image\/jpeg"}],"twitter_card":"summary_large_image","twitter_misc":{"Est. reading time":"1 minuto"},"schema":{"@context":"https:\/\/schema.org","@graph":[{"@type":"Organization","@id":"https:\/\/ambipar.com\/latam\/#organization","name":"Ambipar","url":"https:\/\/ambipar.com\/latam\/","sameAs":[],"logo":{"@type":"ImageObject","@id":"https:\/\/ambipar.com\/latam\/#logo","inLanguage":"es-CL","url":"https:\/\/ambipar.com\/latam\/wp-content\/uploads\/2020\/10\/ambipar_color.png","contentUrl":"https:\/\/ambipar.com\/latam\/wp-content\/uploads\/2020\/10\/ambipar_color.png","width":174,"height":107,"caption":"Ambipar"},"image":{"@id":"https:\/\/ambipar.com\/latam\/#logo"}},{"@type":"WebSite","@id":"https:\/\/ambipar.com\/latam\/#website","url":"https:\/\/ambipar.com\/latam\/","name":"Ambipar. A l\u00edder em gest\u00e3o ambiental.","description":"Pioneira em solu\u00e7\u00f5es ambientais, a Ambipar atua em todo o territ\u00f3rio nacional oferecendo solu\u00e7\u00f5es integradas para toda a cadeia de neg\u00f3cio.","publisher":{"@id":"https:\/\/ambipar.com\/latam\/#organization"},"potentialAction":[{"@type":"SearchAction","target":{"@type":"EntryPoint","urlTemplate":"https:\/\/ambipar.com\/latam\/?s={search_term_string}"},"query-input":"required name=search_term_string"}],"inLanguage":"es-CL"},{"@type":"ImageObject","@id":"https:\/\/ambipar.com\/latam\/pt\/ambipar-response\/treinamentos\/nrs\/nr-33-espacos-confinados-autorizados-e-vigias\/#primaryimage","inLanguage":"es-CL","url":"https:\/\/ambipar.com\/latam\/wp-content\/uploads\/2020\/10\/confinado1.jpg","contentUrl":"https:\/\/ambipar.com\/latam\/wp-content\/uploads\/2020\/10\/confinado1.jpg","width":1000,"height":1000,"caption":"confinado"},{"@type":"WebPage","@id":"https:\/\/ambipar.com\/latam\/pt\/ambipar-response\/treinamentos\/nrs\/nr-33-espacos-confinados-autorizados-e-vigias\/#webpage","url":"https:\/\/ambipar.com\/latam\/pt\/ambipar-response\/treinamentos\/nrs\/nr-33-espacos-confinados-autorizados-e-vigias\/","name":"Curso NR 33 - Espa\u00e7os Confinados \u2013 Autorizados e Vigias - Ambipar","isPartOf":{"@id":"https:\/\/ambipar.com\/latam\/#website"},"primaryImageOfPage":{"@id":"https:\/\/ambipar.com\/latam\/pt\/ambipar-response\/treinamentos\/nrs\/nr-33-espacos-confinados-autorizados-e-vigias\/#primaryimage"},"datePublished":"2020-10-30T09:12:00+00:00","dateModified":"2021-01-15T10:59:31+00:00","description":"OBJETIVO Estabelecer os requisitos m\u00ednimos pra identifica\u00e7\u00e3o de espa\u00e7os confinados e reconhecimento, avalia\u00e7\u00e3o, controle de riscos existentes","breadcrumb":{"@id":"https:\/\/ambipar.com\/latam\/pt\/ambipar-response\/treinamentos\/nrs\/nr-33-espacos-confinados-autorizados-e-vigias\/#breadcrumb"},"inLanguage":"es-CL","potentialAction":[{"@type":"ReadAction","target":["https:\/\/ambipar.com\/latam\/pt\/ambipar-response\/treinamentos\/nrs\/nr-33-espacos-confinados-autorizados-e-vigias\/"]}]},{"@type":"BreadcrumbList","@id":"https:\/\/ambipar.com\/latam\/pt\/ambipar-response\/treinamentos\/nrs\/nr-33-espacos-confinados-autorizados-e-vigias\/#breadcrumb","itemListElement":[{"@type":"ListItem","position":1,"name":"Home","item":"https:\/\/ambipar.com\/latam\/"},{"@type":"ListItem","position":2,"name":"Ambipar Response","item":"https:\/\/ambipar.com\/latam\/pt\/ambipar-response\/"},{"@type":"ListItem","position":3,"name":"Treinamentos","item":"https:\/\/ambipar.com\/latam\/pt\/ambipar-response\/treinamentos\/"},{"@type":"ListItem","position":4,"name":"NR\u2019S","item":"https:\/\/ambipar.com\/latam\/pt\/ambipar-response\/treinamentos\/nrs\/"},{"@type":"ListItem","position":5,"name":"NR 33 &#8211; Espa\u00e7os Confinados \u2013 Autorizados e Vigias"}]}]}},"_links":{"self":[{"href":"https:\/\/ambipar.com\/latam\/wp-json\/wp\/v2\/pages\/885"}],"collection":[{"href":"https:\/\/ambipar.com\/latam\/wp-json\/wp\/v2\/pages"}],"about":[{"href":"https:\/\/ambipar.com\/latam\/wp-json\/wp\/v2\/types\/page"}],"author":[{"embeddable":true,"href":"https:\/\/ambipar.com\/latam\/wp-json\/wp\/v2\/users\/2"}],"replies":[{"embeddable":true,"href":"https:\/\/ambipar.com\/latam\/wp-json\/wp\/v2\/comments?post=885"}],"version-history":[{"count":4,"href":"https:\/\/ambipar.com\/latam\/wp-json\/wp\/v2\/pages\/885\/revisions"}],"predecessor-version":[{"id":3193,"href":"https:\/\/ambipar.com\/latam\/wp-json\/wp\/v2\/pages\/885\/revisions\/3193"}],"up":[{"embeddable":true,"href":"https:\/\/ambipar.com\/latam\/wp-json\/wp\/v2\/pages\/713"}],"wp:featuredmedia":[{"embeddable":true,"href":"https:\/\/ambipar.com\/latam\/wp-json\/wp\/v2\/media\/888"}],"wp:attachment":[{"href":"https:\/\/ambipar.com\/latam\/wp-json\/wp\/v2\/media?parent=885"}],"curies":[{"name":"wp","href":"https:\/\/api.w.org\/{rel}","templated":true}]}}